{"id":1000,"date":"2025-03-24T15:23:23","date_gmt":"2025-03-24T14:23:23","guid":{"rendered":"https:\/\/ellypara.com\/?post_type=product&#038;p=1000"},"modified":"2025-03-24T15:23:24","modified_gmt":"2025-03-24T14:23:24","slug":"svr-ecran-sun-secure-blur-teinte-50-50ml","status":"publish","type":"product","link":"https:\/\/ellypara.com\/index.php\/produit\/svr-ecran-sun-secure-blur-teinte-50-50ml\/","title":{"rendered":"SVR ECRAN SUN SECURE BLUR TEINTE 50+ 50ML"},"content":{"rendered":"<p>UVB + UVA + VISIBLE + INFRAROUGES<\/p>\n<p>Brevet1 Sun Secure : 4 ann\u00e9es de recherche pour inventer l\u2019association filtrante id\u00e9ale qui d\u00e9livre \u00e0 la fois une tr\u00e8s haute protection solaire tout en respectant l\u2019environnement marin.<\/p>\n<p><strong>SVR Sun Secure Blur Mousse Teinte H\u00e2l\u00e9e SPF50+ 50ml<\/strong>\u00a0offre une tr\u00e8s haute protection dermatologique int\u00e9grant l\u2019association de filtre brevet\u00e9e1 respectueuse de l\u2019environnement marin.<\/p>\n<p>Sa mousse abricot\u00e9e fond instantan\u00e9ment sur la peau et offre une teinte hal\u00e9e. Les imperfections sont flout\u00e9es, le teint liss\u00e9 et unifi\u00e9, la peau incroyablement velout\u00e9e. Comme une base de maquillage, la protection en plus.<\/p>\n<p>Gr\u00e2ce \u00e0 sa teinte universelle, il convient \u00e0 toutes les carnations. Ce soin r\u00e9siste \u00e0 l\u2019eau, \u00e0 la transpiration et aux frottements pour une protection optimale.Son plus ? SUN SECURE Blur SPF50+ respecte l\u2019environnement marin. Elle a pass\u00e9 les tests de biod\u00e9gradabilit\u00e9 selon la norme OCDE 301F, ainsi que ceux d\u2019\u00e9co-toxicit\u00e9 sur des algues (ISO 10253) et sur des invert\u00e9br\u00e9s aquatiques (ISO 14669). Deux esp\u00e8ces appartenant \u00e0 la famille des zooplanctons et phytoplanctons, indispensables au bon d\u00e9veloppement des coraux.<\/p>\n<p>Autre geste pour la plan\u00e8te : son pack est plus l\u00e9ger et plus fin: moins 20% de plastique utilis\u00e9e.<\/p>\n<p>EFFICACIT\u00c9* PROUV\u00c9E SOUS CONTR\u00d4LE DERMATOLOGIQUE<\/p>\n<p>Une charte de formulation stricte adapt\u00e9e aux peaux hypersensibles au soleil. Efficacit\u00e9 prouv\u00e9e sous contr\u00f4le dermatologique sans compromis sur le plaisir d\u2019utilisation.<\/p>\n<p>100% Teint uniforme et action \u00ab\u00a0belle peau\u00a0\u00bb<\/p>\n<p>Non com\u00e9dog\u00e8ne. 1- Brevet d\u00e9pos\u00e9 n\u00b0FR19\/04215. Test d\u2019usage sous contr\u00f4le dermatologique \u2013 21 femmes volontaires \u00e2g\u00e9es de 22 \u00e0 65 ans, phototype I \u00e0 IV, tous types de peau 76% de peaux sensibles\/r\u00e9actives, 71% de peaux sensibles au soleil, avec des imperfections cutan\u00e9es \u2013 28 jours \u2013 2 applications par jour.<\/p>\n<p>&nbsp;<\/p>\n<p>SVR Sun Secure Blur Mousse Teinte 50 ml est une tr\u00e8s haute\u00a0protection solaire\u00a0au d\u00e9licat parfum d\u2019\u00e9t\u00e9.<br \/>\nSa texture mousse teint\u00e9e est in\u00e9dite, elle fond instantan\u00e9ment pour flouter les d\u00e9fauts et unifier la peau visiblement.<\/p>\n<p>Sa l\u00e9g\u00e8re teinte h\u00e2l\u00e9e r\u00e9hausse, unifie et illumine le teint pour un effet bonne mine naturel et un fini incroyablement velout\u00e9.<br \/>\nLe brevet\u00a0Sun Secure\u00a0est une s\u00e9lection exclusive de 4 filtres non \u00e9cotoxiques associ\u00e9e \u00e0 des actifs protecteurs pour cibler les rayons UVB + UVA + Visible + Infrarouges.<\/p>\n<p>Tr\u00e8s r\u00e9sistant \u00e0 l\u2019eau.<\/p>\n<p><strong>SVR Sun Secure Blur Mousse Teinte<\/strong>\u00a0Convient aux peaux hypersensibles au soleil.<\/p>\n<p>Non photosensibilisant. Sans octocryl\u00e8ne.<\/p>\n<p>&nbsp;<\/p>\n<p><strong>Conditions d\u2019utilisation SVR Sun Secure Blur Mousse Teinte 50ml<\/strong><\/p>\n<p>Avant de s\u2019exposer au soleil, appliquer une dose suffisante et homog\u00e8ne pour couvrir le visage. Renouveler fr\u00e9quemment l\u2019application.<\/p>\n<p>Ne pas exposer les b\u00e9b\u00e9s et les jeunes enfants directement au soleil.<\/p>\n<p>Indication : Tr\u00e8s haute protection solaire teint\u00e9 visage.<\/p>\n<p><iframe id=\"widget2\" title=\"CAMPAGNE BLUR SUN SECURE\" src=\"https:\/\/www.youtube.com\/embed\/VzqDV1BupSA?feature=oembed&amp;enablejsapi=1&amp;origin=https:%2F%2Fwww.maparatunisie.tn\" width=\"1020\" height=\"574\" frameborder=\"0\" allowfullscreen=\"allowfullscreen\" data-gtm-yt-inspected-9=\"true\" data-mce-fragment=\"1\"><\/iframe><\/p>\n<p><strong>Composition SVR Sun Secure Blur Mousse Teinte :<\/strong><\/p>\n<p>Ingr\u00e9dients : Aqua\/water\/eau, silica, isododecane, diethylamino hydroxybenzoyl hexyl benzoate, dicaprylyl carbonate, isopropyl lauroyl sarcosinate, ethylhexyl triazone, beheneth-25, diethylhexyl butamido triazone, bis-ethylhexyloxyphenol methoxyphenyl triazine, coco-caprylate\/caprate, ci 77891 (titanium dioxide), dimethicone\/bis-isobutyl ppg-20 crosspolymer, pentylene glycol, cetearyl alcohol, 1,2-hexanediol, niacinamide, coco-glucoside, sodium polyacrylate starch, ethylhexylglycerin, ci 77492 (iron oxides), caprylyl glycol, glycerin, parfum (fragrance), ci 77491 (iron oxides), tocopherol, triethoxycaprylylsilane, ci 77499 (iron oxides), glycine soja (soybean) oil, lecithin, lepidium sativum sprout extract.<\/p>\n","protected":false},"excerpt":{"rendered":"<p><strong>SVR Sun Secure Blur Mousse Teinte H\u00e2l\u00e9e SPF50+ 50 ml<\/strong> est une tr\u00e8s haute protection solaire au d\u00e9licat parfum d\u2019\u00e9t\u00e9.<\/p>\n","protected":false},"featured_media":1003,"comment_status":"open","ping_status":"closed","template":"","meta":{"ocean_post_layout":"","ocean_both_sidebars_style":"","ocean_both_sidebars_content_width":0,"ocean_both_sidebars_sidebars_width":0,"ocean_sidebar":"0","ocean_second_sidebar":"0","ocean_disable_margins":"enable","ocean_add_body_class":"","ocean_shortcode_before_top_bar":"","ocean_shortcode_after_top_bar":"","ocean_shortcode_before_header":"","ocean_shortcode_after_header":"","ocean_has_shortcode":"","ocean_shortcode_after_title":"","ocean_shortcode_before_footer_widgets":"","ocean_shortcode_after_footer_widgets":"","ocean_shortcode_before_footer_bottom":"","ocean_shortcode_after_footer_bottom":"","ocean_display_top_bar":"default","ocean_display_header":"default","ocean_header_style":"","ocean_center_header_left_menu":"0","ocean_custom_header_template":"0","ocean_custom_logo":0,"ocean_custom_retina_logo":0,"ocean_custom_logo_max_width":0,"ocean_custom_logo_tablet_max_width":0,"ocean_custom_logo_mobile_max_width":0,"ocean_custom_logo_max_height":0,"ocean_custom_logo_tablet_max_height":0,"ocean_custom_logo_mobile_max_height":0,"ocean_header_custom_menu":"0","ocean_menu_typo_font_family":"0","ocean_menu_typo_font_subset":"","ocean_menu_typo_font_size":0,"ocean_menu_typo_font_size_tablet":0,"ocean_menu_typo_font_size_mobile":0,"ocean_menu_typo_font_size_unit":"px","ocean_menu_typo_font_weight":"","ocean_menu_typo_font_weight_tablet":"","ocean_menu_typo_font_weight_mobile":"","ocean_menu_typo_transform":"","ocean_menu_typo_transform_tablet":"","ocean_menu_typo_transform_mobile":"","ocean_menu_typo_line_height":0,"ocean_menu_typo_line_height_tablet":0,"ocean_menu_typo_line_height_mobile":0,"ocean_menu_typo_line_height_unit":"","ocean_menu_typo_spacing":0,"ocean_menu_typo_spacing_tablet":0,"ocean_menu_typo_spacing_mobile":0,"ocean_menu_typo_spacing_unit":"","ocean_menu_link_color":"","ocean_menu_link_color_hover":"","ocean_menu_link_color_active":"","ocean_menu_link_background":"","ocean_menu_link_hover_background":"","ocean_menu_link_active_background":"","ocean_menu_social_links_bg":"","ocean_menu_social_hover_links_bg":"","ocean_menu_social_links_color":"","ocean_menu_social_hover_links_color":"","ocean_disable_title":"default","ocean_disable_heading":"default","ocean_post_title":"","ocean_post_subheading":"","ocean_post_title_style":"","ocean_post_title_background_color":"","ocean_post_title_background":0,"ocean_post_title_bg_image_position":"","ocean_post_title_bg_image_attachment":"","ocean_post_title_bg_image_repeat":"","ocean_post_title_bg_image_size":"","ocean_post_title_height":0,"ocean_post_title_bg_overlay":0.5,"ocean_post_title_bg_overlay_color":"","ocean_disable_breadcrumbs":"default","ocean_breadcrumbs_color":"","ocean_breadcrumbs_separator_color":"","ocean_breadcrumbs_links_color":"","ocean_breadcrumbs_links_hover_color":"","ocean_display_footer_widgets":"default","ocean_display_footer_bottom":"default","ocean_custom_footer_template":"0"},"product_brand":[],"product_cat":[71,20],"product_tag":[],"class_list":{"0":"post-1000","1":"product","2":"type-product","3":"status-publish","4":"has-post-thumbnail","6":"product_cat-cremes-solaires","7":"product_cat-solaire","9":"entry","10":"has-media","12":"first","13":"instock","14":"taxable","15":"shipping-taxable","16":"purchasable","17":"product-type-simple","18":"has-product-nav","19":"col","20":"span_1_of_3","21":"owp-content-center","22":"owp-thumbs-layout-horizontal","23":"owp-btn-normal","24":"owp-tabs-layout-horizontal"},"_links":{"self":[{"href":"https:\/\/ellypara.com\/index.php\/wp-json\/wp\/v2\/product\/1000","targetHints":{"allow":["GET"]}}],"collection":[{"href":"https:\/\/ellypara.com\/index.php\/wp-json\/wp\/v2\/product"}],"about":[{"href":"https:\/\/ellypara.com\/index.php\/wp-json\/wp\/v2\/types\/product"}],"replies":[{"embeddable":true,"href":"https:\/\/ellypara.com\/index.php\/wp-json\/wp\/v2\/comments?post=1000"}],"wp:featuredmedia":[{"embeddable":true,"href":"https:\/\/ellypara.com\/index.php\/wp-json\/wp\/v2\/media\/1003"}],"wp:attachment":[{"href":"https:\/\/ellypara.com\/index.php\/wp-json\/wp\/v2\/media?parent=1000"}],"wp:term":[{"taxonomy":"product_brand","embeddable":true,"href":"https:\/\/ellypara.com\/index.php\/wp-json\/wp\/v2\/product_brand?post=1000"},{"taxonomy":"product_cat","embeddable":true,"href":"https:\/\/ellypara.com\/index.php\/wp-json\/wp\/v2\/product_cat?post=1000"},{"taxonomy":"product_tag","embeddable":true,"href":"https:\/\/ellypara.com\/index.php\/wp-json\/wp\/v2\/product_tag?post=1000"}],"curies":[{"name":"wp","href":"https:\/\/api.w.org\/{rel}","templated":true}]}}