{"id":1030,"date":"2025-03-24T21:56:07","date_gmt":"2025-03-24T20:56:07","guid":{"rendered":"https:\/\/ellypara.com\/?post_type=product&#038;p=1030"},"modified":"2025-03-24T21:56:07","modified_gmt":"2025-03-24T20:56:07","slug":"svr-sun-secure-ecran-mineral-teinte-spf50-peaux-normales-a-mixtes-50ml","status":"publish","type":"product","link":"https:\/\/ellypara.com\/index.php\/produit\/svr-sun-secure-ecran-mineral-teinte-spf50-peaux-normales-a-mixtes-50ml\/","title":{"rendered":"SVR Sun Secure \u00c9cran Min\u00e9ral Teint\u00e9 SPF50+ Peaux Normales \u00e0 Mixtes 50ml"},"content":{"rendered":"<p><strong>SVR Sun Secure \u00c9cran Min\u00e9ral Teint\u00e9 SPF50+ Peaux Normales \u00e0 Mixtes<\/strong>\u00a060g est adapt\u00e9 \u00e0 toutes les peaux normales \u00e0 mixtes, id\u00e9al pour prot\u00e9ger la peau de ceux qui souhaite s\u2019exposer au soleil tout en se maquillant l\u00e9g\u00e8rement.<\/p>\n<p>En effet le Sun Secure Ecran Teint\u00e9 Min\u00e9ral va prot\u00e9ger intens\u00e9ment la peau gr\u00e2ce \u00e0 son SPF 50 et \u00e0 l\u2019int\u00e9gral Secure Technology qui cible tous les types de rayons pour une peau prot\u00e9g\u00e9e des dommages du soleil, mais \u00e9galement r\u00e9par\u00e9e des dommages cellulaires d\u00e9j\u00e0 pr\u00e9sents.<\/p>\n<p>Il va en m\u00eame temps couvrir les imperfections, de toutes les carnations, pour un teint unifi\u00e9 et une texture agr\u00e9able \u00e0 porter.<\/p>\n<p>Ce soin r\u00e9siste \u00e0 l\u2019eau, \u00e0 la transpiration et aux frottements.<\/p>\n<p><strong>Indications :<\/strong><\/p>\n<p>Ecran teint\u00e9 min\u00e9ral pour peaux normales \u00e0 mixtes.<\/p>\n<p><strong>Conseils d\u2019utilisation :<\/strong><\/p>\n<p>Avant de s\u2019exposer au soleil, appliquer une dose suffisante et homog\u00e8ne pour couvrir le visage. Renouveler fr\u00e9quemment l\u2019application.<\/p>\n<p><strong>Composition :<\/strong><\/p>\n<p>Aqua (purified water), zinc oxide [nano], cyclopentasiloxane, titanium dioxide [nano], hexydecyl stearate, glycerin, ci 77891, caprylyl dimethicone ethoxy glucoside, sodium chloride, polyglyceryl-4 isostearate, alumina, cetyl dimethicone, niacinamide, tridecyl salicylate, beta carotene, caprylhydroxamic acid, daucus carota sativa (carrot) root extract, glycine soja oil, hydrogenated phosphatidyl choline, lecithin, lepidium sativum sprout extract, phenethyl alcohol, polyhydroxystearic acid, tocopherol, tocopheryl acetate, 1-2 hexanediol, alcohol, caprylyl glycol, dimethiconol, disodium edta, lysolecithin, magnesium sulfate, quaternium-90 bentonite, stearic acid, triethoxycaprylsilane, phenoxyethanol, ci77491, ci77492, ci77499.<\/p>\n<p><strong>Conditionnement :<\/strong><\/p>\n<p>1 tube de 60g.<\/p>\n","protected":false},"excerpt":{"rendered":"<p><strong>SVR Sun Secure \u00c9cran Min\u00e9ral Teint\u00e9 SPF50+ Peaux Normales \u00e0 Mixtes 60 g<\/strong>\u00a0 est un soin tr\u00e8s haute protection 100% min\u00e9rale adapt\u00e9 aux peaux intol\u00e9rantes normales \u00e0 mixtes, mais aussi aux femmes qui souhaitent se maquiller au soleil toute l\u2019ann\u00e9e.<\/p>\n","protected":false},"featured_media":1031,"comment_status":"open","ping_status":"closed","template":"","meta":{"ocean_post_layout":"","ocean_both_sidebars_style":"","ocean_both_sidebars_content_width":0,"ocean_both_sidebars_sidebars_width":0,"ocean_sidebar":"0","ocean_second_sidebar":"0","ocean_disable_margins":"enable","ocean_add_body_class":"","ocean_shortcode_before_top_bar":"","ocean_shortcode_after_top_bar":"","ocean_shortcode_before_header":"","ocean_shortcode_after_header":"","ocean_has_shortcode":"","ocean_shortcode_after_title":"","ocean_shortcode_before_footer_widgets":"","ocean_shortcode_after_footer_widgets":"","ocean_shortcode_before_footer_bottom":"","ocean_shortcode_after_footer_bottom":"","ocean_display_top_bar":"default","ocean_display_header":"default","ocean_header_style":"","ocean_center_header_left_menu":"0","ocean_custom_header_template":"0","ocean_custom_logo":0,"ocean_custom_retina_logo":0,"ocean_custom_logo_max_width":0,"ocean_custom_logo_tablet_max_width":0,"ocean_custom_logo_mobile_max_width":0,"ocean_custom_logo_max_height":0,"ocean_custom_logo_tablet_max_height":0,"ocean_custom_logo_mobile_max_height":0,"ocean_header_custom_menu":"0","ocean_menu_typo_font_family":"0","ocean_menu_typo_font_subset":"","ocean_menu_typo_font_size":0,"ocean_menu_typo_font_size_tablet":0,"ocean_menu_typo_font_size_mobile":0,"ocean_menu_typo_font_size_unit":"px","ocean_menu_typo_font_weight":"","ocean_menu_typo_font_weight_tablet":"","ocean_menu_typo_font_weight_mobile":"","ocean_menu_typo_transform":"","ocean_menu_typo_transform_tablet":"","ocean_menu_typo_transform_mobile":"","ocean_menu_typo_line_height":0,"ocean_menu_typo_line_height_tablet":0,"ocean_menu_typo_line_height_mobile":0,"ocean_menu_typo_line_height_unit":"","ocean_menu_typo_spacing":0,"ocean_menu_typo_spacing_tablet":0,"ocean_menu_typo_spacing_mobile":0,"ocean_menu_typo_spacing_unit":"","ocean_menu_link_color":"","ocean_menu_link_color_hover":"","ocean_menu_link_color_active":"","ocean_menu_link_background":"","ocean_menu_link_hover_background":"","ocean_menu_link_active_background":"","ocean_menu_social_links_bg":"","ocean_menu_social_hover_links_bg":"","ocean_menu_social_links_color":"","ocean_menu_social_hover_links_color":"","ocean_disable_title":"default","ocean_disable_heading":"default","ocean_post_title":"","ocean_post_subheading":"","ocean_post_title_style":"","ocean_post_title_background_color":"","ocean_post_title_background":0,"ocean_post_title_bg_image_position":"","ocean_post_title_bg_image_attachment":"","ocean_post_title_bg_image_repeat":"","ocean_post_title_bg_image_size":"","ocean_post_title_height":0,"ocean_post_title_bg_overlay":0.5,"ocean_post_title_bg_overlay_color":"","ocean_disable_breadcrumbs":"default","ocean_breadcrumbs_color":"","ocean_breadcrumbs_separator_color":"","ocean_breadcrumbs_links_color":"","ocean_breadcrumbs_links_hover_color":"","ocean_display_footer_widgets":"default","ocean_display_footer_bottom":"default","ocean_custom_footer_template":"0"},"product_brand":[],"product_cat":[76,72,20],"product_tag":[],"class_list":{"0":"post-1030","1":"product","2":"type-product","3":"status-publish","4":"has-post-thumbnail","6":"product_cat-peaux-mixtes-a-grasses","7":"product_cat-protection-solaire-solaire","8":"product_cat-solaire","10":"entry","11":"has-media","13":"first","14":"instock","15":"taxable","16":"shipping-taxable","17":"purchasable","18":"product-type-simple","19":"has-product-nav","20":"col","21":"span_1_of_3","22":"owp-content-center","23":"owp-thumbs-layout-horizontal","24":"owp-btn-normal","25":"owp-tabs-layout-horizontal"},"_links":{"self":[{"href":"https:\/\/ellypara.com\/index.php\/wp-json\/wp\/v2\/product\/1030","targetHints":{"allow":["GET"]}}],"collection":[{"href":"https:\/\/ellypara.com\/index.php\/wp-json\/wp\/v2\/product"}],"about":[{"href":"https:\/\/ellypara.com\/index.php\/wp-json\/wp\/v2\/types\/product"}],"replies":[{"embeddable":true,"href":"https:\/\/ellypara.com\/index.php\/wp-json\/wp\/v2\/comments?post=1030"}],"wp:featuredmedia":[{"embeddable":true,"href":"https:\/\/ellypara.com\/index.php\/wp-json\/wp\/v2\/media\/1031"}],"wp:attachment":[{"href":"https:\/\/ellypara.com\/index.php\/wp-json\/wp\/v2\/media?parent=1030"}],"wp:term":[{"taxonomy":"product_brand","embeddable":true,"href":"https:\/\/ellypara.com\/index.php\/wp-json\/wp\/v2\/product_brand?post=1030"},{"taxonomy":"product_cat","embeddable":true,"href":"https:\/\/ellypara.com\/index.php\/wp-json\/wp\/v2\/product_cat?post=1030"},{"taxonomy":"product_tag","embeddable":true,"href":"https:\/\/ellypara.com\/index.php\/wp-json\/wp\/v2\/product_tag?post=1030"}],"curies":[{"name":"wp","href":"https:\/\/api.w.org\/{rel}","templated":true}]}}