{"id":1124,"date":"2025-04-09T17:32:39","date_gmt":"2025-04-09T15:32:39","guid":{"rendered":"https:\/\/ellypara.com\/?post_type=product&#038;p=1124"},"modified":"2025-04-09T17:32:39","modified_gmt":"2025-04-09T15:32:39","slug":"bioderma-pigmentbio-sensitive-area-soin-eclaircissement-cible-75ml","status":"publish","type":"product","link":"https:\/\/ellypara.com\/index.php\/produit\/bioderma-pigmentbio-sensitive-area-soin-eclaircissement-cible-75ml\/","title":{"rendered":"BIODERMA PIGMENTBIO Sensitive Area Soin Eclaircissement Cible 75ml"},"content":{"rendered":"<p><strong>Pigmentbio Sensitive areas<\/strong>\u00a0de\u00a0<strong>Bioderma<\/strong>\u00a0est un soin pour le corps qui permet d\u2019<strong>att\u00e9nuer les zones sombres de la peau<\/strong>.<br \/>\nLa peau constitue notre enveloppe corporelle. Elle nous prot\u00e8ge et endure au quotidien un ensemble de ph\u00e9nom\u00e8nes susceptibles de la marquer. Le soleil, les appuis prolong\u00e9s ou r\u00e9p\u00e9t\u00e9s, les frottements avec les v\u00eatements, l\u2019\u00e9pilation ou le rasage peuvent dans le temps finir par occasionner des diff\u00e9rences de\u00a0<strong>coloration<\/strong>\u00a0et\/ou des\u00a0<strong>taches brunes<\/strong>\u00a0que l\u2019on souhaiterait bien voir dispara\u00eetre.<\/p>\n<p>Le laboratoire Bioderma a formul\u00e9\u00a0<strong>Pigmentbio Sensitive areas<\/strong>\u00a0sp\u00e9cifiquement pour corriger ces d\u00e9fauts de pigmentation qui peuvent appara\u00eetre sur des<strong>\u00a0zones de frottement<\/strong>\u00a0comme les coudes, les genoux, l\u2019aine, les cuisses ou les aisselles, mais \u00e9galement les zones intimes externes. L\u2019association brevet\u00e9e d\u2019actifs va permettre d\u2019agir directement sur la m\u00e9lanog\u00e9n\u00e8se et d\u2019unifier\u00a0de fa\u00e7on cibl\u00e9e ces zones de frictions et sensibles.<\/p>\n<p>C\u2019est notamment l\u2019andrographolide et l\u2019acide az\u00e9la\u00efque qui vont permettre d\u2019<strong>\u00e9claircir les zones plus sombres<\/strong>\u00a0et les taches brunes en agissant directement sur la pigmentation. L\u2019action de la\u00a0glabridine et\u00a0de l\u2019extrait de\u00a0<em>Laminaria ochroleuca<\/em>\u00a0va\u00a0quant \u00e0 elle\u00a0<strong>apaiser la peau<\/strong>\u00a0et\u00a0<strong>pr\u00e9venir toute rougeur<\/strong>\u00a0susceptible de marquer durablement la peau.<\/p>\n<p>La texture de Pigmentbio Sensitive areas de Bioderma n\u2019est ni collante ni grasse, ce qui ne constitue aucune g\u00eane avec les v\u00eatements et laisse une peau\u00a0<strong>hydrat\u00e9e, souple et confortable<\/strong>.<\/p>\n<p><strong>R\u00e9sultats :<\/strong><br \/>\n75 % uniformit\u00e9 de la peau retrouv\u00e9e,<br \/>\n95 % peau hydrat\u00e9e,<br \/>\n85 % peau apais\u00e9e<br \/>\n(d\u2019apr\u00e8s une auto-\u00e9valuation sur un \u00e9chantillon de 20 femmes, apr\u00e8s 4 semaines d\u2019utilisation)<\/p>\n<p><strong>Caract\u00e9ristiques :<\/strong><br \/>\nNon collant<br \/>\nNon gras<br \/>\nTest\u00e9 sous contr\u00f4le gyn\u00e9cologique et dermatologique<\/p>\n","protected":false},"excerpt":{"rendered":"<p>La cr\u00e8me \u00e9claircissante\u00a0<strong>Pigment Bio Sensitive Areas<\/strong>\u00a0est d\u00e9di\u00e9e au traitement de l\u2019hyperpigmentation.<\/p>\n","protected":false},"featured_media":1125,"comment_status":"open","ping_status":"closed","template":"","meta":{"ocean_post_layout":"","ocean_both_sidebars_style":"","ocean_both_sidebars_content_width":0,"ocean_both_sidebars_sidebars_width":0,"ocean_sidebar":"0","ocean_second_sidebar":"0","ocean_disable_margins":"enable","ocean_add_body_class":"","ocean_shortcode_before_top_bar":"","ocean_shortcode_after_top_bar":"","ocean_shortcode_before_header":"","ocean_shortcode_after_header":"","ocean_has_shortcode":"","ocean_shortcode_after_title":"","ocean_shortcode_before_footer_widgets":"","ocean_shortcode_after_footer_widgets":"","ocean_shortcode_before_footer_bottom":"","ocean_shortcode_after_footer_bottom":"","ocean_display_top_bar":"default","ocean_display_header":"default","ocean_header_style":"","ocean_center_header_left_menu":"0","ocean_custom_header_template":"0","ocean_custom_logo":0,"ocean_custom_retina_logo":0,"ocean_custom_logo_max_width":0,"ocean_custom_logo_tablet_max_width":0,"ocean_custom_logo_mobile_max_width":0,"ocean_custom_logo_max_height":0,"ocean_custom_logo_tablet_max_height":0,"ocean_custom_logo_mobile_max_height":0,"ocean_header_custom_menu":"0","ocean_menu_typo_font_family":"0","ocean_menu_typo_font_subset":"","ocean_menu_typo_font_size":0,"ocean_menu_typo_font_size_tablet":0,"ocean_menu_typo_font_size_mobile":0,"ocean_menu_typo_font_size_unit":"px","ocean_menu_typo_font_weight":"","ocean_menu_typo_font_weight_tablet":"","ocean_menu_typo_font_weight_mobile":"","ocean_menu_typo_transform":"","ocean_menu_typo_transform_tablet":"","ocean_menu_typo_transform_mobile":"","ocean_menu_typo_line_height":0,"ocean_menu_typo_line_height_tablet":0,"ocean_menu_typo_line_height_mobile":0,"ocean_menu_typo_line_height_unit":"","ocean_menu_typo_spacing":0,"ocean_menu_typo_spacing_tablet":0,"ocean_menu_typo_spacing_mobile":0,"ocean_menu_typo_spacing_unit":"","ocean_menu_link_color":"","ocean_menu_link_color_hover":"","ocean_menu_link_color_active":"","ocean_menu_link_background":"","ocean_menu_link_hover_background":"","ocean_menu_link_active_background":"","ocean_menu_social_links_bg":"","ocean_menu_social_hover_links_bg":"","ocean_menu_social_links_color":"","ocean_menu_social_hover_links_color":"","ocean_disable_title":"default","ocean_disable_heading":"default","ocean_post_title":"","ocean_post_subheading":"","ocean_post_title_style":"","ocean_post_title_background_color":"","ocean_post_title_background":0,"ocean_post_title_bg_image_position":"","ocean_post_title_bg_image_attachment":"","ocean_post_title_bg_image_repeat":"","ocean_post_title_bg_image_size":"","ocean_post_title_height":0,"ocean_post_title_bg_overlay":0.5,"ocean_post_title_bg_overlay_color":"","ocean_disable_breadcrumbs":"default","ocean_breadcrumbs_color":"","ocean_breadcrumbs_separator_color":"","ocean_breadcrumbs_links_color":"","ocean_breadcrumbs_links_hover_color":"","ocean_display_footer_widgets":"default","ocean_display_footer_bottom":"default","ocean_custom_footer_template":"0"},"product_brand":[],"product_cat":[39,21],"product_tag":[],"class_list":{"0":"post-1124","1":"product","2":"type-product","3":"status-publish","4":"has-post-thumbnail","6":"product_cat-soins-anti-taches-et-depigmentants","7":"product_cat-visage","9":"entry","10":"has-media","12":"first","13":"instock","14":"taxable","15":"shipping-taxable","16":"purchasable","17":"product-type-simple","18":"has-product-nav","19":"col","20":"span_1_of_3","21":"owp-content-center","22":"owp-thumbs-layout-horizontal","23":"owp-btn-normal","24":"owp-tabs-layout-horizontal"},"_links":{"self":[{"href":"https:\/\/ellypara.com\/index.php\/wp-json\/wp\/v2\/product\/1124","targetHints":{"allow":["GET"]}}],"collection":[{"href":"https:\/\/ellypara.com\/index.php\/wp-json\/wp\/v2\/product"}],"about":[{"href":"https:\/\/ellypara.com\/index.php\/wp-json\/wp\/v2\/types\/product"}],"replies":[{"embeddable":true,"href":"https:\/\/ellypara.com\/index.php\/wp-json\/wp\/v2\/comments?post=1124"}],"wp:featuredmedia":[{"embeddable":true,"href":"https:\/\/ellypara.com\/index.php\/wp-json\/wp\/v2\/media\/1125"}],"wp:attachment":[{"href":"https:\/\/ellypara.com\/index.php\/wp-json\/wp\/v2\/media?parent=1124"}],"wp:term":[{"taxonomy":"product_brand","embeddable":true,"href":"https:\/\/ellypara.com\/index.php\/wp-json\/wp\/v2\/product_brand?post=1124"},{"taxonomy":"product_cat","embeddable":true,"href":"https:\/\/ellypara.com\/index.php\/wp-json\/wp\/v2\/product_cat?post=1124"},{"taxonomy":"product_tag","embeddable":true,"href":"https:\/\/ellypara.com\/index.php\/wp-json\/wp\/v2\/product_tag?post=1124"}],"curies":[{"name":"wp","href":"https:\/\/api.w.org\/{rel}","templated":true}]}}