{"id":1134,"date":"2025-04-09T17:54:40","date_gmt":"2025-04-09T15:54:40","guid":{"rendered":"https:\/\/ellypara.com\/?post_type=product&#038;p=1134"},"modified":"2025-04-19T19:59:22","modified_gmt":"2025-04-19T17:59:22","slug":"gummybear-hair-skin-nails-vitamins-60-gummies","status":"publish","type":"product","link":"https:\/\/ellypara.com\/index.php\/produit\/gummybear-hair-skin-nails-vitamins-60-gummies\/","title":{"rendered":"GummyBear Hair Skin Nails Vitamins 60 Gummies"},"content":{"rendered":"<p><strong>Gummy bear<\/strong>\u00a0c\u2019est des bonbons g\u00e9lifi\u00e9s multivitamin\u00e9s et riches en Biotine pour renforcer les Cheveux, les\u00a0ongles<br \/>\net donner de l\u2019\u00e9clat \u00e0 votre peau.<\/p>\n<p><strong>Qu\u2019est-ce que les Gummies pour cheveux, peau et ongles ?<\/strong><\/p>\n<p>Ces bonbons\u00a0<strong>Gummy bear<\/strong>\u00a0g\u00e9lifi\u00e9s pratiques pour la peau, les ongles et les cheveux sont un compl\u00e9ment nutritionnel naturel cr\u00e9\u00e9 pour vous aider \u00e0 prendre soin de votre apparence de mani\u00e8re simple et ludique. Formul\u00e9 avec une gamme de vitamines et de min\u00e9raux connus pour soutenir et entretenir les cheveux, la peau et les ongles, ce d\u00e9licieux compl\u00e9ment offre une nouvelle fa\u00e7on de soutenir votre beaut\u00e9 naturelle ext\u00e9rieure \u00e0 partir de l\u2019int\u00e9rieur. D\u00e9clin\u00e9s sous forme d\u2019oursons, ces bonbons g\u00e9lifi\u00e9s changent totalement notre perception des compl\u00e9ments qui deviennent dor\u00e9navant plus plaisants et accessibles au quotidien !<\/p>\n<p><strong>Comment un compl\u00e9ment peut-il soigner mon apparence ?<\/strong><\/p>\n<p>La beaut\u00e9 vient de notre organisme, c\u2019est pourquoi l\u2019une des meilleures fa\u00e7ons de prendre soin de votre apparence physique externe, c\u2019est de fournir \u00e0 votre corps la bonne nutrition de l\u2019int\u00e9rieur. Les vitamines et les min\u00e9raux b\u00e9n\u00e9fiques pour la peau, les cheveux et les ongles sont connus pour soutenir la force, la sant\u00e9 et l\u2019esth\u00e9tique de notre aspect ext\u00e9rieur, raison pour laquelle ils devraient \u00eatre un \u00e9l\u00e9ment cl\u00e9 dans toute routine de soins de beaut\u00e9. L\u2019apport des compl\u00e9ments peut \u00eatre b\u00e9n\u00e9fique pour les cheveux fins tout comme il peut am\u00e9liorer la repousse et vous faire profiter de propri\u00e9t\u00e9s anti-\u00e2ge de mani\u00e8re globale.<\/p>\n<p><strong>Forme :<\/strong>\u00a0Gummies<\/p>\n<p><strong>Indication principale :<\/strong>\u00a0Chute de cheveux, cheveux cassants, pousse lente des phan\u00e8res,<br \/>\nongles cassants, peau terne.<\/p>\n<p>Contenance\/boite : 60 Gummies<\/p>\n<p>Posologie : 2 gummies par jour.<\/p>\n<p>Voie : orale<\/p>\n","protected":false},"excerpt":{"rendered":"<p>Complement alimentaire pour la chute capillaire, renforce la repousse des cheveux et des ongles.\u00a0 \u00a0 \u00a0 \u00a0 \u00a0 Riche en biotine il am\u00e9liore le teint de la peau.<\/p>\n","protected":false},"featured_media":1135,"comment_status":"open","ping_status":"closed","template":"","meta":{"ocean_post_layout":"","ocean_both_sidebars_style":"","ocean_both_sidebars_content_width":0,"ocean_both_sidebars_sidebars_width":0,"ocean_sidebar":"0","ocean_second_sidebar":"0","ocean_disable_margins":"enable","ocean_add_body_class":"","ocean_shortcode_before_top_bar":"","ocean_shortcode_after_top_bar":"","ocean_shortcode_before_header":"","ocean_shortcode_after_header":"","ocean_has_shortcode":"","ocean_shortcode_after_title":"","ocean_shortcode_before_footer_widgets":"","ocean_shortcode_after_footer_widgets":"","ocean_shortcode_before_footer_bottom":"","ocean_shortcode_after_footer_bottom":"","ocean_display_top_bar":"default","ocean_display_header":"default","ocean_header_style":"","ocean_center_header_left_menu":"0","ocean_custom_header_template":"0","ocean_custom_logo":0,"ocean_custom_retina_logo":0,"ocean_custom_logo_max_width":0,"ocean_custom_logo_tablet_max_width":0,"ocean_custom_logo_mobile_max_width":0,"ocean_custom_logo_max_height":0,"ocean_custom_logo_tablet_max_height":0,"ocean_custom_logo_mobile_max_height":0,"ocean_header_custom_menu":"0","ocean_menu_typo_font_family":"0","ocean_menu_typo_font_subset":"","ocean_menu_typo_font_size":0,"ocean_menu_typo_font_size_tablet":0,"ocean_menu_typo_font_size_mobile":0,"ocean_menu_typo_font_size_unit":"px","ocean_menu_typo_font_weight":"","ocean_menu_typo_font_weight_tablet":"","ocean_menu_typo_font_weight_mobile":"","ocean_menu_typo_transform":"","ocean_menu_typo_transform_tablet":"","ocean_menu_typo_transform_mobile":"","ocean_menu_typo_line_height":0,"ocean_menu_typo_line_height_tablet":0,"ocean_menu_typo_line_height_mobile":0,"ocean_menu_typo_line_height_unit":"","ocean_menu_typo_spacing":0,"ocean_menu_typo_spacing_tablet":0,"ocean_menu_typo_spacing_mobile":0,"ocean_menu_typo_spacing_unit":"","ocean_menu_link_color":"","ocean_menu_link_color_hover":"","ocean_menu_link_color_active":"","ocean_menu_link_background":"","ocean_menu_link_hover_background":"","ocean_menu_link_active_background":"","ocean_menu_social_links_bg":"","ocean_menu_social_hover_links_bg":"","ocean_menu_social_links_color":"","ocean_menu_social_hover_links_color":"","ocean_disable_title":"default","ocean_disable_heading":"default","ocean_post_title":"","ocean_post_subheading":"","ocean_post_title_style":"","ocean_post_title_background_color":"","ocean_post_title_background":0,"ocean_post_title_bg_image_position":"","ocean_post_title_bg_image_attachment":"","ocean_post_title_bg_image_repeat":"","ocean_post_title_bg_image_size":"","ocean_post_title_height":0,"ocean_post_title_bg_overlay":0.5,"ocean_post_title_bg_overlay_color":"","ocean_disable_breadcrumbs":"default","ocean_breadcrumbs_color":"","ocean_breadcrumbs_separator_color":"","ocean_breadcrumbs_links_color":"","ocean_breadcrumbs_links_hover_color":"","ocean_display_footer_widgets":"default","ocean_display_footer_bottom":"default","ocean_custom_footer_template":"0"},"product_brand":[],"product_cat":[23,25,68,66,56],"product_tag":[],"class_list":{"0":"post-1134","1":"product","2":"type-product","3":"status-publish","4":"has-post-thumbnail","6":"product_cat-cheuveux","7":"product_cat-complements-alimentaires","8":"product_cat-confort","9":"product_cat-sante","10":"product_cat-traitements-specifiques","12":"entry","13":"has-media","15":"first","16":"instock","17":"taxable","18":"shipping-taxable","19":"purchasable","20":"product-type-simple","21":"has-product-nav","22":"col","23":"span_1_of_3","24":"owp-content-center","25":"owp-thumbs-layout-horizontal","26":"owp-btn-normal","27":"owp-tabs-layout-horizontal"},"_links":{"self":[{"href":"https:\/\/ellypara.com\/index.php\/wp-json\/wp\/v2\/product\/1134","targetHints":{"allow":["GET"]}}],"collection":[{"href":"https:\/\/ellypara.com\/index.php\/wp-json\/wp\/v2\/product"}],"about":[{"href":"https:\/\/ellypara.com\/index.php\/wp-json\/wp\/v2\/types\/product"}],"replies":[{"embeddable":true,"href":"https:\/\/ellypara.com\/index.php\/wp-json\/wp\/v2\/comments?post=1134"}],"wp:featuredmedia":[{"embeddable":true,"href":"https:\/\/ellypara.com\/index.php\/wp-json\/wp\/v2\/media\/1135"}],"wp:attachment":[{"href":"https:\/\/ellypara.com\/index.php\/wp-json\/wp\/v2\/media?parent=1134"}],"wp:term":[{"taxonomy":"product_brand","embeddable":true,"href":"https:\/\/ellypara.com\/index.php\/wp-json\/wp\/v2\/product_brand?post=1134"},{"taxonomy":"product_cat","embeddable":true,"href":"https:\/\/ellypara.com\/index.php\/wp-json\/wp\/v2\/product_cat?post=1134"},{"taxonomy":"product_tag","embeddable":true,"href":"https:\/\/ellypara.com\/index.php\/wp-json\/wp\/v2\/product_tag?post=1134"}],"curies":[{"name":"wp","href":"https:\/\/api.w.org\/{rel}","templated":true}]}}