{"id":1227,"date":"2025-04-11T20:08:29","date_gmt":"2025-04-11T18:08:29","guid":{"rendered":"https:\/\/ellypara.com\/?post_type=product&#038;p=1227"},"modified":"2025-04-11T20:30:33","modified_gmt":"2025-04-11T18:30:33","slug":"svr-spirial-deo-spray-vegetal-75ml-2","status":"publish","type":"product","link":"https:\/\/ellypara.com\/index.php\/produit\/svr-spirial-deo-spray-vegetal-75ml-2\/","title":{"rendered":"SVR Spirial Deo Spray Vegetal 75ml"},"content":{"rendered":"<p>Toutes les peaux, m\u00eame les plus sensibles et fragilis\u00e9es, ras\u00e9es ou \u00e9pil\u00e9es. Transpiration normale. Adolescent, adulte. Aisselles, mains ou pieds.<\/p>\n<p><strong>SVR Spirial Spray V\u00e9g\u00e9tal D\u00e9odorant Anti-Humidit\u00e9 75ml<\/strong>\u00a0permet une efficacit\u00e9 48h gr\u00e2ce \u00e0 son complexe v\u00e9g\u00e9tal sudo-r\u00e9gulateur, antiodeur et antitranspirant.<\/p>\n<p>Il est indispensable pour passer votre journ\u00e9e au sec et en \u00e9vitant le d\u00e9sagr\u00e9ment de la transpiration.<\/p>\n<p>Il est formul\u00e9 pour avoir une haute tol\u00e9rance, notamment pour les peaux sensibles sur lesquelles il calme les tiraillements et renforce la barri\u00e8re cutan\u00e9e, sans laisser de traces blanches.<\/p>\n<p>Spirial Spray V\u00e9g\u00e9tal laisse une sensation de confort gr\u00e2ce \u00e0 son fini sec.<\/p>\n<p><strong>Indications :<\/strong><\/p>\n<p>D\u00e9odorant v\u00e9g\u00e9tal anti-transpirant, lutte contre les mauvaises odeurs, tenue 48h.<\/p>\n<p><strong>Conseils d\u2019utilisation :<\/strong><\/p>\n<p>A\u00e9rosol sous pression inflammable : respecter les pr\u00e9cautions d\u2019emploi.<\/p>\n<p>Appliquer quotidiennement (aisselles, mains et pieds). Peut \u00eatre utilis\u00e9 post-\u00e9pilation.<\/p>\n<p>Eviter le contact avec les yeux. Ne pas inhaler.<\/p>\n<p><strong>Composition :<\/strong><\/p>\n<p>Butane, propane, triethylcitrate, neopentyl glycol, dicaprylate\/dicaprate, parfum (fragrance), c12-15 alkyl benzoate, octyldodecanol, maltodextrin, calendula officinalis flower extract, disteardimonium hectorite, equisetum arvense extract, helianthus annuus (sunflower) seed oil, polyglyceryl-3, caprylate, salvia officinalis (sage) oil.<\/p>\n<p><strong>Conditionnement :<\/strong><\/p>\n<p>1 flacon spray de 75ml.<\/p>\n","protected":false},"excerpt":{"rendered":"<p><strong>SVR Spirial Spray V\u00e9g\u00e9tal D\u00e9odorant Anti-Humidit\u00e9 48H 75 ml<\/strong> est un d\u00e9odorant v\u00e9g\u00e9tal au format compress\u00e9 qui offre une efficacit\u00e9 durant 48 heures pour toutes les peaux, m\u00eame les plus sensibles (aisselles, mains, pieds).<\/p>\n","protected":false},"featured_media":1230,"comment_status":"open","ping_status":"closed","template":"","meta":{"ocean_post_layout":"","ocean_both_sidebars_style":"","ocean_both_sidebars_content_width":0,"ocean_both_sidebars_sidebars_width":0,"ocean_sidebar":"0","ocean_second_sidebar":"0","ocean_disable_margins":"enable","ocean_add_body_class":"","ocean_shortcode_before_top_bar":"","ocean_shortcode_after_top_bar":"","ocean_shortcode_before_header":"","ocean_shortcode_after_header":"","ocean_has_shortcode":"","ocean_shortcode_after_title":"","ocean_shortcode_before_footer_widgets":"","ocean_shortcode_after_footer_widgets":"","ocean_shortcode_before_footer_bottom":"","ocean_shortcode_after_footer_bottom":"","ocean_display_top_bar":"default","ocean_display_header":"default","ocean_header_style":"","ocean_center_header_left_menu":"0","ocean_custom_header_template":"0","ocean_custom_logo":0,"ocean_custom_retina_logo":0,"ocean_custom_logo_max_width":0,"ocean_custom_logo_tablet_max_width":0,"ocean_custom_logo_mobile_max_width":0,"ocean_custom_logo_max_height":0,"ocean_custom_logo_tablet_max_height":0,"ocean_custom_logo_mobile_max_height":0,"ocean_header_custom_menu":"0","ocean_menu_typo_font_family":"0","ocean_menu_typo_font_subset":"","ocean_menu_typo_font_size":0,"ocean_menu_typo_font_size_tablet":0,"ocean_menu_typo_font_size_mobile":0,"ocean_menu_typo_font_size_unit":"px","ocean_menu_typo_font_weight":"","ocean_menu_typo_font_weight_tablet":"","ocean_menu_typo_font_weight_mobile":"","ocean_menu_typo_transform":"","ocean_menu_typo_transform_tablet":"","ocean_menu_typo_transform_mobile":"","ocean_menu_typo_line_height":0,"ocean_menu_typo_line_height_tablet":0,"ocean_menu_typo_line_height_mobile":0,"ocean_menu_typo_line_height_unit":"","ocean_menu_typo_spacing":0,"ocean_menu_typo_spacing_tablet":0,"ocean_menu_typo_spacing_mobile":0,"ocean_menu_typo_spacing_unit":"","ocean_menu_link_color":"","ocean_menu_link_color_hover":"","ocean_menu_link_color_active":"","ocean_menu_link_background":"","ocean_menu_link_hover_background":"","ocean_menu_link_active_background":"","ocean_menu_social_links_bg":"","ocean_menu_social_hover_links_bg":"","ocean_menu_social_links_color":"","ocean_menu_social_hover_links_color":"","ocean_disable_title":"default","ocean_disable_heading":"default","ocean_post_title":"","ocean_post_subheading":"","ocean_post_title_style":"","ocean_post_title_background_color":"","ocean_post_title_background":0,"ocean_post_title_bg_image_position":"","ocean_post_title_bg_image_attachment":"","ocean_post_title_bg_image_repeat":"","ocean_post_title_bg_image_size":"","ocean_post_title_height":0,"ocean_post_title_bg_overlay":0.5,"ocean_post_title_bg_overlay_color":"","ocean_disable_breadcrumbs":"default","ocean_breadcrumbs_color":"","ocean_breadcrumbs_separator_color":"","ocean_breadcrumbs_links_color":"","ocean_breadcrumbs_links_hover_color":"","ocean_display_footer_widgets":"default","ocean_display_footer_bottom":"default","ocean_custom_footer_template":"0"},"product_brand":[],"product_cat":[86,44],"product_tag":[],"class_list":{"0":"post-1227","1":"product","2":"type-product","3":"status-publish","4":"has-post-thumbnail","6":"product_cat-deodorants-et-anti-transpirants","7":"product_cat-hygiene","9":"entry","10":"has-media","12":"first","13":"instock","14":"taxable","15":"shipping-taxable","16":"purchasable","17":"product-type-simple","18":"has-product-nav","19":"col","20":"span_1_of_3","21":"owp-content-center","22":"owp-thumbs-layout-horizontal","23":"owp-btn-normal","24":"owp-tabs-layout-horizontal"},"_links":{"self":[{"href":"https:\/\/ellypara.com\/index.php\/wp-json\/wp\/v2\/product\/1227","targetHints":{"allow":["GET"]}}],"collection":[{"href":"https:\/\/ellypara.com\/index.php\/wp-json\/wp\/v2\/product"}],"about":[{"href":"https:\/\/ellypara.com\/index.php\/wp-json\/wp\/v2\/types\/product"}],"replies":[{"embeddable":true,"href":"https:\/\/ellypara.com\/index.php\/wp-json\/wp\/v2\/comments?post=1227"}],"wp:featuredmedia":[{"embeddable":true,"href":"https:\/\/ellypara.com\/index.php\/wp-json\/wp\/v2\/media\/1230"}],"wp:attachment":[{"href":"https:\/\/ellypara.com\/index.php\/wp-json\/wp\/v2\/media?parent=1227"}],"wp:term":[{"taxonomy":"product_brand","embeddable":true,"href":"https:\/\/ellypara.com\/index.php\/wp-json\/wp\/v2\/product_brand?post=1227"},{"taxonomy":"product_cat","embeddable":true,"href":"https:\/\/ellypara.com\/index.php\/wp-json\/wp\/v2\/product_cat?post=1227"},{"taxonomy":"product_tag","embeddable":true,"href":"https:\/\/ellypara.com\/index.php\/wp-json\/wp\/v2\/product_tag?post=1227"}],"curies":[{"name":"wp","href":"https:\/\/api.w.org\/{rel}","templated":true}]}}