{"id":1303,"date":"2025-04-12T18:55:22","date_gmt":"2025-04-12T16:55:22","guid":{"rendered":"https:\/\/ellypara.com\/?post_type=product&#038;p=1303"},"modified":"2025-04-12T19:03:14","modified_gmt":"2025-04-12T17:03:14","slug":"nuxe-huile-prodigieuse-or-florale-50ml","status":"publish","type":"product","link":"https:\/\/ellypara.com\/index.php\/produit\/nuxe-huile-prodigieuse-or-florale-50ml\/","title":{"rendered":"NUXE Huile Prodigieuse Or Florale 50ml"},"content":{"rendered":"<p>L\u2019<strong>Huile Prodigieuse Or Florale de Nuxe\u00a0<\/strong>vous transporte avec son m\u00e9lange l\u00e9gendaire de\u00a0<strong>7 huiles v\u00e9g\u00e9tales pr\u00e9cieuses<\/strong>.<\/p>\n<div class=\"tab-panels\">\n<div id=\"tab-description\" class=\"woocommerce-Tabs-panel woocommerce-Tabs-panel--description panel entry-content active\" role=\"tabpanel\" aria-labelledby=\"tab-title-description\">\n<p>Cette formule polyvalente\u00a0<strong>hydrate, satine et illumine<\/strong>\u00a0instantan\u00e9ment visage, corps et cheveux.<\/p>\n<p>Enrichie en\u00a0<strong>nacres naturelles<\/strong>, cette huile s\u00e8che paillet\u00e9e offre un\u00a0<strong>\u00e9clat or rose iris\u00e9<\/strong>, sublimant tous les types de peau.<\/p>\n<p>Sa<strong>\u00a0texture l\u00e9g\u00e8re\u00a0<\/strong>et non grasse procure une douceur soyeuse, tandis que son\u00a0<strong>parfum floral\u00a0<\/strong>\u00e9veille les sens avec des notes joyeuses et lumineuses.<\/p>\n<p>L\u2019Huile Prodigieuse Or Florale est conditionn\u00e9e sous forme de\u00a0<strong>flacon compte-goutte<\/strong>.<\/p>\n<p>Formul\u00e9e et fabriqu\u00e9e en\u00a0<strong>France<\/strong>.<\/p>\n<p><strong>96%<\/strong>\u00a0d\u2019ingr\u00e9dients d\u2019origine naturelle.<\/p>\n<p><strong>Composition<\/strong><\/p>\n<p>Les listes d\u2019ingr\u00e9dients entrant dans la composition des produits de notre marque sont r\u00e9guli\u00e8rement mises \u00e0 jour. Avant d\u2019utiliser un produit de notre marque, veuillez lire la liste d\u2019ingr\u00e9dients situ\u00e9e sur son emballage afin de vous assurer que les ingr\u00e9dients sont adapt\u00e9s \u00e0 votre utilisation personnelle.<\/p>\n<p>INGREDIENTS : COCO-CAPRYLATE\/CAPRATE, MACADAMIA INTEGRIFOLIA SEED OIL, CAPRYLIC\/CAPRIC TRIGLYCERIDE, DICAPRYLYL ETHER, PRUNUS AMYGDALUS DULCIS (SWEET ALMOND) OIL, CORYLUS AVELLANA (HAZELNUT) SEED OIL, PARFUM\/FRAGRANCE, MICA, CAMELLIA OLEIFERA SEED OIL, CI 77891\/TITANIUM DIOXIDE, CAMELLIA JAPONICA SEED OIL, ARGANIA SPINOSA KERNEL OIL, BORAGO OFFICINALIS SEED OIL, TOCOPHEROL, CASTOR OIL\/IPDI COPOLYMER, CI 77491\/IRON OXIDES, HELIANTHUS ANNUUS (SUNFLOWER) SEED OIL, LIMONENE, TOCOPHERYL ACETATE, ROSMARINUS OFFICINALIS (ROSEMARY) LEAF EXTRACT, LINALOOL, CITRAL, CITRONELLOL, POLYGLYCERYL-3 DIISOSTEARATE, GERANIOL, AQUA\/WATER, ASCORBIC ACID, LIMONENE, LINALOOL, CITRAL, CITRONELLOL, GERANIOL [N2223\/A]<\/p>\n<p><strong>Conseil d\u2019utilisation<\/strong><\/p>\n<p>Utilisez l\u2019Huile Prodigieuse\u00ae Or Florale toute l\u2019ann\u00e9e, hiver comme \u00e9t\u00e9, sur le visage, le corps et les cheveux. Agitez avant emploi.<\/p>\n<p>\u2013 Sur le visage, appliquez-la par petites touches sur un pinceau plat ou de la pulpe des doigts, en insistant sur les points de lumi\u00e8re du visage : os de la pommette, ar\u00eate du nez, front au-dessus des sourcils.<br \/>\n\u2013 Sur le corps, d\u00e9posez quelques gouttes dans votre paume puis chauffez l\u2019huile entre vos mains. Choisir les zones \u00e0 mettre en lumi\u00e8re et les effleurer par des mouvements de lissage.<br \/>\n\u2013 Sur les cheveux, appliquez quelques touches sur les longueurs et les pointes pour les sublimer de quelques reflets or roses.<\/p>\n<p>Laissez-vous emporter par son sillage d\u00e9licat et enveloppant sur votre peau et vos cheveux.<\/p>\n<\/div>\n<\/div>\n","protected":false},"excerpt":{"rendered":"<p>Succombez au cocktail mythique de 7 huiles pr\u00e9cieuses 100% v\u00e9g\u00e9tales de l\u2019Huile Prodigieuse\u00ae Or Florale pour hydrater, satiner et illuminer en un seul geste visage, corps et cheveux.<\/p>\n","protected":false},"featured_media":1304,"comment_status":"open","ping_status":"closed","template":"","meta":{"ocean_post_layout":"","ocean_both_sidebars_style":"","ocean_both_sidebars_content_width":0,"ocean_both_sidebars_sidebars_width":0,"ocean_sidebar":"0","ocean_second_sidebar":"0","ocean_disable_margins":"enable","ocean_add_body_class":"","ocean_shortcode_before_top_bar":"","ocean_shortcode_after_top_bar":"","ocean_shortcode_before_header":"","ocean_shortcode_after_header":"","ocean_has_shortcode":"","ocean_shortcode_after_title":"","ocean_shortcode_before_footer_widgets":"","ocean_shortcode_after_footer_widgets":"","ocean_shortcode_before_footer_bottom":"","ocean_shortcode_after_footer_bottom":"","ocean_display_top_bar":"default","ocean_display_header":"default","ocean_header_style":"","ocean_center_header_left_menu":"0","ocean_custom_header_template":"0","ocean_custom_logo":0,"ocean_custom_retina_logo":0,"ocean_custom_logo_max_width":0,"ocean_custom_logo_tablet_max_width":0,"ocean_custom_logo_mobile_max_width":0,"ocean_custom_logo_max_height":0,"ocean_custom_logo_tablet_max_height":0,"ocean_custom_logo_mobile_max_height":0,"ocean_header_custom_menu":"0","ocean_menu_typo_font_family":"0","ocean_menu_typo_font_subset":"","ocean_menu_typo_font_size":0,"ocean_menu_typo_font_size_tablet":0,"ocean_menu_typo_font_size_mobile":0,"ocean_menu_typo_font_size_unit":"px","ocean_menu_typo_font_weight":"","ocean_menu_typo_font_weight_tablet":"","ocean_menu_typo_font_weight_mobile":"","ocean_menu_typo_transform":"","ocean_menu_typo_transform_tablet":"","ocean_menu_typo_transform_mobile":"","ocean_menu_typo_line_height":0,"ocean_menu_typo_line_height_tablet":0,"ocean_menu_typo_line_height_mobile":0,"ocean_menu_typo_line_height_unit":"","ocean_menu_typo_spacing":0,"ocean_menu_typo_spacing_tablet":0,"ocean_menu_typo_spacing_mobile":0,"ocean_menu_typo_spacing_unit":"","ocean_menu_link_color":"","ocean_menu_link_color_hover":"","ocean_menu_link_color_active":"","ocean_menu_link_background":"","ocean_menu_link_hover_background":"","ocean_menu_link_active_background":"","ocean_menu_social_links_bg":"","ocean_menu_social_hover_links_bg":"","ocean_menu_social_links_color":"","ocean_menu_social_hover_links_color":"","ocean_disable_title":"default","ocean_disable_heading":"default","ocean_post_title":"","ocean_post_subheading":"","ocean_post_title_style":"","ocean_post_title_background_color":"","ocean_post_title_background":0,"ocean_post_title_bg_image_position":"","ocean_post_title_bg_image_attachment":"","ocean_post_title_bg_image_repeat":"","ocean_post_title_bg_image_size":"","ocean_post_title_height":0,"ocean_post_title_bg_overlay":0.5,"ocean_post_title_bg_overlay_color":"","ocean_disable_breadcrumbs":"default","ocean_breadcrumbs_color":"","ocean_breadcrumbs_separator_color":"","ocean_breadcrumbs_links_color":"","ocean_breadcrumbs_links_hover_color":"","ocean_display_footer_widgets":"default","ocean_display_footer_bottom":"default","ocean_custom_footer_template":"0"},"product_brand":[],"product_cat":[23,22,45,54,47,35,21],"product_tag":[],"class_list":{"0":"post-1303","1":"product","2":"type-product","3":"status-publish","4":"has-post-thumbnail","6":"product_cat-cheuveux","7":"product_cat-corps","8":"product_cat-hydratation-et-nutrition-corps","9":"product_cat-soins-capillaires","10":"product_cat-soins-corps","11":"product_cat-soins-hydratants-et-nourrissants","12":"product_cat-visage","14":"entry","15":"has-media","17":"first","18":"outofstock","19":"taxable","20":"shipping-taxable","21":"purchasable","22":"product-type-simple","23":"has-product-nav","24":"col","25":"span_1_of_3","26":"owp-content-center","27":"owp-thumbs-layout-horizontal","28":"owp-btn-normal","29":"owp-tabs-layout-horizontal"},"_links":{"self":[{"href":"https:\/\/ellypara.com\/index.php\/wp-json\/wp\/v2\/product\/1303","targetHints":{"allow":["GET"]}}],"collection":[{"href":"https:\/\/ellypara.com\/index.php\/wp-json\/wp\/v2\/product"}],"about":[{"href":"https:\/\/ellypara.com\/index.php\/wp-json\/wp\/v2\/types\/product"}],"replies":[{"embeddable":true,"href":"https:\/\/ellypara.com\/index.php\/wp-json\/wp\/v2\/comments?post=1303"}],"wp:featuredmedia":[{"embeddable":true,"href":"https:\/\/ellypara.com\/index.php\/wp-json\/wp\/v2\/media\/1304"}],"wp:attachment":[{"href":"https:\/\/ellypara.com\/index.php\/wp-json\/wp\/v2\/media?parent=1303"}],"wp:term":[{"taxonomy":"product_brand","embeddable":true,"href":"https:\/\/ellypara.com\/index.php\/wp-json\/wp\/v2\/product_brand?post=1303"},{"taxonomy":"product_cat","embeddable":true,"href":"https:\/\/ellypara.com\/index.php\/wp-json\/wp\/v2\/product_cat?post=1303"},{"taxonomy":"product_tag","embeddable":true,"href":"https:\/\/ellypara.com\/index.php\/wp-json\/wp\/v2\/product_tag?post=1303"}],"curies":[{"name":"wp","href":"https:\/\/api.w.org\/{rel}","templated":true}]}}