{"id":1337,"date":"2025-04-12T21:02:44","date_gmt":"2025-04-12T19:02:44","guid":{"rendered":"https:\/\/ellypara.com\/?post_type=product&#038;p=1337"},"modified":"2025-04-12T21:02:44","modified_gmt":"2025-04-12T19:02:44","slug":"mustela-maternite-creme-vergetures-prevention-150ml","status":"publish","type":"product","link":"https:\/\/ellypara.com\/index.php\/produit\/mustela-maternite-creme-vergetures-prevention-150ml\/","title":{"rendered":"MUSTELA Maternite Creme Vergetures Prevention 150ml"},"content":{"rendered":"<p>La\u00a0<strong>cr\u00e8me vergetures de Mustela maternit\u00e9<\/strong>\u00a0est sp\u00e9cialement con\u00e7ue pour la\u00a0<strong>pr\u00e9vention des vergetures<\/strong>. Elle a une triple action : elle hydrate la peau, elle renforce son \u00e9lasticit\u00e9 et elle soulage les sensations d\u00e9sagr\u00e9ables de tiraillements.<\/p>\n<p>Les vergetures sont ces stries, semblables \u00e0 des cicatrices, qui z\u00e8brent la peau, en particulier au niveau du ventre, des seins, des cuisses et des bras. Elles apparaissent surtout suite \u00e0 la\u00a0<strong>grossesse<\/strong>, en raison des modifications hormonales de cette p\u00e9riode. Elles sont provoqu\u00e9es par une d\u00e9chirure du derme, l\u2019une des couches qui composent la peau, suite \u00e0 une distension de celle-ci. Au niveau des vergetures,\u00a0on observe un manque de collag\u00e8ne, la prot\u00e9ine \u00e0 laquelle la peau doit sa fermet\u00e9. Les vergetures \u00e9tant inesth\u00e9tiques, et surtout difficiles \u00e0 faire dispara\u00eetre, il est pr\u00e9f\u00e9rable de les pr\u00e9venir.<\/p>\n<p>C\u2019est ce que propose la cr\u00e8me vergetures de Mustela maternit\u00e9. Elle apporte des\u00a0<strong>actifs s\u00e9lectionn\u00e9s pour leurs bienfaits sur la peau<\/strong>. Ainsi, elle est formul\u00e9e avec du beurre de karit\u00e9, nourrissant et r\u00e9g\u00e9n\u00e9rant. Elle contient de l\u2019huile d\u2019avocat qui va renforcer la souplesse de la peau. La glyc\u00e9rine va l\u2019hydrater, lui permettant d\u2019entretenir son \u00e9lasticit\u00e9. Le coco et le jojoba, \u00e9mollients, vont l\u2019assouplir.\u00a0Le maracuja, fruit de la passion, apporte des polyph\u00e9nols antioxydants et anti-inflammatoires. Enfin, l\u2019extrait d\u2019hamam\u00e9lis permet d\u2019apaiser la peau soumise aux sensations de tiraillements.<\/p>\n<p>Ainsi, la peau est\u00a0<strong>pr\u00e9par\u00e9e face aux vergetures<\/strong>.<\/p>\n<p><strong>Caract\u00e9ristiques :<\/strong><\/p>\n<ul>\n<li>Tube de 150 ml.<\/li>\n<li>Compatible allaitement.<\/li>\n<li>Test\u00e9 dermatologiquement.<\/li>\n<\/ul>\n<p>Il existe \u00e9galement une version parfum\u00e9e de la cr\u00e8me vergetures de Mustela.<\/p>\n<p>Et si vous allaitez,\u00a0pensez \u00e0 prendre soin de vos mamelons avec le\u00a0Baume allaitement Bio Mustela.<\/p>\n<p><strong>CONSEILS D\u2019UTILISATION<\/strong><\/p>\n<p>Appliquer le matin et le soir sur le ventre, les cuisses, les hanches et les seins. Ne pas utiliser sur les cicatrices r\u00e9centes de c\u00e9sarienne. Autorise un habillage rapide.<\/p>\n<p><iframe id=\"widget2\" title=\"Cr\u00e8me vergetures sans parfum I Mustela Maternit\u00e9\" src=\"https:\/\/www.youtube.com\/embed\/HFEw-ZwPkDI?feature=oembed&amp;enablejsapi=1&amp;origin=https:%2F%2Fwww.maparatunisie.tn\" width=\"1020\" height=\"574\" frameborder=\"0\" allowfullscreen=\"allowfullscreen\" data-gtm-yt-inspected-9=\"true\" data-mce-fragment=\"1\"><\/iframe><\/p>\n<p><strong>COMPOSITION<\/strong><\/p>\n<p>Aqua\/water\/eau, coco-caprylate\/caprate, dicaprylyl carbonate, glycerin, butyrospermum parkii (shea) butter, C10-18 triglycerides, candelilla\/jojoba\/rice bran polyglyceryl-3 esters, glyceryl stearate, cetearyl alcohol, sodium stearoyl lactylate, 1,2-hexanediol, persea gratissima (avocado) oil, polyacrylate crosspolymer-6, tocopherol, caprylyl glycol, sodium stearoyl glutamate, propanediol, citric acid, hydrolyzed avocado protein, maltodextrin, pentylene glycol, sodium hydroxide, hamamelis virginiana leaf extract, xanthan gum, passiflora edulis fruit extract.<\/p>\n","protected":false},"excerpt":{"rendered":"<p>La\u00a0<strong>cr\u00e8me vergetures de Mustela maternit\u00e9<\/strong>\u00a0est sp\u00e9cialement con\u00e7ue pour la\u00a0<strong>pr\u00e9vention des vergetures<\/strong>. Elle a une triple action : elle hydrate la peau, elle renforce son \u00e9lasticit\u00e9 et elle soulage les sensations d\u00e9sagr\u00e9ables de tiraillements.<\/p>\n","protected":false},"featured_media":1338,"comment_status":"open","ping_status":"closed","template":"","meta":{"ocean_post_layout":"","ocean_both_sidebars_style":"","ocean_both_sidebars_content_width":0,"ocean_both_sidebars_sidebars_width":0,"ocean_sidebar":"0","ocean_second_sidebar":"0","ocean_disable_margins":"enable","ocean_add_body_class":"","ocean_shortcode_before_top_bar":"","ocean_shortcode_after_top_bar":"","ocean_shortcode_before_header":"","ocean_shortcode_after_header":"","ocean_has_shortcode":"","ocean_shortcode_after_title":"","ocean_shortcode_before_footer_widgets":"","ocean_shortcode_after_footer_widgets":"","ocean_shortcode_before_footer_bottom":"","ocean_shortcode_after_footer_bottom":"","ocean_display_top_bar":"default","ocean_display_header":"default","ocean_header_style":"","ocean_center_header_left_menu":"0","ocean_custom_header_template":"0","ocean_custom_logo":0,"ocean_custom_retina_logo":0,"ocean_custom_logo_max_width":0,"ocean_custom_logo_tablet_max_width":0,"ocean_custom_logo_mobile_max_width":0,"ocean_custom_logo_max_height":0,"ocean_custom_logo_tablet_max_height":0,"ocean_custom_logo_mobile_max_height":0,"ocean_header_custom_menu":"0","ocean_menu_typo_font_family":"0","ocean_menu_typo_font_subset":"","ocean_menu_typo_font_size":0,"ocean_menu_typo_font_size_tablet":0,"ocean_menu_typo_font_size_mobile":0,"ocean_menu_typo_font_size_unit":"px","ocean_menu_typo_font_weight":"","ocean_menu_typo_font_weight_tablet":"","ocean_menu_typo_font_weight_mobile":"","ocean_menu_typo_transform":"","ocean_menu_typo_transform_tablet":"","ocean_menu_typo_transform_mobile":"","ocean_menu_typo_line_height":0,"ocean_menu_typo_line_height_tablet":0,"ocean_menu_typo_line_height_mobile":0,"ocean_menu_typo_line_height_unit":"","ocean_menu_typo_spacing":0,"ocean_menu_typo_spacing_tablet":0,"ocean_menu_typo_spacing_mobile":0,"ocean_menu_typo_spacing_unit":"","ocean_menu_link_color":"","ocean_menu_link_color_hover":"","ocean_menu_link_color_active":"","ocean_menu_link_background":"","ocean_menu_link_hover_background":"","ocean_menu_link_active_background":"","ocean_menu_social_links_bg":"","ocean_menu_social_hover_links_bg":"","ocean_menu_social_links_color":"","ocean_menu_social_hover_links_color":"","ocean_disable_title":"default","ocean_disable_heading":"default","ocean_post_title":"","ocean_post_subheading":"","ocean_post_title_style":"","ocean_post_title_background_color":"","ocean_post_title_background":0,"ocean_post_title_bg_image_position":"","ocean_post_title_bg_image_attachment":"","ocean_post_title_bg_image_repeat":"","ocean_post_title_bg_image_size":"","ocean_post_title_height":0,"ocean_post_title_bg_overlay":0.5,"ocean_post_title_bg_overlay_color":"","ocean_disable_breadcrumbs":"default","ocean_breadcrumbs_color":"","ocean_breadcrumbs_separator_color":"","ocean_breadcrumbs_links_color":"","ocean_breadcrumbs_links_hover_color":"","ocean_display_footer_widgets":"default","ocean_display_footer_bottom":"default","ocean_custom_footer_template":"0"},"product_brand":[],"product_cat":[24,60],"product_tag":[],"class_list":{"0":"post-1337","1":"product","2":"type-product","3":"status-publish","4":"has-post-thumbnail","6":"product_cat-bebe-et-maman","7":"product_cat-maman-grossesse-et-allaitement","9":"entry","10":"has-media","12":"first","13":"instock","14":"taxable","15":"shipping-taxable","16":"purchasable","17":"product-type-simple","18":"has-product-nav","19":"col","20":"span_1_of_3","21":"owp-content-center","22":"owp-thumbs-layout-horizontal","23":"owp-btn-normal","24":"owp-tabs-layout-horizontal"},"_links":{"self":[{"href":"https:\/\/ellypara.com\/index.php\/wp-json\/wp\/v2\/product\/1337","targetHints":{"allow":["GET"]}}],"collection":[{"href":"https:\/\/ellypara.com\/index.php\/wp-json\/wp\/v2\/product"}],"about":[{"href":"https:\/\/ellypara.com\/index.php\/wp-json\/wp\/v2\/types\/product"}],"replies":[{"embeddable":true,"href":"https:\/\/ellypara.com\/index.php\/wp-json\/wp\/v2\/comments?post=1337"}],"wp:featuredmedia":[{"embeddable":true,"href":"https:\/\/ellypara.com\/index.php\/wp-json\/wp\/v2\/media\/1338"}],"wp:attachment":[{"href":"https:\/\/ellypara.com\/index.php\/wp-json\/wp\/v2\/media?parent=1337"}],"wp:term":[{"taxonomy":"product_brand","embeddable":true,"href":"https:\/\/ellypara.com\/index.php\/wp-json\/wp\/v2\/product_brand?post=1337"},{"taxonomy":"product_cat","embeddable":true,"href":"https:\/\/ellypara.com\/index.php\/wp-json\/wp\/v2\/product_cat?post=1337"},{"taxonomy":"product_tag","embeddable":true,"href":"https:\/\/ellypara.com\/index.php\/wp-json\/wp\/v2\/product_tag?post=1337"}],"curies":[{"name":"wp","href":"https:\/\/api.w.org\/{rel}","templated":true}]}}