{"id":1378,"date":"2025-04-16T14:50:29","date_gmt":"2025-04-16T12:50:29","guid":{"rendered":"https:\/\/ellypara.com\/?post_type=product&#038;p=1378"},"modified":"2025-04-16T14:50:29","modified_gmt":"2025-04-16T12:50:29","slug":"cytolnat-cytolsun-max-ecran-invisible-spf50-50ml","status":"publish","type":"product","link":"https:\/\/ellypara.com\/index.php\/produit\/cytolnat-cytolsun-max-ecran-invisible-spf50-50ml\/","title":{"rendered":"CYTOLNAT Cytolsun Max Ecran Invisible SPF50+ 50ml"},"content":{"rendered":"<p><strong>CytolSun max<\/strong>\u00a0est une cr\u00e8me dermatologique photo-protectrice destin\u00e9e aux peaux photosensibles et intol\u00e9rantes \u00e0 tous types d\u2019ensoleillement.<\/p>\n<p>CytolSun max est une cr\u00e8me dermatologique photo-protectrice destin\u00e9e aux peaux photosensibles et intol\u00e9rantes \u00e0 tous types d\u2019ensoleillement.<\/p>\n<p>Cette cr\u00e8me solaire enrichie en vitamine E, en antioxydant et en alo\u00e9 vera bio, hydratant et apaisant, prot\u00e8ge votre peau des effets n\u00e9fastes du soleil.<br \/>\nIndice de protection : 50+, UVA 34, normes de l\u2019ANSM.<\/p>\n<p>Photoprotecteurs organiques photoposables \u00e0 large spectre (Tinosorb, Uvasorb, Parsol), double protection anti UVA et UVB.<\/p>\n<p><strong>Comment l\u2019utiliser ?<\/strong><\/p>\n<p>\u2022 Appliquer g\u00e9n\u00e9reusement et de fa\u00e7on uniformeCytolSun max sur le visage et sur les zones sensibles aux UV 20 min avant l\u2019exposition au soleil.<br \/>\n\u2022 La dose de produit solaire recommand\u00e9e est de 2 mg\/cm2.<br \/>\n\u2022 Renouveler fr\u00e9quemment l\u2019application apr\u00e8s chaque bain ou en cas d\u2019exposition prolong\u00e9e.<br \/>\n\u2022 Eviter l\u2019exposition solaire aux heures d\u2019ensoleillement maximal.<br \/>\n\u2022 N\u2019exposer pas les b\u00e9b\u00e9s et les jeunes enfants directement au soleil.<\/p>\n<p><strong>Composition<\/strong><\/p>\n<p>AQUA \u2022 OCTOCRYLENE \u2022 METHYLENE BIS-BENZOTRIAZOLYL TETRAMETHYLBUTYLPHENOL \u2022 DICAPRYLYL CARBONATE \u2022 DIISOPROPYL ADIPATE \u2022 BUTYL METHOXYDIBENZOYLMETHANE \u2022 ETHYLHEXYL TRIAZONE \u2022 GLYCERIN \u2022 CETEARETH-25 \u2022 HYDROGENATED POLYISOBUTENE \u2022 CETEARYL ALCOHOL \u2022 C18 -36 ACID GLYCOL ESTERS \u2022 POTASSIUM CETYL PHOSPHATE \u2022 CETEARETH-6 \u2022 DIMETHICONE \u2022 GLYCERYL STEARATE \u2022 PEG-100 \u2022 STEARATE \u2022 ALOE BARBADENSIS LEAF EXTRACT \u2022 POLYACRYLAMIDE \u2022 STEARYL ALCOHOL \u2022 ALLANTOIN \u2022 C13- 14 ISOPARAFFIN \u2022 TOCOPHERYL ACETATE \u2022 XANTHAN GUM \u2022 PHENOXYETHANOL \u2022 DISODIUM EDTA \u2022 POTASSIUM SORBATE \u2022 CHLOPENSEIN \u2022 LAURETH -7 \u2022 FRAGRANCE (PARFUM) COUMARIN \u2022 LIMONENE \u2022 ALPHA-ISOMETHYL IONON \u2022 GERANIOL \u2022 LINALOOL.<\/p>\n<p>La liste des ingr\u00e9dients peut \u00eatre sujette \u00e0 changement, nous vous conseillons de v\u00e9rifier la liste sur le produit achet\u00e9.<\/p>\n<p>&nbsp;<\/p>\n","protected":false},"excerpt":{"rendered":"<div class=\"product-short-description\">\n<p>CytolSun max\u00a0est une cr\u00e8me dermatologique photo-protectrice destin\u00e9e aux peaux photosensibles et intol\u00e9rantes \u00e0 tous types d\u2019ensoleillement.<\/p>\n<\/div>\n<form class=\"cart\" action=\"https:\/\/www.maparatunisie.tn\/produit\/cytolnat-cytolsun-max-ecran-invisible-spf50-50ml\/\" enctype=\"multipart\/form-data\" method=\"post\">\n<div class=\"ux-quantity quantity buttons_added\"><\/div>\n<\/form>\n","protected":false},"featured_media":1379,"comment_status":"open","ping_status":"closed","template":"","meta":{"ocean_post_layout":"","ocean_both_sidebars_style":"","ocean_both_sidebars_content_width":0,"ocean_both_sidebars_sidebars_width":0,"ocean_sidebar":"0","ocean_second_sidebar":"0","ocean_disable_margins":"enable","ocean_add_body_class":"","ocean_shortcode_before_top_bar":"","ocean_shortcode_after_top_bar":"","ocean_shortcode_before_header":"","ocean_shortcode_after_header":"","ocean_has_shortcode":"","ocean_shortcode_after_title":"","ocean_shortcode_before_footer_widgets":"","ocean_shortcode_after_footer_widgets":"","ocean_shortcode_before_footer_bottom":"","ocean_shortcode_after_footer_bottom":"","ocean_display_top_bar":"default","ocean_display_header":"default","ocean_header_style":"","ocean_center_header_left_menu":"0","ocean_custom_header_template":"0","ocean_custom_logo":0,"ocean_custom_retina_logo":0,"ocean_custom_logo_max_width":0,"ocean_custom_logo_tablet_max_width":0,"ocean_custom_logo_mobile_max_width":0,"ocean_custom_logo_max_height":0,"ocean_custom_logo_tablet_max_height":0,"ocean_custom_logo_mobile_max_height":0,"ocean_header_custom_menu":"0","ocean_menu_typo_font_family":"0","ocean_menu_typo_font_subset":"","ocean_menu_typo_font_size":0,"ocean_menu_typo_font_size_tablet":0,"ocean_menu_typo_font_size_mobile":0,"ocean_menu_typo_font_size_unit":"px","ocean_menu_typo_font_weight":"","ocean_menu_typo_font_weight_tablet":"","ocean_menu_typo_font_weight_mobile":"","ocean_menu_typo_transform":"","ocean_menu_typo_transform_tablet":"","ocean_menu_typo_transform_mobile":"","ocean_menu_typo_line_height":0,"ocean_menu_typo_line_height_tablet":0,"ocean_menu_typo_line_height_mobile":0,"ocean_menu_typo_line_height_unit":"","ocean_menu_typo_spacing":0,"ocean_menu_typo_spacing_tablet":0,"ocean_menu_typo_spacing_mobile":0,"ocean_menu_typo_spacing_unit":"","ocean_menu_link_color":"","ocean_menu_link_color_hover":"","ocean_menu_link_color_active":"","ocean_menu_link_background":"","ocean_menu_link_hover_background":"","ocean_menu_link_active_background":"","ocean_menu_social_links_bg":"","ocean_menu_social_hover_links_bg":"","ocean_menu_social_links_color":"","ocean_menu_social_hover_links_color":"","ocean_disable_title":"default","ocean_disable_heading":"default","ocean_post_title":"","ocean_post_subheading":"","ocean_post_title_style":"","ocean_post_title_background_color":"","ocean_post_title_background":0,"ocean_post_title_bg_image_position":"","ocean_post_title_bg_image_attachment":"","ocean_post_title_bg_image_repeat":"","ocean_post_title_bg_image_size":"","ocean_post_title_height":0,"ocean_post_title_bg_overlay":0.5,"ocean_post_title_bg_overlay_color":"","ocean_disable_breadcrumbs":"default","ocean_breadcrumbs_color":"","ocean_breadcrumbs_separator_color":"","ocean_breadcrumbs_links_color":"","ocean_breadcrumbs_links_hover_color":"","ocean_display_footer_widgets":"default","ocean_display_footer_bottom":"default","ocean_custom_footer_template":"0"},"product_brand":[],"product_cat":[71,20],"product_tag":[],"class_list":{"0":"post-1378","1":"product","2":"type-product","3":"status-publish","4":"has-post-thumbnail","6":"product_cat-cremes-solaires","7":"product_cat-solaire","9":"entry","10":"has-media","12":"first","13":"instock","14":"taxable","15":"shipping-taxable","16":"purchasable","17":"product-type-simple","18":"has-product-nav","19":"col","20":"span_1_of_3","21":"owp-content-center","22":"owp-thumbs-layout-horizontal","23":"owp-btn-normal","24":"owp-tabs-layout-horizontal"},"_links":{"self":[{"href":"https:\/\/ellypara.com\/index.php\/wp-json\/wp\/v2\/product\/1378","targetHints":{"allow":["GET"]}}],"collection":[{"href":"https:\/\/ellypara.com\/index.php\/wp-json\/wp\/v2\/product"}],"about":[{"href":"https:\/\/ellypara.com\/index.php\/wp-json\/wp\/v2\/types\/product"}],"replies":[{"embeddable":true,"href":"https:\/\/ellypara.com\/index.php\/wp-json\/wp\/v2\/comments?post=1378"}],"wp:featuredmedia":[{"embeddable":true,"href":"https:\/\/ellypara.com\/index.php\/wp-json\/wp\/v2\/media\/1379"}],"wp:attachment":[{"href":"https:\/\/ellypara.com\/index.php\/wp-json\/wp\/v2\/media?parent=1378"}],"wp:term":[{"taxonomy":"product_brand","embeddable":true,"href":"https:\/\/ellypara.com\/index.php\/wp-json\/wp\/v2\/product_brand?post=1378"},{"taxonomy":"product_cat","embeddable":true,"href":"https:\/\/ellypara.com\/index.php\/wp-json\/wp\/v2\/product_cat?post=1378"},{"taxonomy":"product_tag","embeddable":true,"href":"https:\/\/ellypara.com\/index.php\/wp-json\/wp\/v2\/product_tag?post=1378"}],"curies":[{"name":"wp","href":"https:\/\/api.w.org\/{rel}","templated":true}]}}