{"id":138,"date":"2024-12-10T10:31:52","date_gmt":"2024-12-10T09:31:52","guid":{"rendered":"https:\/\/ellypara.com\/?post_type=product&#038;p=138"},"modified":"2025-01-14T11:31:38","modified_gmt":"2025-01-14T10:31:38","slug":"avene-hydrance-aqua-gel-creme-hydratante-50ml","status":"publish","type":"product","link":"https:\/\/ellypara.com\/index.php\/produit\/avene-hydrance-aqua-gel-creme-hydratante-50ml\/","title":{"rendered":"Avene Hydrance Aqua-Gel Cr\u00e8me Hydratante 50ml"},"content":{"rendered":"<p><strong>Av\u00e8ne Hydrance Aqua-Gel Cr\u00e8me Hydratant 50ml<\/strong>\u00a0est un soin \u00e0 la texture aqua-gel qui<strong>\u00a0<\/strong>permet de garder la\u00a0<strong>peau hydrat\u00e9e\u00a0<\/strong>et\u00a0<strong>apais\u00e9e<\/strong>.<\/p>\n<p>Sa formule,\u00a0<strong>inspir\u00e9e des cosm\u00e9tiques asiatiques<\/strong>, contient le complexe brevet\u00e9 Cohederm, de l\u2019eau thermale d\u2019Av\u00e8ne, du sulfate de pr\u00e9-t\u00e9choferyl et de dextran qui\u00a0<strong>permet de r\u00e9hydrater et d\u2019assouplir la peau.\u00a0<\/strong>Sa texture\u00a0<strong>gel acqueuse<\/strong>\u00a0est d\u00e9licate et tr\u00e8s fra\u00eeche. Il peut s\u2019utiliser comme soin de jour, masque de nuit ou soin du contour des yeux.<\/p>\n<p>Convient \u00e0 tous les types de\u00a0<strong>peaux sensibles<\/strong>\u00a0et\u00a0<strong>d\u00e9shydrat\u00e9es<\/strong>.<\/p>\n<p>Formul\u00e9 pour minimiser le risque de r\u00e9actions allergiques. Non-com\u00e9dog\u00e8ne.<\/p>\n<p><strong>Mode d\u2019emploi<\/strong><\/p>\n<p>Le matin, appliquer une fine couche sur le visage, le cou et le contour des yeux.<\/p>\n<p>Le soir, appliquer une couche \u00e9paisse et laisser agir toute la nuit.<\/p>\n<p><iframe id=\"widget2\" title=\"HYDRANCE AQUA-GEL CR\u00c8ME HYDRATANT\" src=\"https:\/\/www.youtube.com\/embed\/e2zwoDkUW34?feature=oembed&amp;enablejsapi=1&amp;origin=https:%2F%2Fwww.maparatunisie.tn\" width=\"1020\" height=\"574\" frameborder=\"0\" allowfullscreen=\"allowfullscreen\" data-gtm-yt-inspected-7=\"true\" data-mce-fragment=\"1\"><\/iframe><\/p>\n<p><strong>Composition<\/strong><\/p>\n<p>AV\u00c8NE SPRING TERAM WATER (AV\u00c8NE AQUA), GLYCERIN, PENTYLENE GLYCOL, 1-2 HEXANEDIOL, DIMETHICONE, STEAROYL ISOCETYL STEARATE, TRIETHYLHEXANOIN, CAPRYLIC \/ CAPRIC TRIGLYCERIDE, BETAINE, GLUCETH-20 METHYL, MYRISTATE POLYGLYCERYL-10, ACRYLATE CROSPOLYMER ACRYLATE10 ACRYLATE POLYMER -30, BUTYLATED HYDROXYTOLUENE, \u00c9THER M\u00c9THYLIQUE DE BIS-PEG-18 DIM\u00c9THYLSILANE, ALKYLGLYCOSIDE EN C12-20, ALCOOLS EN C14-22, CARBOM\u00c8RE, ACIDE CITRIQUE, HUILE DE P\u00c9PINS DE COURGE (CUCURBITA PEPO), FRAGRANCE (PARFUM), PHYTOST\u00c9ROLS, HYDROXYDE DE POTASSIUM, CITRATE DE SODIUM, DEXTRAN SULFATE DE SODIUM, HYALURONATE DE SODIUM, SQUALANE, TOCOPH\u00c9ROL GLYCOSIDE, AQUA.<\/p>\n<p><strong>Conseil Pharmaceutique<\/strong><\/p>\n<p>L\u2019eau thermale est caract\u00e9ris\u00e9e par sa richesse en min\u00e9raux tels que le calcium, le zinc, le cuivre et le fer, bien que sa composition chimique puisse changer en fonction de l\u2019endroit o\u00f9 elle se trouve.<\/p>\n<p>Extraite directement du sous-sol, elle est mise en bouteille afin de pr\u00e9server ses propri\u00e9t\u00e9s rafra\u00eechissantes, hydratantes et apaisantes, tr\u00e8s appr\u00e9ci\u00e9es en cosm\u00e9tique. Gr\u00e2ce \u00e0 sa teneur en oligo-\u00e9l\u00e9ments, l\u2019eau thermale renforce la barri\u00e8re cutan\u00e9e naturelle, pr\u00e9vient la perte d\u2019\u00e9lasticit\u00e9 et le vieillissement pr\u00e9matur\u00e9. Elle s\u2019av\u00e8re \u00e9galement utile pour calmer les piq\u00fbres et les irritations, ainsi que pour favoriser la cicatrisation et la r\u00e9g\u00e9n\u00e9ration de la peau apr\u00e8s l\u2019\u00e9pilation ou le rasage. Son action apaisante et anti-prurigineuse est b\u00e9n\u00e9fique pour les peaux atopiques, surtout si elle est conserv\u00e9e au r\u00e9frig\u00e9rateur pour une application fra\u00eeche.<\/p>\n<p>L\u2019eau thermale est aussi recommand\u00e9e pour fixer le maquillage afin de maintenir le confort de la peau. Il s\u2019agit par ailleurs d\u2019un excellent ingr\u00e9dient dans les formulations cosm\u00e9tiques o\u00f9 l\u2019eau est remplac\u00e9e par de l\u2019eau thermale.<\/p>\n","protected":false},"excerpt":{"rendered":"<p>Av\u00e8ne <strong>Hydrance Aqua-Gel Cr\u00e8me<\/strong> Hydratant 50ml\u00a0est un soin \u00e0 la texture aqua-gel qui\u00a0permet de garder la\u00a0peau hydrat\u00e9e\u00a0et\u00a0apais\u00e9e.<\/p>\n","protected":false},"featured_media":136,"comment_status":"open","ping_status":"closed","template":"","meta":{"ocean_post_layout":"","ocean_both_sidebars_style":"","ocean_both_sidebars_content_width":0,"ocean_both_sidebars_sidebars_width":0,"ocean_sidebar":"0","ocean_second_sidebar":"0","ocean_disable_margins":"enable","ocean_add_body_class":"","ocean_shortcode_before_top_bar":"","ocean_shortcode_after_top_bar":"","ocean_shortcode_before_header":"","ocean_shortcode_after_header":"","ocean_has_shortcode":"","ocean_shortcode_after_title":"","ocean_shortcode_before_footer_widgets":"","ocean_shortcode_after_footer_widgets":"","ocean_shortcode_before_footer_bottom":"","ocean_shortcode_after_footer_bottom":"","ocean_display_top_bar":"default","ocean_display_header":"default","ocean_header_style":"","ocean_center_header_left_menu":"0","ocean_custom_header_template":"0","ocean_custom_logo":0,"ocean_custom_retina_logo":0,"ocean_custom_logo_max_width":0,"ocean_custom_logo_tablet_max_width":0,"ocean_custom_logo_mobile_max_width":0,"ocean_custom_logo_max_height":0,"ocean_custom_logo_tablet_max_height":0,"ocean_custom_logo_mobile_max_height":0,"ocean_header_custom_menu":"0","ocean_menu_typo_font_family":"0","ocean_menu_typo_font_subset":"","ocean_menu_typo_font_size":0,"ocean_menu_typo_font_size_tablet":0,"ocean_menu_typo_font_size_mobile":0,"ocean_menu_typo_font_size_unit":"px","ocean_menu_typo_font_weight":"","ocean_menu_typo_font_weight_tablet":"","ocean_menu_typo_font_weight_mobile":"","ocean_menu_typo_transform":"","ocean_menu_typo_transform_tablet":"","ocean_menu_typo_transform_mobile":"","ocean_menu_typo_line_height":0,"ocean_menu_typo_line_height_tablet":0,"ocean_menu_typo_line_height_mobile":0,"ocean_menu_typo_line_height_unit":"","ocean_menu_typo_spacing":0,"ocean_menu_typo_spacing_tablet":0,"ocean_menu_typo_spacing_mobile":0,"ocean_menu_typo_spacing_unit":"","ocean_menu_link_color":"","ocean_menu_link_color_hover":"","ocean_menu_link_color_active":"","ocean_menu_link_background":"","ocean_menu_link_hover_background":"","ocean_menu_link_active_background":"","ocean_menu_social_links_bg":"","ocean_menu_social_hover_links_bg":"","ocean_menu_social_links_color":"","ocean_menu_social_hover_links_color":"","ocean_disable_title":"default","ocean_disable_heading":"default","ocean_post_title":"","ocean_post_subheading":"","ocean_post_title_style":"","ocean_post_title_background_color":"","ocean_post_title_background":0,"ocean_post_title_bg_image_position":"","ocean_post_title_bg_image_attachment":"","ocean_post_title_bg_image_repeat":"","ocean_post_title_bg_image_size":"","ocean_post_title_height":0,"ocean_post_title_bg_overlay":0.5,"ocean_post_title_bg_overlay_color":"","ocean_disable_breadcrumbs":"default","ocean_breadcrumbs_color":"","ocean_breadcrumbs_separator_color":"","ocean_breadcrumbs_links_color":"","ocean_breadcrumbs_links_hover_color":"","ocean_display_footer_widgets":"default","ocean_display_footer_bottom":"default","ocean_custom_footer_template":"0"},"product_brand":[],"product_cat":[43,35],"product_tag":[],"class_list":{"0":"post-138","1":"product","2":"type-product","3":"status-publish","4":"has-post-thumbnail","6":"product_cat-soins-anti-rougeurs-et-peau-sensible","7":"product_cat-soins-hydratants-et-nourrissants","9":"entry","10":"has-media","12":"first","13":"instock","14":"taxable","15":"shipping-taxable","16":"purchasable","17":"product-type-simple","18":"has-product-nav","19":"col","20":"span_1_of_3","21":"owp-content-center","22":"owp-thumbs-layout-horizontal","23":"owp-btn-normal","24":"owp-tabs-layout-horizontal","25":"has-no-thumbnails"},"_links":{"self":[{"href":"https:\/\/ellypara.com\/index.php\/wp-json\/wp\/v2\/product\/138","targetHints":{"allow":["GET"]}}],"collection":[{"href":"https:\/\/ellypara.com\/index.php\/wp-json\/wp\/v2\/product"}],"about":[{"href":"https:\/\/ellypara.com\/index.php\/wp-json\/wp\/v2\/types\/product"}],"replies":[{"embeddable":true,"href":"https:\/\/ellypara.com\/index.php\/wp-json\/wp\/v2\/comments?post=138"}],"wp:featuredmedia":[{"embeddable":true,"href":"https:\/\/ellypara.com\/index.php\/wp-json\/wp\/v2\/media\/136"}],"wp:attachment":[{"href":"https:\/\/ellypara.com\/index.php\/wp-json\/wp\/v2\/media?parent=138"}],"wp:term":[{"taxonomy":"product_brand","embeddable":true,"href":"https:\/\/ellypara.com\/index.php\/wp-json\/wp\/v2\/product_brand?post=138"},{"taxonomy":"product_cat","embeddable":true,"href":"https:\/\/ellypara.com\/index.php\/wp-json\/wp\/v2\/product_cat?post=138"},{"taxonomy":"product_tag","embeddable":true,"href":"https:\/\/ellypara.com\/index.php\/wp-json\/wp\/v2\/product_tag?post=138"}],"curies":[{"name":"wp","href":"https:\/\/api.w.org\/{rel}","templated":true}]}}