{"id":1581,"date":"2025-04-20T15:33:06","date_gmt":"2025-04-20T13:33:06","guid":{"rendered":"https:\/\/ellypara.com\/?post_type=product&#038;p=1581"},"modified":"2025-04-20T15:33:06","modified_gmt":"2025-04-20T13:33:06","slug":"sensilis-photocorrection-teintee-d-pigment-50-40ml","status":"publish","type":"product","link":"https:\/\/ellypara.com\/index.php\/produit\/sensilis-photocorrection-teintee-d-pigment-50-40ml\/","title":{"rendered":"Sensilis Photocorrection Teint\u00e9e [D-Pigment 50+] 40ml"},"content":{"rendered":"<p><strong>Sensilis Photocorrection [D-Pigment 50+]<\/strong>\u00a0offre une exp\u00e9rience agr\u00e9able gr\u00e2ce \u00e0 sa texture mousse anhydre color\u00e9e et au doux parfum floral et fruit\u00e9 pour une sensation encore plus agr\u00e9able.<\/p>\n<p><strong>Avantages du produit<\/strong><\/p>\n<p>Prot\u00e8ge la peau du photovieillissement gr\u00e2ce \u00e0 son SPF 50+.<br \/>\nCorrige et estompe les taches sur la peau hyperpigment\u00e9e.<br \/>\nIl unifie le teint de la peau<br \/>\nMousse color\u00e9e<br \/>\nPour qui est-il indiqu\u00e9 ?<br \/>\nTest\u00e9 dermatologiquement sur les peaux atteintes de rosac\u00e9e et\/ou de couperose et les peaux sensibles.<\/p>\n<p><strong>Conseils d\u2019utilisation<\/strong><\/p>\n<p>Avant de commencer : votre Photocorrection doit \u00eatre la derni\u00e8re \u00e9tape de votre routine matinale.<br \/>\nPrenez la quantit\u00e9 appropri\u00e9e de produit pour couvrir votre visage. Utilisez la r\u00e8gle \u00e0 deux doigts pour doser correctement le produit.<br \/>\nAppliquer sur la moiti\u00e9 du visage jusqu\u2019au menton, de l\u2019int\u00e9rieur vers l\u2019ext\u00e9rieur par petites touches.<br \/>\nPlacez l\u2019autre moiti\u00e9 sur votre front et \u00e9talez-la de bas en haut.<br \/>\nUne fois votre photocorrecteur appliqu\u00e9, vous pouvez commencer votre maquillage.<\/p>\n<p><strong>Composition du produit<\/strong><\/p>\n<p>Benzoate d\u2019alkyle en C12-15 ; Dim\u00e9thicone ; Benzoate de di\u00e9thylaminohydroxybenzoylhexyle ; Polym\u00e8re crois\u00e9 de dim\u00e9thicone ; Salicylate d\u2019\u00e9thylhexyle ; Di\u00e9thylhexyl Butamido Triazone ; Bis-\u00c9thylhexyloxyph\u00e9nol M\u00e9thoxyph\u00e9nyl Triazine ; Silice; Silylate de dim\u00e9thyle de silice ; T\u00e9traisopalmitate d\u2019ascorbyle ; Ac\u00e9tate de tocoph\u00e9rol ; Extrait de Physalis Angulata ; Triglyc\u00e9ride caprylique\/caprique ; le sclar\u00e9olide ; Lysine; Tocoph\u00e9rol ; Hydroxyde d\u2019aluminium ; Lauroylglutamate de sodium ; Chlorure de magnesium; CI 77891 (dioxyde de titane) ; CI 77492 (oxydes de fer); CI 77491 (oxydes de fer); CI 77499 (oxydes de fer); Parfum (Parfum).<\/p>\n","protected":false},"excerpt":{"rendered":"<p>Sensilis Photocorrection [D-Pigment 50+] est la premi\u00e8re mousse avec SPF50+ qui prot\u00e8ge des UVA, UVB et de la lumi\u00e8re bleue et corrige les taches des peaux sensibles hyperpigment\u00e9es de tout \u00e2ge.<\/p>\n","protected":false},"featured_media":1582,"comment_status":"open","ping_status":"closed","template":"","meta":{"ocean_post_layout":"","ocean_both_sidebars_style":"","ocean_both_sidebars_content_width":0,"ocean_both_sidebars_sidebars_width":0,"ocean_sidebar":"0","ocean_second_sidebar":"0","ocean_disable_margins":"enable","ocean_add_body_class":"","ocean_shortcode_before_top_bar":"","ocean_shortcode_after_top_bar":"","ocean_shortcode_before_header":"","ocean_shortcode_after_header":"","ocean_has_shortcode":"","ocean_shortcode_after_title":"","ocean_shortcode_before_footer_widgets":"","ocean_shortcode_after_footer_widgets":"","ocean_shortcode_before_footer_bottom":"","ocean_shortcode_after_footer_bottom":"","ocean_display_top_bar":"default","ocean_display_header":"default","ocean_header_style":"","ocean_center_header_left_menu":"0","ocean_custom_header_template":"0","ocean_custom_logo":0,"ocean_custom_retina_logo":0,"ocean_custom_logo_max_width":0,"ocean_custom_logo_tablet_max_width":0,"ocean_custom_logo_mobile_max_width":0,"ocean_custom_logo_max_height":0,"ocean_custom_logo_tablet_max_height":0,"ocean_custom_logo_mobile_max_height":0,"ocean_header_custom_menu":"0","ocean_menu_typo_font_family":"0","ocean_menu_typo_font_subset":"","ocean_menu_typo_font_size":0,"ocean_menu_typo_font_size_tablet":0,"ocean_menu_typo_font_size_mobile":0,"ocean_menu_typo_font_size_unit":"px","ocean_menu_typo_font_weight":"","ocean_menu_typo_font_weight_tablet":"","ocean_menu_typo_font_weight_mobile":"","ocean_menu_typo_transform":"","ocean_menu_typo_transform_tablet":"","ocean_menu_typo_transform_mobile":"","ocean_menu_typo_line_height":0,"ocean_menu_typo_line_height_tablet":0,"ocean_menu_typo_line_height_mobile":0,"ocean_menu_typo_line_height_unit":"","ocean_menu_typo_spacing":0,"ocean_menu_typo_spacing_tablet":0,"ocean_menu_typo_spacing_mobile":0,"ocean_menu_typo_spacing_unit":"","ocean_menu_link_color":"","ocean_menu_link_color_hover":"","ocean_menu_link_color_active":"","ocean_menu_link_background":"","ocean_menu_link_hover_background":"","ocean_menu_link_active_background":"","ocean_menu_social_links_bg":"","ocean_menu_social_hover_links_bg":"","ocean_menu_social_links_color":"","ocean_menu_social_hover_links_color":"","ocean_disable_title":"default","ocean_disable_heading":"default","ocean_post_title":"","ocean_post_subheading":"","ocean_post_title_style":"","ocean_post_title_background_color":"","ocean_post_title_background":0,"ocean_post_title_bg_image_position":"","ocean_post_title_bg_image_attachment":"","ocean_post_title_bg_image_repeat":"","ocean_post_title_bg_image_size":"","ocean_post_title_height":0,"ocean_post_title_bg_overlay":0.5,"ocean_post_title_bg_overlay_color":"","ocean_disable_breadcrumbs":"default","ocean_breadcrumbs_color":"","ocean_breadcrumbs_separator_color":"","ocean_breadcrumbs_links_color":"","ocean_breadcrumbs_links_hover_color":"","ocean_display_footer_widgets":"default","ocean_display_footer_bottom":"default","ocean_custom_footer_template":"0"},"product_brand":[],"product_cat":[75,72,20],"product_tag":[],"class_list":{"0":"post-1581","1":"product","2":"type-product","3":"status-publish","4":"has-post-thumbnail","6":"product_cat-anti-taches-et-eclaircissant","7":"product_cat-protection-solaire-solaire","8":"product_cat-solaire","10":"entry","11":"has-media","13":"first","14":"instock","15":"taxable","16":"shipping-taxable","17":"purchasable","18":"product-type-simple","19":"has-product-nav","20":"col","21":"span_1_of_3","22":"owp-content-center","23":"owp-thumbs-layout-horizontal","24":"owp-btn-normal","25":"owp-tabs-layout-horizontal"},"_links":{"self":[{"href":"https:\/\/ellypara.com\/index.php\/wp-json\/wp\/v2\/product\/1581","targetHints":{"allow":["GET"]}}],"collection":[{"href":"https:\/\/ellypara.com\/index.php\/wp-json\/wp\/v2\/product"}],"about":[{"href":"https:\/\/ellypara.com\/index.php\/wp-json\/wp\/v2\/types\/product"}],"replies":[{"embeddable":true,"href":"https:\/\/ellypara.com\/index.php\/wp-json\/wp\/v2\/comments?post=1581"}],"wp:featuredmedia":[{"embeddable":true,"href":"https:\/\/ellypara.com\/index.php\/wp-json\/wp\/v2\/media\/1582"}],"wp:attachment":[{"href":"https:\/\/ellypara.com\/index.php\/wp-json\/wp\/v2\/media?parent=1581"}],"wp:term":[{"taxonomy":"product_brand","embeddable":true,"href":"https:\/\/ellypara.com\/index.php\/wp-json\/wp\/v2\/product_brand?post=1581"},{"taxonomy":"product_cat","embeddable":true,"href":"https:\/\/ellypara.com\/index.php\/wp-json\/wp\/v2\/product_cat?post=1581"},{"taxonomy":"product_tag","embeddable":true,"href":"https:\/\/ellypara.com\/index.php\/wp-json\/wp\/v2\/product_tag?post=1581"}],"curies":[{"name":"wp","href":"https:\/\/api.w.org\/{rel}","templated":true}]}}