{"id":1589,"date":"2025-04-20T15:50:25","date_gmt":"2025-04-20T13:50:25","guid":{"rendered":"https:\/\/ellypara.com\/?post_type=product&#038;p=1589"},"modified":"2025-04-20T15:50:25","modified_gmt":"2025-04-20T13:50:25","slug":"sensilis-gel-mat-invisible-oil-free-et-anti-age-spf50-40ml","status":"publish","type":"product","link":"https:\/\/ellypara.com\/index.php\/produit\/sensilis-gel-mat-invisible-oil-free-et-anti-age-spf50-40ml\/","title":{"rendered":"Sensilis Gel Mat Invisible Oil-Free et Anti-Age SPF50+ 40ml"},"content":{"rendered":"<p>GEL MAT INVISIBLE oil-free et anti-\u00e2ge SPF50+ de SENSILIS<\/p>\n<p>Gel \u00e0 la texture fluide et \u00e0 l\u2019extensibilit\u00e9 facile qui procure une d\u00e9licate sensation de l\u00e9g\u00e8ret\u00e9 et de douceur. Haute protection du visage avec une texture velout\u00e9e invisible et un fini non gras. Pour les hommes et les femmes qui aiment le plein air et la libert\u00e9. Id\u00e9al pour les athl\u00e8tes de plein air gr\u00e2ce \u00e0 sa texture r\u00e9sistante \u00e0 la sueur et \u00e0 l\u2019eau. Sp\u00e9cialement con\u00e7u pour les peaux grasses et les zones poilues.<\/p>\n<p>Il est formul\u00e9 avec une combinaison de Filtres Chimiques qui garantissent une haute protection solaire UVA et UVB. La pr\u00e9sence d\u2019actifs hydratants, antioxydants et protecteurs de l\u2019ADN, restructurants et apaisants apporte un plus suppl\u00e9mentaire au produit, renfor\u00e7ant son action protectrice et anti-\u00e2ge , laissant la peau douce et conditionn\u00e9e.<\/p>\n<p>Gr\u00e2ce au complexe antioxydant, aux extraits de plantes et \u00e0 la vitamine E, il aide \u00e0 prot\u00e9ger l\u2019ADN cellulaire de la fragmentation produite par les rayons UV et exerce une puissante action antioxydante pour lutter contre le vieillissement cutan\u00e9.<\/p>\n<p><strong>Mode d\u2019emploi :<\/strong><\/p>\n<p>\u2013 Agiter avant utilisation.<\/p>\n<p>\u2013 Appliquer sur les zones souhait\u00e9es au moins 30 minutes avant l\u2019exposition au soleil.<\/p>\n<p>\u2013 Renouveler l\u2019application au bout de 2 heures, apr\u00e8s avoir pris un bain ou transpir\u00e9.<\/p>\n<p><strong>Composition :<\/strong><\/p>\n<p>CAPRYLYL M\u00c9THICONE ; C12-15 ALKYL BENZOATE ; DIETHYLAMINO HYDROXYBENZOYL HEXYL BENZOATE ; PHENETHYL BENZOATE ; PEG-12 DIMETHICONE\/PPG-20 CROSSPOLYMER ; BIS-ETHYLHEXYLOXYPHENOL METHOXYPHENYL TRIAZINE ; ETHYLHEXYL SALICYLATE ; ETHYLHEXYL TRIAZONE ; DIETHYLHEXYL BUTAMIDO TRIAZONE ; SILICE ; SILICA DIMETHYL SILYLATE ; BISABOLOL ; EXTRAIT DE FRUIT DE SCHISANDRA CHINENSIS ; EXTRAIT D\u2019ARTEMISIA UMBELLIFORMIS ; EXTRAIT DE FEUILLE DE BUDDLEJA DAVIDII ; EXTRAIT DE FEUILLE DE PEUCEDANUM OSTRUTHIUM ; EXTRAIT D\u2019\u00c9CORCE\/DE BOURGEON DE PINUS PINASTER ; HYALURONATE DE SODIUM ; GLYC\u00c9RINE ; AQUA (EAU) ; PALMITATE D\u2019\u00c9THYLHEXYLE ; DIGLYC\u00c9RINE ; TRIHYDROXYST\u00c9ARINE ; AC\u00c9TATE DE TOCOPH\u00c9RYLE ; BENZOATE DE SODIUM ; SORBATE DE POTASSIUM ; PARFUM (FRAGRANCE) ; BENZOATE DE BENZYLE.<\/p>\n<p>*LES FORMULES ET LES INGR\u00c9DIENTS PEUVENT CHANGER DE TEMPS \u00c0 AUTRE. VOIR L\u2019EMBALLAGE DU PRODUIT.<\/p>\n","protected":false},"excerpt":{"rendered":"<p>Sensilis Invisible Matt Gel SPF50 40ml est un gel matifiant invisible \u00e0 haute protection solaire, formul\u00e9 avec des principes actifs hydratants, antioxydants et protecteurs de la peau.<\/p>\n","protected":false},"featured_media":1590,"comment_status":"open","ping_status":"closed","template":"","meta":{"ocean_post_layout":"","ocean_both_sidebars_style":"","ocean_both_sidebars_content_width":0,"ocean_both_sidebars_sidebars_width":0,"ocean_sidebar":"0","ocean_second_sidebar":"0","ocean_disable_margins":"enable","ocean_add_body_class":"","ocean_shortcode_before_top_bar":"","ocean_shortcode_after_top_bar":"","ocean_shortcode_before_header":"","ocean_shortcode_after_header":"","ocean_has_shortcode":"","ocean_shortcode_after_title":"","ocean_shortcode_before_footer_widgets":"","ocean_shortcode_after_footer_widgets":"","ocean_shortcode_before_footer_bottom":"","ocean_shortcode_after_footer_bottom":"","ocean_display_top_bar":"default","ocean_display_header":"default","ocean_header_style":"","ocean_center_header_left_menu":"0","ocean_custom_header_template":"0","ocean_custom_logo":0,"ocean_custom_retina_logo":0,"ocean_custom_logo_max_width":0,"ocean_custom_logo_tablet_max_width":0,"ocean_custom_logo_mobile_max_width":0,"ocean_custom_logo_max_height":0,"ocean_custom_logo_tablet_max_height":0,"ocean_custom_logo_mobile_max_height":0,"ocean_header_custom_menu":"0","ocean_menu_typo_font_family":"0","ocean_menu_typo_font_subset":"","ocean_menu_typo_font_size":0,"ocean_menu_typo_font_size_tablet":0,"ocean_menu_typo_font_size_mobile":0,"ocean_menu_typo_font_size_unit":"px","ocean_menu_typo_font_weight":"","ocean_menu_typo_font_weight_tablet":"","ocean_menu_typo_font_weight_mobile":"","ocean_menu_typo_transform":"","ocean_menu_typo_transform_tablet":"","ocean_menu_typo_transform_mobile":"","ocean_menu_typo_line_height":0,"ocean_menu_typo_line_height_tablet":0,"ocean_menu_typo_line_height_mobile":0,"ocean_menu_typo_line_height_unit":"","ocean_menu_typo_spacing":0,"ocean_menu_typo_spacing_tablet":0,"ocean_menu_typo_spacing_mobile":0,"ocean_menu_typo_spacing_unit":"","ocean_menu_link_color":"","ocean_menu_link_color_hover":"","ocean_menu_link_color_active":"","ocean_menu_link_background":"","ocean_menu_link_hover_background":"","ocean_menu_link_active_background":"","ocean_menu_social_links_bg":"","ocean_menu_social_hover_links_bg":"","ocean_menu_social_links_color":"","ocean_menu_social_hover_links_color":"","ocean_disable_title":"default","ocean_disable_heading":"default","ocean_post_title":"","ocean_post_subheading":"","ocean_post_title_style":"","ocean_post_title_background_color":"","ocean_post_title_background":0,"ocean_post_title_bg_image_position":"","ocean_post_title_bg_image_attachment":"","ocean_post_title_bg_image_repeat":"","ocean_post_title_bg_image_size":"","ocean_post_title_height":0,"ocean_post_title_bg_overlay":0.5,"ocean_post_title_bg_overlay_color":"","ocean_disable_breadcrumbs":"default","ocean_breadcrumbs_color":"","ocean_breadcrumbs_separator_color":"","ocean_breadcrumbs_links_color":"","ocean_breadcrumbs_links_hover_color":"","ocean_display_footer_widgets":"default","ocean_display_footer_bottom":"default","ocean_custom_footer_template":"0"},"product_brand":[],"product_cat":[76,72,20],"product_tag":[],"class_list":{"0":"post-1589","1":"product","2":"type-product","3":"status-publish","4":"has-post-thumbnail","6":"product_cat-peaux-mixtes-a-grasses","7":"product_cat-protection-solaire-solaire","8":"product_cat-solaire","10":"entry","11":"has-media","13":"first","14":"instock","15":"taxable","16":"shipping-taxable","17":"purchasable","18":"product-type-simple","19":"has-product-nav","20":"col","21":"span_1_of_3","22":"owp-content-center","23":"owp-thumbs-layout-horizontal","24":"owp-btn-normal","25":"owp-tabs-layout-horizontal"},"_links":{"self":[{"href":"https:\/\/ellypara.com\/index.php\/wp-json\/wp\/v2\/product\/1589","targetHints":{"allow":["GET"]}}],"collection":[{"href":"https:\/\/ellypara.com\/index.php\/wp-json\/wp\/v2\/product"}],"about":[{"href":"https:\/\/ellypara.com\/index.php\/wp-json\/wp\/v2\/types\/product"}],"replies":[{"embeddable":true,"href":"https:\/\/ellypara.com\/index.php\/wp-json\/wp\/v2\/comments?post=1589"}],"wp:featuredmedia":[{"embeddable":true,"href":"https:\/\/ellypara.com\/index.php\/wp-json\/wp\/v2\/media\/1590"}],"wp:attachment":[{"href":"https:\/\/ellypara.com\/index.php\/wp-json\/wp\/v2\/media?parent=1589"}],"wp:term":[{"taxonomy":"product_brand","embeddable":true,"href":"https:\/\/ellypara.com\/index.php\/wp-json\/wp\/v2\/product_brand?post=1589"},{"taxonomy":"product_cat","embeddable":true,"href":"https:\/\/ellypara.com\/index.php\/wp-json\/wp\/v2\/product_cat?post=1589"},{"taxonomy":"product_tag","embeddable":true,"href":"https:\/\/ellypara.com\/index.php\/wp-json\/wp\/v2\/product_tag?post=1589"}],"curies":[{"name":"wp","href":"https:\/\/api.w.org\/{rel}","templated":true}]}}