{"id":1606,"date":"2025-04-20T17:02:27","date_gmt":"2025-04-20T15:02:27","guid":{"rendered":"https:\/\/ellypara.com\/?post_type=product&#038;p=1606"},"modified":"2025-04-20T17:02:28","modified_gmt":"2025-04-20T15:02:28","slug":"sensilis-palpebral-relief-ecz-demaquillant-et-traitement-2en1-100ml","status":"publish","type":"product","link":"https:\/\/ellypara.com\/index.php\/produit\/sensilis-palpebral-relief-ecz-demaquillant-et-traitement-2en1-100ml\/","title":{"rendered":"SENSILIS Palpebral Relief [ECZ] Demaquillant Et Traitement 2en1 100ml"},"content":{"rendered":"<p><strong>Sensilis Palpebral Relief [ECZ] Make-Up Remover &amp; Treatment 100ml<\/strong>\u00a0 est un produit apaisant multi-usages qui d\u00e9maquille en douceur tout en r\u00e9parant les paupi\u00e8res sujettes \u00e0 l\u2019ecz\u00e9ma. D\u2019une texture cr\u00e8me r\u00e9confortante, il convient aux paupi\u00e8res irrit\u00e9es, sensibles et sujettes \u00e0 l\u2019ecz\u00e9ma. Afin d\u2019obtenir des r\u00e9sultats \u00e0 la fois apaisants et r\u00e9parateurs, cette formule v\u00e9g\u00e9talienne contient des ingr\u00e9dients r\u00e9g\u00e9n\u00e9rants. L\u2019huile de babasu agit pour hydrater, r\u00e9parer et apaiser la peau en m\u00eame temps. De plus, la camomille d\u00e9livre \u00e0 la fois une action anti-inflammatoire et apaisante naturelle. Chaque application contribue \u00e0 r\u00e9duire les irritations, d\u00e9mangeaisons et rougeurs, tout en apaisant l\u2019ecz\u00e9ma. Utilisez-le pour enlever tous les types de maquillage, y compris waterproof<\/p>\n<h3>conseils d\u2019utilisation<\/h3>\n<p>Utilisez\u00a0<strong>Sensilis Palpebral Relief [ECZ] Make-Up Remover &amp; Treatment 100ml<\/strong>\u00a0comme d\u00e9maquillant et\/ou comme traitement pour les paupi\u00e8res sensibles ou sujettes \u00e0 l\u2019ecz\u00e9ma.<\/p>\n<p><strong>Makeup remover:<\/strong>\u00a0Appliquer le produit sur un coton rond et appuyer doucement sur les paupi\u00e8res, sans frotter. Attendez quelques secondes avant de glisser doucement vers le bas.<\/p>\n<p><strong>Soothing cream:<\/strong>\u00a0Appliquer une petite quantit\u00e9 de produit sur les paupi\u00e8res s\u00e8ches et propres<\/p>\n","protected":false},"excerpt":{"rendered":"<p>R\u00e9duit les rougeurs et soulage les d\u00e9mangeaisons. \u00b7 Action antioxydante. \u00b7 \u00c9limine les impuret\u00e9s m\u00eame le maquillage waterproof.<\/p>\n","protected":false},"featured_media":1607,"comment_status":"open","ping_status":"closed","template":"","meta":{"ocean_post_layout":"","ocean_both_sidebars_style":"","ocean_both_sidebars_content_width":0,"ocean_both_sidebars_sidebars_width":0,"ocean_sidebar":"0","ocean_second_sidebar":"0","ocean_disable_margins":"enable","ocean_add_body_class":"","ocean_shortcode_before_top_bar":"","ocean_shortcode_after_top_bar":"","ocean_shortcode_before_header":"","ocean_shortcode_after_header":"","ocean_has_shortcode":"","ocean_shortcode_after_title":"","ocean_shortcode_before_footer_widgets":"","ocean_shortcode_after_footer_widgets":"","ocean_shortcode_before_footer_bottom":"","ocean_shortcode_after_footer_bottom":"","ocean_display_top_bar":"default","ocean_display_header":"default","ocean_header_style":"","ocean_center_header_left_menu":"0","ocean_custom_header_template":"0","ocean_custom_logo":0,"ocean_custom_retina_logo":0,"ocean_custom_logo_max_width":0,"ocean_custom_logo_tablet_max_width":0,"ocean_custom_logo_mobile_max_width":0,"ocean_custom_logo_max_height":0,"ocean_custom_logo_tablet_max_height":0,"ocean_custom_logo_mobile_max_height":0,"ocean_header_custom_menu":"0","ocean_menu_typo_font_family":"0","ocean_menu_typo_font_subset":"","ocean_menu_typo_font_size":0,"ocean_menu_typo_font_size_tablet":0,"ocean_menu_typo_font_size_mobile":0,"ocean_menu_typo_font_size_unit":"px","ocean_menu_typo_font_weight":"","ocean_menu_typo_font_weight_tablet":"","ocean_menu_typo_font_weight_mobile":"","ocean_menu_typo_transform":"","ocean_menu_typo_transform_tablet":"","ocean_menu_typo_transform_mobile":"","ocean_menu_typo_line_height":0,"ocean_menu_typo_line_height_tablet":0,"ocean_menu_typo_line_height_mobile":0,"ocean_menu_typo_line_height_unit":"","ocean_menu_typo_spacing":0,"ocean_menu_typo_spacing_tablet":0,"ocean_menu_typo_spacing_mobile":0,"ocean_menu_typo_spacing_unit":"","ocean_menu_link_color":"","ocean_menu_link_color_hover":"","ocean_menu_link_color_active":"","ocean_menu_link_background":"","ocean_menu_link_hover_background":"","ocean_menu_link_active_background":"","ocean_menu_social_links_bg":"","ocean_menu_social_hover_links_bg":"","ocean_menu_social_links_color":"","ocean_menu_social_hover_links_color":"","ocean_disable_title":"default","ocean_disable_heading":"default","ocean_post_title":"","ocean_post_subheading":"","ocean_post_title_style":"","ocean_post_title_background_color":"","ocean_post_title_background":0,"ocean_post_title_bg_image_position":"","ocean_post_title_bg_image_attachment":"","ocean_post_title_bg_image_repeat":"","ocean_post_title_bg_image_size":"","ocean_post_title_height":0,"ocean_post_title_bg_overlay":0.5,"ocean_post_title_bg_overlay_color":"","ocean_disable_breadcrumbs":"default","ocean_breadcrumbs_color":"","ocean_breadcrumbs_separator_color":"","ocean_breadcrumbs_links_color":"","ocean_breadcrumbs_links_hover_color":"","ocean_display_footer_widgets":"default","ocean_display_footer_bottom":"default","ocean_custom_footer_template":"0"},"product_brand":[],"product_cat":[41,21],"product_tag":[],"class_list":{"0":"post-1606","1":"product","2":"type-product","3":"status-publish","4":"has-post-thumbnail","6":"product_cat-nettoyants-visage","7":"product_cat-visage","9":"entry","10":"has-media","12":"first","13":"instock","14":"taxable","15":"shipping-taxable","16":"purchasable","17":"product-type-simple","18":"has-product-nav","19":"col","20":"span_1_of_3","21":"owp-content-center","22":"owp-thumbs-layout-horizontal","23":"owp-btn-normal","24":"owp-tabs-layout-horizontal","25":"has-no-thumbnails"},"_links":{"self":[{"href":"https:\/\/ellypara.com\/index.php\/wp-json\/wp\/v2\/product\/1606","targetHints":{"allow":["GET"]}}],"collection":[{"href":"https:\/\/ellypara.com\/index.php\/wp-json\/wp\/v2\/product"}],"about":[{"href":"https:\/\/ellypara.com\/index.php\/wp-json\/wp\/v2\/types\/product"}],"replies":[{"embeddable":true,"href":"https:\/\/ellypara.com\/index.php\/wp-json\/wp\/v2\/comments?post=1606"}],"wp:featuredmedia":[{"embeddable":true,"href":"https:\/\/ellypara.com\/index.php\/wp-json\/wp\/v2\/media\/1607"}],"wp:attachment":[{"href":"https:\/\/ellypara.com\/index.php\/wp-json\/wp\/v2\/media?parent=1606"}],"wp:term":[{"taxonomy":"product_brand","embeddable":true,"href":"https:\/\/ellypara.com\/index.php\/wp-json\/wp\/v2\/product_brand?post=1606"},{"taxonomy":"product_cat","embeddable":true,"href":"https:\/\/ellypara.com\/index.php\/wp-json\/wp\/v2\/product_cat?post=1606"},{"taxonomy":"product_tag","embeddable":true,"href":"https:\/\/ellypara.com\/index.php\/wp-json\/wp\/v2\/product_tag?post=1606"}],"curies":[{"name":"wp","href":"https:\/\/api.w.org\/{rel}","templated":true}]}}