{"id":1608,"date":"2025-04-20T17:06:56","date_gmt":"2025-04-20T15:06:56","guid":{"rendered":"https:\/\/ellypara.com\/?post_type=product&#038;p=1608"},"modified":"2025-04-20T17:06:56","modified_gmt":"2025-04-20T15:06:56","slug":"sensilis-gentle-cleansing-mousse-200-ml","status":"publish","type":"product","link":"https:\/\/ellypara.com\/index.php\/produit\/sensilis-gentle-cleansing-mousse-200-ml\/","title":{"rendered":"SENSILIS Gentle Cleansing Mousse 200 ml"},"content":{"rendered":"<p><strong>Sensilis Mousse Nettoyante Douce 200ml<\/strong><\/p>\n<p>Mousse nettoyante sp\u00e9cifiquement con\u00e7ue pour les peaux s\u00e8ches, sensibles et r\u00e9actives qui respecte le manteau lipidique de la peau. Il assure le nettoyage et l\u2019hydratation gr\u00e2ce \u00e0 l\u2019acide hyaluronique. Sa formule contient des principes actifs apaisants tels que la r\u00e9glisse et le panth\u00e9nol pour aider \u00e0 calmer les irritations et les rougeurs du visage.<\/p>\n<p><strong>Mode d\u2019emploi<\/strong><\/p>\n<p>Appliquer sur la peau humide du visage et masser doucement, puis rincer abondamment \u00e0 l\u2019eau.<\/p>\n<p><strong>Composition<\/strong><\/p>\n<p>AQUA (EAU), SODIUM LAUROYL SARCOSINATE, SODIUM COCOAMPHOACETATE, METHYLPROPANEDIOL, PANTHENOL, PPG-26-BUTETH-26, ACIDE CITRIQUE, PEG-40 HYDROGENATED CASTOR OIL, BAMBUSA ARUNDINACEA STEM POWDER, MIMOSA TENUIFLORA BARK EXTRACT, MORINGA OLEIFERA SEED EXTRACT, B\u00c9TA\u00cfNE, EDTA DISODIQUE, GLYC\u00c9RINE, CHLORURE DE SODIUM, EDTA T\u00c9TRASODIQUE, BENZOPH\u00c9NONE-4, PROPYL\u00c8NE GLYCOL, BROMURE DE C\u00c9TRIMONIUM, PH\u00c9NOXY\u00c9THANOL, \u00c9THYLHEXYLGLYC\u00c9RINE, D\u00c9HYDROAC\u00c9TATE DE SODIUM, PHOSPHATE DISODIQUE, SORBATE DE POTASSIUM, CI 16035 (ROUGE 40), PARFUM (FRAGRANCE).<\/p>\n<p><strong>Conseil Pharmaceutique<\/strong><\/p>\n<p>La glyc\u00e9rine, aussi appel\u00e9e glyc\u00e9rol, est un liquide visqueux, inodore et incolore, obtenu lors de la fermentation alcoolique et entrant dans la composition des triglyc\u00e9rides. Tr\u00e8s appr\u00e9ci\u00e9e pour ses propri\u00e9t\u00e9s hydratantes et \u00e9mollientes, elle est largement utilis\u00e9e dans les cosm\u00e9tiques.<\/p>\n<p>Le savon est l\u2019un des produits les plus connus dont la glyc\u00e9rine est le composant de base. Ces savons ont un pH faible et agissent comme des \u00e9mollients sur la peau, l\u2019aidant \u00e0 maintenir et \u00e0 retrouver son niveau d\u2019hydratation naturel. Par cons\u00e9quent, ils conviennent parfaitement \u00e0 l\u2019hygi\u00e8ne des peaux sensibles ou s\u00e8ches.<\/p>\n<p>La glyc\u00e9rine est \u00e9galement pr\u00e9sente dans les cr\u00e8mes hydratantes anti-\u00e2ge, en raison de sa capacit\u00e9 \u00e0 adoucir la peau et \u00e0 augmenter son \u00e9lasticit\u00e9. Son grand pouvoir apaisant en fait un produit efficace pour r\u00e9duire les irritations, les marques d\u2019acn\u00e9 ou les petites br\u00fblures, contribuant \u00e0 acc\u00e9l\u00e9rer la cicatrisation. On la retrouve \u00e9galement dans les lotions de rasage, car elle r\u00e9duit les frottements, ainsi que dans les soins capillaires tels que les s\u00e9rums et les masques.<\/p>\n","protected":false},"excerpt":{"rendered":"<p>Nettoie et soigne en douceur les peaux sensibles.<\/p>\n","protected":false},"featured_media":1609,"comment_status":"open","ping_status":"closed","template":"","meta":{"ocean_post_layout":"","ocean_both_sidebars_style":"","ocean_both_sidebars_content_width":0,"ocean_both_sidebars_sidebars_width":0,"ocean_sidebar":"0","ocean_second_sidebar":"0","ocean_disable_margins":"enable","ocean_add_body_class":"","ocean_shortcode_before_top_bar":"","ocean_shortcode_after_top_bar":"","ocean_shortcode_before_header":"","ocean_shortcode_after_header":"","ocean_has_shortcode":"","ocean_shortcode_after_title":"","ocean_shortcode_before_footer_widgets":"","ocean_shortcode_after_footer_widgets":"","ocean_shortcode_before_footer_bottom":"","ocean_shortcode_after_footer_bottom":"","ocean_display_top_bar":"default","ocean_display_header":"default","ocean_header_style":"","ocean_center_header_left_menu":"0","ocean_custom_header_template":"0","ocean_custom_logo":0,"ocean_custom_retina_logo":0,"ocean_custom_logo_max_width":0,"ocean_custom_logo_tablet_max_width":0,"ocean_custom_logo_mobile_max_width":0,"ocean_custom_logo_max_height":0,"ocean_custom_logo_tablet_max_height":0,"ocean_custom_logo_mobile_max_height":0,"ocean_header_custom_menu":"0","ocean_menu_typo_font_family":"0","ocean_menu_typo_font_subset":"","ocean_menu_typo_font_size":0,"ocean_menu_typo_font_size_tablet":0,"ocean_menu_typo_font_size_mobile":0,"ocean_menu_typo_font_size_unit":"px","ocean_menu_typo_font_weight":"","ocean_menu_typo_font_weight_tablet":"","ocean_menu_typo_font_weight_mobile":"","ocean_menu_typo_transform":"","ocean_menu_typo_transform_tablet":"","ocean_menu_typo_transform_mobile":"","ocean_menu_typo_line_height":0,"ocean_menu_typo_line_height_tablet":0,"ocean_menu_typo_line_height_mobile":0,"ocean_menu_typo_line_height_unit":"","ocean_menu_typo_spacing":0,"ocean_menu_typo_spacing_tablet":0,"ocean_menu_typo_spacing_mobile":0,"ocean_menu_typo_spacing_unit":"","ocean_menu_link_color":"","ocean_menu_link_color_hover":"","ocean_menu_link_color_active":"","ocean_menu_link_background":"","ocean_menu_link_hover_background":"","ocean_menu_link_active_background":"","ocean_menu_social_links_bg":"","ocean_menu_social_hover_links_bg":"","ocean_menu_social_links_color":"","ocean_menu_social_hover_links_color":"","ocean_disable_title":"default","ocean_disable_heading":"default","ocean_post_title":"","ocean_post_subheading":"","ocean_post_title_style":"","ocean_post_title_background_color":"","ocean_post_title_background":0,"ocean_post_title_bg_image_position":"","ocean_post_title_bg_image_attachment":"","ocean_post_title_bg_image_repeat":"","ocean_post_title_bg_image_size":"","ocean_post_title_height":0,"ocean_post_title_bg_overlay":0.5,"ocean_post_title_bg_overlay_color":"","ocean_disable_breadcrumbs":"default","ocean_breadcrumbs_color":"","ocean_breadcrumbs_separator_color":"","ocean_breadcrumbs_links_color":"","ocean_breadcrumbs_links_hover_color":"","ocean_display_footer_widgets":"default","ocean_display_footer_bottom":"default","ocean_custom_footer_template":"0"},"product_brand":[],"product_cat":[41,21],"product_tag":[],"class_list":{"0":"post-1608","1":"product","2":"type-product","3":"status-publish","4":"has-post-thumbnail","6":"product_cat-nettoyants-visage","7":"product_cat-visage","9":"entry","10":"has-media","12":"first","13":"instock","14":"taxable","15":"shipping-taxable","16":"purchasable","17":"product-type-simple","18":"has-product-nav","19":"col","20":"span_1_of_3","21":"owp-content-center","22":"owp-thumbs-layout-horizontal","23":"owp-btn-normal","24":"owp-tabs-layout-horizontal","25":"has-no-thumbnails"},"_links":{"self":[{"href":"https:\/\/ellypara.com\/index.php\/wp-json\/wp\/v2\/product\/1608","targetHints":{"allow":["GET"]}}],"collection":[{"href":"https:\/\/ellypara.com\/index.php\/wp-json\/wp\/v2\/product"}],"about":[{"href":"https:\/\/ellypara.com\/index.php\/wp-json\/wp\/v2\/types\/product"}],"replies":[{"embeddable":true,"href":"https:\/\/ellypara.com\/index.php\/wp-json\/wp\/v2\/comments?post=1608"}],"wp:featuredmedia":[{"embeddable":true,"href":"https:\/\/ellypara.com\/index.php\/wp-json\/wp\/v2\/media\/1609"}],"wp:attachment":[{"href":"https:\/\/ellypara.com\/index.php\/wp-json\/wp\/v2\/media?parent=1608"}],"wp:term":[{"taxonomy":"product_brand","embeddable":true,"href":"https:\/\/ellypara.com\/index.php\/wp-json\/wp\/v2\/product_brand?post=1608"},{"taxonomy":"product_cat","embeddable":true,"href":"https:\/\/ellypara.com\/index.php\/wp-json\/wp\/v2\/product_cat?post=1608"},{"taxonomy":"product_tag","embeddable":true,"href":"https:\/\/ellypara.com\/index.php\/wp-json\/wp\/v2\/product_tag?post=1608"}],"curies":[{"name":"wp","href":"https:\/\/api.w.org\/{rel}","templated":true}]}}