{"id":1615,"date":"2025-04-20T21:54:08","date_gmt":"2025-04-20T19:54:08","guid":{"rendered":"https:\/\/ellypara.com\/?post_type=product&#038;p=1615"},"modified":"2025-04-20T21:54:08","modified_gmt":"2025-04-20T19:54:08","slug":"sensilis-sun-secret-ultra-fluide-aqueux-spf50-40ml","status":"publish","type":"product","link":"https:\/\/ellypara.com\/index.php\/produit\/sensilis-sun-secret-ultra-fluide-aqueux-spf50-40ml\/","title":{"rendered":"SENSILIS Sun Secret Ultra-Fluide Aqueux SPF50+ 40ml"},"content":{"rendered":"<p><strong>SENSILIS Sun Secret Ultra-fluide Aqueux SPF50+<\/strong>\u00a0est un fluide ultra-l\u00e9ger \u00e0 la texture soyeuse et \u00e0 absorption rapide. Sa base aqueuse se fond sur votre peau en lui procurant une d\u00e9licate sensation de fra\u00eecheur et un fini soyeux et mat.<\/p>\n<p>SENSILIS Sun Secret Ultra-fluide Aqueux offre une excellente photoprotection \u00e0 la peau contre le vieillissement pr\u00e9matur\u00e9. Ses propri\u00e9t\u00e9s anti-\u00e2ge, antioxydantes et apaisantes permettront de prot\u00e9ger votre peau des effets n\u00e9fastes du soleil et du photovieillissement.<\/p>\n<p>Une peau bronz\u00e9e, mais toujours soign\u00e9e et prot\u00e9g\u00e9e avec notre protection du visage ultra-l\u00e9g\u00e8re SPF 50+. Sa base aqueuse se fond sur votre peau en lui procurant une d\u00e9licate sensation de fra\u00eecheur et un fini soyeux et mat. Test\u00e9 sous contr\u00f4le ophtalmologique. Non com\u00e9dog\u00e8ne. Sans colorants. Ne pique pas les yeux.<\/p>\n<p><strong>Mode d\u2019emploi :<\/strong><\/p>\n<p>Verser quelques gouttes et l\u2019appliquer depuis la moiti\u00e9 du visage jusqu\u2019au menton, de l\u2019int\u00e9rieur vers l\u2019ext\u00e9rieur, par des tapotements.<\/p>\n<p>Mettre le produit sur le front et l\u2019\u00e9taler de bas en haut.<\/p>\n<p>Appliquer sur les zones souhait\u00e9es au moins 30 minutes avant l\u2019exposition au soleil. Appliquer fr\u00e9quemment et en quantit\u00e9s appropri\u00e9es. Limiter le temps d\u2019exposition au soleil et \u00e9viter les heures \u00e0 forte intensit\u00e9 solaire.<\/p>\n","protected":false},"excerpt":{"rendered":"<p>Une peau bronz\u00e9e mais toujours soign\u00e9e et prot\u00e9g\u00e9e avec notre protection du visage ultra-l\u00e9g\u00e8re SPF 50+. Sa base aqueuse se fond sur votre peau en lui procurant une d\u00e9licate sensation de fra\u00eecheur et un fini soyeux et mat. Test\u00e9 sous contr\u00f4le ophtalmologique. Non com\u00e9dog\u00e8ne. Sans colorants. Ne pique pas les yeux.<\/p>\n","protected":false},"featured_media":1616,"comment_status":"open","ping_status":"closed","template":"","meta":{"ocean_post_layout":"","ocean_both_sidebars_style":"","ocean_both_sidebars_content_width":0,"ocean_both_sidebars_sidebars_width":0,"ocean_sidebar":"0","ocean_second_sidebar":"0","ocean_disable_margins":"enable","ocean_add_body_class":"","ocean_shortcode_before_top_bar":"","ocean_shortcode_after_top_bar":"","ocean_shortcode_before_header":"","ocean_shortcode_after_header":"","ocean_has_shortcode":"","ocean_shortcode_after_title":"","ocean_shortcode_before_footer_widgets":"","ocean_shortcode_after_footer_widgets":"","ocean_shortcode_before_footer_bottom":"","ocean_shortcode_after_footer_bottom":"","ocean_display_top_bar":"default","ocean_display_header":"default","ocean_header_style":"","ocean_center_header_left_menu":"0","ocean_custom_header_template":"0","ocean_custom_logo":0,"ocean_custom_retina_logo":0,"ocean_custom_logo_max_width":0,"ocean_custom_logo_tablet_max_width":0,"ocean_custom_logo_mobile_max_width":0,"ocean_custom_logo_max_height":0,"ocean_custom_logo_tablet_max_height":0,"ocean_custom_logo_mobile_max_height":0,"ocean_header_custom_menu":"0","ocean_menu_typo_font_family":"0","ocean_menu_typo_font_subset":"","ocean_menu_typo_font_size":0,"ocean_menu_typo_font_size_tablet":0,"ocean_menu_typo_font_size_mobile":0,"ocean_menu_typo_font_size_unit":"px","ocean_menu_typo_font_weight":"","ocean_menu_typo_font_weight_tablet":"","ocean_menu_typo_font_weight_mobile":"","ocean_menu_typo_transform":"","ocean_menu_typo_transform_tablet":"","ocean_menu_typo_transform_mobile":"","ocean_menu_typo_line_height":0,"ocean_menu_typo_line_height_tablet":0,"ocean_menu_typo_line_height_mobile":0,"ocean_menu_typo_line_height_unit":"","ocean_menu_typo_spacing":0,"ocean_menu_typo_spacing_tablet":0,"ocean_menu_typo_spacing_mobile":0,"ocean_menu_typo_spacing_unit":"","ocean_menu_link_color":"","ocean_menu_link_color_hover":"","ocean_menu_link_color_active":"","ocean_menu_link_background":"","ocean_menu_link_hover_background":"","ocean_menu_link_active_background":"","ocean_menu_social_links_bg":"","ocean_menu_social_hover_links_bg":"","ocean_menu_social_links_color":"","ocean_menu_social_hover_links_color":"","ocean_disable_title":"default","ocean_disable_heading":"default","ocean_post_title":"","ocean_post_subheading":"","ocean_post_title_style":"","ocean_post_title_background_color":"","ocean_post_title_background":0,"ocean_post_title_bg_image_position":"","ocean_post_title_bg_image_attachment":"","ocean_post_title_bg_image_repeat":"","ocean_post_title_bg_image_size":"","ocean_post_title_height":0,"ocean_post_title_bg_overlay":0.5,"ocean_post_title_bg_overlay_color":"","ocean_disable_breadcrumbs":"default","ocean_breadcrumbs_color":"","ocean_breadcrumbs_separator_color":"","ocean_breadcrumbs_links_color":"","ocean_breadcrumbs_links_hover_color":"","ocean_display_footer_widgets":"default","ocean_display_footer_bottom":"default","ocean_custom_footer_template":"0"},"product_brand":[],"product_cat":[78,72,20],"product_tag":[],"class_list":{"0":"post-1615","1":"product","2":"type-product","3":"status-publish","4":"has-post-thumbnail","6":"product_cat-anti-rides","7":"product_cat-protection-solaire-solaire","8":"product_cat-solaire","10":"entry","11":"has-media","13":"first","14":"instock","15":"taxable","16":"shipping-taxable","17":"purchasable","18":"product-type-simple","19":"has-product-nav","20":"col","21":"span_1_of_3","22":"owp-content-center","23":"owp-thumbs-layout-horizontal","24":"owp-btn-normal","25":"owp-tabs-layout-horizontal"},"_links":{"self":[{"href":"https:\/\/ellypara.com\/index.php\/wp-json\/wp\/v2\/product\/1615","targetHints":{"allow":["GET"]}}],"collection":[{"href":"https:\/\/ellypara.com\/index.php\/wp-json\/wp\/v2\/product"}],"about":[{"href":"https:\/\/ellypara.com\/index.php\/wp-json\/wp\/v2\/types\/product"}],"replies":[{"embeddable":true,"href":"https:\/\/ellypara.com\/index.php\/wp-json\/wp\/v2\/comments?post=1615"}],"wp:featuredmedia":[{"embeddable":true,"href":"https:\/\/ellypara.com\/index.php\/wp-json\/wp\/v2\/media\/1616"}],"wp:attachment":[{"href":"https:\/\/ellypara.com\/index.php\/wp-json\/wp\/v2\/media?parent=1615"}],"wp:term":[{"taxonomy":"product_brand","embeddable":true,"href":"https:\/\/ellypara.com\/index.php\/wp-json\/wp\/v2\/product_brand?post=1615"},{"taxonomy":"product_cat","embeddable":true,"href":"https:\/\/ellypara.com\/index.php\/wp-json\/wp\/v2\/product_cat?post=1615"},{"taxonomy":"product_tag","embeddable":true,"href":"https:\/\/ellypara.com\/index.php\/wp-json\/wp\/v2\/product_tag?post=1615"}],"curies":[{"name":"wp","href":"https:\/\/api.w.org\/{rel}","templated":true}]}}