{"id":1663,"date":"2025-04-24T18:27:54","date_gmt":"2025-04-24T16:27:54","guid":{"rendered":"https:\/\/ellypara.com\/?post_type=product&#038;p=1663"},"modified":"2025-04-24T18:27:54","modified_gmt":"2025-04-24T16:27:54","slug":"mustela-lait-solaire-tres-haute-protection-40ml","status":"publish","type":"product","link":"https:\/\/ellypara.com\/index.php\/produit\/mustela-lait-solaire-tres-haute-protection-40ml\/","title":{"rendered":"MUSTELA Lait Solaire Tres Haute Protection 40ml"},"content":{"rendered":"<p>Id\u00e9al pour les peaux sensibles et fragiles des tout-petits, le\u00a0<strong>lait solaire SPF 50+<\/strong>\u00a0de la marque\u00a0<strong>Mustela<\/strong>\u00a0offre une tr\u00e8s haute protection contre les\u00a0<strong>UVA et UVB<\/strong>. Il contribue \u00e0 pr\u00e9server le capital soleil des plus jeunes.<\/p>\n<p><strong>PROTECTION SOLAIRE : POURQUOI CHOISIR LE LAIT SPF 50+ MUSTELA ?<\/strong><\/p>\n<p>Ce\u00a0<strong>lait solaire<\/strong>\u00a0a \u00e9t\u00e9 con\u00e7u dans le but de prot\u00e9ger du soleil les b\u00e9b\u00e9s et les jeunes enfants. Il convient \u00e0 tous les types de peau, y compris aux peaux sensibles, \u00e0 tendance atopique ou intol\u00e9rantes au soleil. Dot\u00e9 d\u2019un SPF 50+, il prot\u00e8ge aussi bien des UVA que des UVB, agissant ainsi en\u00a0<strong>pr\u00e9vention des coups de soleil<\/strong>, des dommages cellulaires et du vieillissement pr\u00e9matur\u00e9 de la peau.<\/p>\n<p>Par ailleurs, le lait solaire Mustela dispose d\u2019une formule enrichie en\u00a0<strong>pers\u00e9ose d\u2019avocat bio<\/strong>, un actif qui va aider \u00e0 renforcer la barri\u00e8re cutan\u00e9e, nourrir la peau et la prot\u00e9ger des agressions ext\u00e9rieures. On retrouve \u00e9galement de la glyc\u00e9rine, qui apporte ses propri\u00e9t\u00e9s humectantes et participe au maintien de l\u2019hydratation. Enfin, les\u00a0<strong>huiles v\u00e9g\u00e9tales<\/strong>\u00a0d\u2019avocat et de tournesol sont ajout\u00e9es pour leur richesse naturelle en acides gras, leur pouvoir nourrissant et adoucissant.<\/p>\n<p>Garantissant une\u00a0<strong>tr\u00e8s haute r\u00e9sistance \u00e0 l\u2019eau<\/strong>, le lait solaire SPF 50+ Mustela contient des filtres solaires conformes \u00e0 la r\u00e9glementation d\u2019Hawa\u00ef sur la pr\u00e9servation des coraux. Sa formule non parfum\u00e9e r\u00e9pond parfaitement aux besoins des peaux les plus exigeantes et ne laisse\u00a0<strong>pas de traces blanches<\/strong>. Ce lait solaire peut \u00eatre appliqu\u00e9 sur le visage et le corps, d\u00e8s la naissance quand l\u2019exposition au soleil ne peut pas \u00eatre \u00e9vit\u00e9e. Il peut tout \u00e0 fait \u00eatre utilis\u00e9 par tous les membres de la famille.<\/p>\n<p>Caract\u00e9ristiques :<\/p>\n<ul>\n<li>Ocean\u00a0Respect<\/li>\n<li>Fabriqu\u00e9 en France<\/li>\n<li>Test\u00e9 sous contr\u00f4le dermatologique<\/li>\n<li>Haute tol\u00e9rance test\u00e9e cliniquement<\/li>\n<\/ul>\n<p>Pr\u00e9sentation disponible sur notre parapharmacie en ligne pour le lait solaire SPF 50+ Mustela :<\/p>\n<p>Mustela Lait Solaire Tr\u00e8s Haute Protection SPF 50+ 100 ml<\/p>\n<p><i class=\"fa fa-fw fa-user-md\"><\/i><strong>\u00a0CONSEIL DU PHARMACIEN SUR MUSTELA LAIT SOLAIRE TR\u00c8S HAUTE PROTECTION SPF 50+<\/strong><\/p>\n<p>Utilisez le lait solaire SPF 50+ Mustela avant chaque p\u00e9riode d\u2019exposition au soleil, y compris en cas d\u2019exposition indirecte. Appliquez g\u00e9n\u00e9reusement et uniform\u00e9ment sur le visage et le corps. Une quantit\u00e9 insuffisante r\u00e9duit le niveau de protection solaire. Renouvelez l\u2019application toutes les 2 heures au moins, et apr\u00e8s les baignades, les frottements et les activit\u00e9s physiques. Le soir, apr\u00e8s avoir nettoy\u00e9 et s\u00e9ch\u00e9 la peau pour \u00e9liminer le sel, le sable, le chlore et les filtres UV, hydratez la peau avec le\u00a0lait apr\u00e8s-soleil Mustela.<\/p>\n<p>N\u2019exposez pas les b\u00e9b\u00e9s et les jeunes enfants directement au soleil. Faites-leur porter un chapeau ou une casquette, des lunettes de soleil et un t-shirt (id\u00e9alement anti-UV). Evitez l\u2019exposition entre 11 h et 16 h, quand l\u2019ensoleillement est maximal.<\/p>\n","protected":false},"excerpt":{"rendered":"<p>Ce lait solaire SPF50+ est sp\u00e9cialement con\u00e7u pour la peau d\u00e9licate des b\u00e9b\u00e9s et des enfants.<br \/>\nElle prot\u00e8ge des rayons UVA et UVB et r\u00e9siste \u00e0 l\u2019eau et au sable.<\/p>\n","protected":false},"featured_media":1664,"comment_status":"open","ping_status":"closed","template":"","meta":{"ocean_post_layout":"","ocean_both_sidebars_style":"","ocean_both_sidebars_content_width":0,"ocean_both_sidebars_sidebars_width":0,"ocean_sidebar":"0","ocean_second_sidebar":"0","ocean_disable_margins":"enable","ocean_add_body_class":"","ocean_shortcode_before_top_bar":"","ocean_shortcode_after_top_bar":"","ocean_shortcode_before_header":"","ocean_shortcode_after_header":"","ocean_has_shortcode":"","ocean_shortcode_after_title":"","ocean_shortcode_before_footer_widgets":"","ocean_shortcode_after_footer_widgets":"","ocean_shortcode_before_footer_bottom":"","ocean_shortcode_after_footer_bottom":"","ocean_display_top_bar":"default","ocean_display_header":"default","ocean_header_style":"","ocean_center_header_left_menu":"0","ocean_custom_header_template":"0","ocean_custom_logo":0,"ocean_custom_retina_logo":0,"ocean_custom_logo_max_width":0,"ocean_custom_logo_tablet_max_width":0,"ocean_custom_logo_mobile_max_width":0,"ocean_custom_logo_max_height":0,"ocean_custom_logo_tablet_max_height":0,"ocean_custom_logo_mobile_max_height":0,"ocean_header_custom_menu":"0","ocean_menu_typo_font_family":"0","ocean_menu_typo_font_subset":"","ocean_menu_typo_font_size":0,"ocean_menu_typo_font_size_tablet":0,"ocean_menu_typo_font_size_mobile":0,"ocean_menu_typo_font_size_unit":"px","ocean_menu_typo_font_weight":"","ocean_menu_typo_font_weight_tablet":"","ocean_menu_typo_font_weight_mobile":"","ocean_menu_typo_transform":"","ocean_menu_typo_transform_tablet":"","ocean_menu_typo_transform_mobile":"","ocean_menu_typo_line_height":0,"ocean_menu_typo_line_height_tablet":0,"ocean_menu_typo_line_height_mobile":0,"ocean_menu_typo_line_height_unit":"","ocean_menu_typo_spacing":0,"ocean_menu_typo_spacing_tablet":0,"ocean_menu_typo_spacing_mobile":0,"ocean_menu_typo_spacing_unit":"","ocean_menu_link_color":"","ocean_menu_link_color_hover":"","ocean_menu_link_color_active":"","ocean_menu_link_background":"","ocean_menu_link_hover_background":"","ocean_menu_link_active_background":"","ocean_menu_social_links_bg":"","ocean_menu_social_hover_links_bg":"","ocean_menu_social_links_color":"","ocean_menu_social_hover_links_color":"","ocean_disable_title":"default","ocean_disable_heading":"default","ocean_post_title":"","ocean_post_subheading":"","ocean_post_title_style":"","ocean_post_title_background_color":"","ocean_post_title_background":0,"ocean_post_title_bg_image_position":"","ocean_post_title_bg_image_attachment":"","ocean_post_title_bg_image_repeat":"","ocean_post_title_bg_image_size":"","ocean_post_title_height":0,"ocean_post_title_bg_overlay":0.5,"ocean_post_title_bg_overlay_color":"","ocean_disable_breadcrumbs":"default","ocean_breadcrumbs_color":"","ocean_breadcrumbs_separator_color":"","ocean_breadcrumbs_links_color":"","ocean_breadcrumbs_links_hover_color":"","ocean_display_footer_widgets":"default","ocean_display_footer_bottom":"default","ocean_custom_footer_template":"0"},"product_brand":[],"product_cat":[72,20,79],"product_tag":[],"class_list":{"0":"post-1663","1":"product","2":"type-product","3":"status-publish","4":"has-post-thumbnail","6":"product_cat-protection-solaire-solaire","7":"product_cat-solaire","8":"product_cat-tout-type-de-peaux","10":"entry","11":"has-media","13":"first","14":"instock","15":"taxable","16":"shipping-taxable","17":"purchasable","18":"product-type-simple","19":"has-product-nav","20":"col","21":"span_1_of_3","22":"owp-content-center","23":"owp-thumbs-layout-horizontal","24":"owp-btn-normal","25":"owp-tabs-layout-horizontal","26":"has-no-thumbnails"},"_links":{"self":[{"href":"https:\/\/ellypara.com\/index.php\/wp-json\/wp\/v2\/product\/1663","targetHints":{"allow":["GET"]}}],"collection":[{"href":"https:\/\/ellypara.com\/index.php\/wp-json\/wp\/v2\/product"}],"about":[{"href":"https:\/\/ellypara.com\/index.php\/wp-json\/wp\/v2\/types\/product"}],"replies":[{"embeddable":true,"href":"https:\/\/ellypara.com\/index.php\/wp-json\/wp\/v2\/comments?post=1663"}],"wp:featuredmedia":[{"embeddable":true,"href":"https:\/\/ellypara.com\/index.php\/wp-json\/wp\/v2\/media\/1664"}],"wp:attachment":[{"href":"https:\/\/ellypara.com\/index.php\/wp-json\/wp\/v2\/media?parent=1663"}],"wp:term":[{"taxonomy":"product_brand","embeddable":true,"href":"https:\/\/ellypara.com\/index.php\/wp-json\/wp\/v2\/product_brand?post=1663"},{"taxonomy":"product_cat","embeddable":true,"href":"https:\/\/ellypara.com\/index.php\/wp-json\/wp\/v2\/product_cat?post=1663"},{"taxonomy":"product_tag","embeddable":true,"href":"https:\/\/ellypara.com\/index.php\/wp-json\/wp\/v2\/product_tag?post=1663"}],"curies":[{"name":"wp","href":"https:\/\/api.w.org\/{rel}","templated":true}]}}