{"id":169,"date":"2025-01-13T13:28:48","date_gmt":"2025-01-13T12:28:48","guid":{"rendered":"https:\/\/ellypara.com\/?post_type=product&#038;p=169"},"modified":"2025-02-01T16:01:40","modified_gmt":"2025-02-01T15:01:40","slug":"avene-hydrance-creme-riche-40ml","status":"publish","type":"product","link":"https:\/\/ellypara.com\/index.php\/produit\/avene-hydrance-creme-riche-40ml\/","title":{"rendered":"AVENE Hydrance Cr\u00e8me Riche 40ml"},"content":{"rendered":"<p>&nbsp;<\/p>\n<p>Un v\u00e9ritable bouclier du quotidien, Hydrance UV-Riche :<br \/>\n\u2013\u00a0HYDRATE durablement gr\u00e2ce \u00e0 son complexe Cohederm brevet\u00e9,<br \/>\n\u2013\u00a0APAISE\u00a0durablement gr\u00e2ce \u00e0 l\u2019Eau thermale d\u2019Av\u00e8ne anti-irritante,<br \/>\n\u2013\u00a0PROT\u00c8GE EFFICACEMENT DES AGRESSIONS ENVIRONEMENTALES\u00a0(UV, radicaux libres et pollution) gr\u00e2ce au syst\u00e8me filtrant Sunsitive Protection assurant une haute protection SPF30 et au Pr\u00e9-tocoph\u00e9ryl. Hydratation des couches sup\u00e9rieures de la peau.<\/p>\n<h3>Conseils d\u2019utilisation<\/h3>\n<p>Avant de vous enduire de cette cr\u00e8me, il est recommand\u00e9 de bien nettoyer et s\u00e9cher la peau afin d\u2019obtenir une efficacit\u00e9 maximale. Les professionnels de la dermatologie conseillent une utilisation quotidienne sur une base d\u2019une seule application, en l\u2019occurrence soit le matin soit le soir apr\u00e8s avoir pris un bain ou une douche. Utilis\u00e9e de la sorte, la cr\u00e8me Hydrance Optimale Riche procure \u00e0 la peau douceur et aisance.<\/p>\n<h3>Composition<\/h3>\n<p>Avene Thermal Spring Water (Avene Aqua) Mineral Oil (Paraffinum Liquidum) Glycerin Ppg-15 Stearyl Ether Cyclomethicone Cetearyl Alcohol Carthamus Tinctorius (Safflower) Seed Oil (Carthamus Tinctorius Seed Oil) Glyceryl Stearate Peg-100 Stearate Butyrospermum Parkii (Shea Butter) (Butyrospermum Parkii Butter) Cetearyl Glucoside Benzoic Acid Beta-Sitosterol Bht C13-14 Isoparaffin Caprylic\/Capric Triglyceride Chlorphenesin Disodium Edta Fragrance (Parfum) Glycine Soja (Soybean) Seed Extract (Glycine Soja Seed Extract) Hydrogenated Coco-Glycerides Laureth-7 Lecithin Peg-32 Peg-400 Phenoxyethanol Poloxamer 188 Polyacrylamide Sodium Chondroitin Sulfate Sodium Hydroxide<br \/>\nWater (Aqua) Xanthan Gum<\/p>\n","protected":false},"excerpt":{"rendered":"<p>Une recharge d\u2019eau thermale pour une peau intens\u00e9ment et durablement hydrat\u00e9e. Sa texture <strong>onctueuse<\/strong> et <strong>nutritive<\/strong>, au fini velout\u00e9 laisse la peau douce et souple toute la journ\u00e9e.<\/p>\n","protected":false},"featured_media":170,"comment_status":"open","ping_status":"closed","template":"","meta":{"ocean_post_layout":"","ocean_both_sidebars_style":"","ocean_both_sidebars_content_width":0,"ocean_both_sidebars_sidebars_width":0,"ocean_sidebar":"0","ocean_second_sidebar":"0","ocean_disable_margins":"enable","ocean_add_body_class":"","ocean_shortcode_before_top_bar":"","ocean_shortcode_after_top_bar":"","ocean_shortcode_before_header":"","ocean_shortcode_after_header":"","ocean_has_shortcode":"","ocean_shortcode_after_title":"","ocean_shortcode_before_footer_widgets":"","ocean_shortcode_after_footer_widgets":"","ocean_shortcode_before_footer_bottom":"","ocean_shortcode_after_footer_bottom":"","ocean_display_top_bar":"default","ocean_display_header":"default","ocean_header_style":"","ocean_center_header_left_menu":"0","ocean_custom_header_template":"0","ocean_custom_logo":0,"ocean_custom_retina_logo":0,"ocean_custom_logo_max_width":0,"ocean_custom_logo_tablet_max_width":0,"ocean_custom_logo_mobile_max_width":0,"ocean_custom_logo_max_height":0,"ocean_custom_logo_tablet_max_height":0,"ocean_custom_logo_mobile_max_height":0,"ocean_header_custom_menu":"0","ocean_menu_typo_font_family":"0","ocean_menu_typo_font_subset":"","ocean_menu_typo_font_size":0,"ocean_menu_typo_font_size_tablet":0,"ocean_menu_typo_font_size_mobile":0,"ocean_menu_typo_font_size_unit":"px","ocean_menu_typo_font_weight":"","ocean_menu_typo_font_weight_tablet":"","ocean_menu_typo_font_weight_mobile":"","ocean_menu_typo_transform":"","ocean_menu_typo_transform_tablet":"","ocean_menu_typo_transform_mobile":"","ocean_menu_typo_line_height":0,"ocean_menu_typo_line_height_tablet":0,"ocean_menu_typo_line_height_mobile":0,"ocean_menu_typo_line_height_unit":"","ocean_menu_typo_spacing":0,"ocean_menu_typo_spacing_tablet":0,"ocean_menu_typo_spacing_mobile":0,"ocean_menu_typo_spacing_unit":"","ocean_menu_link_color":"","ocean_menu_link_color_hover":"","ocean_menu_link_color_active":"","ocean_menu_link_background":"","ocean_menu_link_hover_background":"","ocean_menu_link_active_background":"","ocean_menu_social_links_bg":"","ocean_menu_social_hover_links_bg":"","ocean_menu_social_links_color":"","ocean_menu_social_hover_links_color":"","ocean_disable_title":"default","ocean_disable_heading":"default","ocean_post_title":"","ocean_post_subheading":"","ocean_post_title_style":"","ocean_post_title_background_color":"","ocean_post_title_background":0,"ocean_post_title_bg_image_position":"","ocean_post_title_bg_image_attachment":"","ocean_post_title_bg_image_repeat":"","ocean_post_title_bg_image_size":"","ocean_post_title_height":0,"ocean_post_title_bg_overlay":0.5,"ocean_post_title_bg_overlay_color":"","ocean_disable_breadcrumbs":"default","ocean_breadcrumbs_color":"","ocean_breadcrumbs_separator_color":"","ocean_breadcrumbs_links_color":"","ocean_breadcrumbs_links_hover_color":"","ocean_display_footer_widgets":"default","ocean_display_footer_bottom":"default","ocean_custom_footer_template":"0"},"product_brand":[],"product_cat":[26,35],"product_tag":[],"class_list":{"0":"post-169","1":"product","2":"type-product","3":"status-publish","4":"has-post-thumbnail","6":"product_cat-promo","7":"product_cat-soins-hydratants-et-nourrissants","9":"entry","10":"has-media","12":"first","13":"instock","14":"sale","15":"taxable","16":"shipping-taxable","17":"purchasable","18":"product-type-simple","19":"has-product-nav","20":"col","21":"span_1_of_3","22":"owp-content-center","23":"owp-thumbs-layout-horizontal","24":"owp-btn-normal","25":"owp-tabs-layout-horizontal","26":"has-no-thumbnails"},"_links":{"self":[{"href":"https:\/\/ellypara.com\/index.php\/wp-json\/wp\/v2\/product\/169","targetHints":{"allow":["GET"]}}],"collection":[{"href":"https:\/\/ellypara.com\/index.php\/wp-json\/wp\/v2\/product"}],"about":[{"href":"https:\/\/ellypara.com\/index.php\/wp-json\/wp\/v2\/types\/product"}],"replies":[{"embeddable":true,"href":"https:\/\/ellypara.com\/index.php\/wp-json\/wp\/v2\/comments?post=169"}],"wp:featuredmedia":[{"embeddable":true,"href":"https:\/\/ellypara.com\/index.php\/wp-json\/wp\/v2\/media\/170"}],"wp:attachment":[{"href":"https:\/\/ellypara.com\/index.php\/wp-json\/wp\/v2\/media?parent=169"}],"wp:term":[{"taxonomy":"product_brand","embeddable":true,"href":"https:\/\/ellypara.com\/index.php\/wp-json\/wp\/v2\/product_brand?post=169"},{"taxonomy":"product_cat","embeddable":true,"href":"https:\/\/ellypara.com\/index.php\/wp-json\/wp\/v2\/product_cat?post=169"},{"taxonomy":"product_tag","embeddable":true,"href":"https:\/\/ellypara.com\/index.php\/wp-json\/wp\/v2\/product_tag?post=169"}],"curies":[{"name":"wp","href":"https:\/\/api.w.org\/{rel}","templated":true}]}}