{"id":171,"date":"2025-01-13T13:40:46","date_gmt":"2025-01-13T12:40:46","guid":{"rendered":"https:\/\/ellypara.com\/?post_type=product&#038;p=171"},"modified":"2025-02-01T15:58:03","modified_gmt":"2025-02-01T14:58:03","slug":"avene-hydrance-legere-uv-spf30-40ml","status":"publish","type":"product","link":"https:\/\/ellypara.com\/index.php\/produit\/avene-hydrance-legere-uv-spf30-40ml\/","title":{"rendered":"AVENE Hydrance L\u00e9g\u00e8re UV SPF30 40ml"},"content":{"rendered":"<p>Formul\u00e9e pour les\u00a0<strong>peaux sensibles normales \u00e0 mixtes<\/strong>,\u00a0la\u00a0<strong>cr\u00e8me\u00a0l\u00e9g\u00e8re Hydrance Optimale de la marque Av\u00e8ne<\/strong>\u00a0est riche en\u00a0<strong>agents hydratants<\/strong>\u00a0pour optimiser la p\u00e9n\u00e9tration et la diffusion de l\u2019eau thermale d\u2019Av\u00e8ne dans la peau tout en l\u2019hydratant intens\u00e9ment gr\u00e2ce \u00e0 la combinaison de deux actifs biomim\u00e9tiques : <strong>la lipomucine et la Meibos\u00e9rine<\/strong>\u00a0qui hydratent la couche sup\u00e9rieure de l\u2019\u00e9piderme.<\/p>\n<p>L\u2019<strong>Eau thermale<\/strong>\u00a0contenue dans la cr\u00e8me l\u00e9g\u00e8re Hydrance Optimale d\u2019Av\u00e8ne poss\u00e8de des propri\u00e9t\u00e9s\u00a0<strong>apaisantes et anti irritantes<\/strong>, id\u00e9ales pour les peaux sensibles souvent sujettes aux rougeurs et aux tiraillements. Jour apr\u00e8s jour, votre peau est\u00a0<strong>hydrat\u00e9e et douce<\/strong>\u00a0et votre teint retrouve tout son \u00e9clat !\u00a0<strong>Son indice de protection solaire\u00a0SPF 30<\/strong>\u00a0lui conf\u00e8re des propri\u00e9t\u00e9s anti oxydantes qui prot\u00e9geront votre peau des agressions que provoquent les rayons UV sur votre peau comme par exemple le vieillissement cutan\u00e9.<\/p>\n<p>La cr\u00e8me l\u00e9g\u00e8re Hydrance Optimale d\u2019Av\u00e8ne poss\u00e8de une texture a\u00e9rienne qui s\u2019\u00e9tale parfaitement et facilement sur votre peau. Vous pourrez donc l\u2019utiliser le matin avant l\u2019\u00e9tape du maquillage qui d\u2019ailleurs fera de lui une excellente base, ou le soir pour laisser le soin p\u00e9n\u00e9trer toute la nuit et lui permettre de d\u00e9voiler toute son efficacit\u00e9. Hypoallerg\u00e9nique, ce soin est formul\u00e9 sp\u00e9cialement pour minimiser tout risque d\u2019allergie.<\/p>\n<p><strong>Contenance :\u00a0<\/strong>40 ml<\/p>\n<p><strong>CONSEILS D\u2019UTILISATION<\/strong><\/p>\n<p>Appliquez le matin ou le soir sur une peau parfaitement propre et s\u00e8che.<br \/>\nCette cr\u00e8me hydratante peut s\u2019utiliser seule ou apr\u00e8s avoir mis le s\u00e9rum intense Av\u00e8ne Hydrance.<\/p>\n<p><strong>COMPOSITION<\/strong><\/p>\n<p>Avene Thermal Spring Water (Avene aqua), C12-15 Alkyl Benzoate, Dicaprylyl Carbonate, Disopropyl Adipate, Glycerin, Methylene Bis-Benzotriazolyl Tetramethylbutylphenol (Nano), Water(Aqua), Bis-Ethylhexylophenol Methoxyphenyl Triazine, Diethylhexyl Butamido Triazone, Aluminum Starch Octenylsuccinate, Butyl Methoxydibenzoylmethane, Methyl Gluceth-20, Polymethyl Methacrylate, Isocetyl Stearoyl Stearate, Triethylhexanoin, Hydrogenated Starch Hydrolysate, Glyceryl Stearate, PEG-100 Stearate, Potassium Cetyl Phosphate, Benzoic Acid, Caprylic\/Capric Trygyceride, Caprylyl Glycol, Decyl Glucoside, Disodium EDTA, Fragrance\/Parfum, Glyceryl Behenate, Glyceryl Dibehenate, Phytosterols, Polyacrylate-13, Polyisobutene, Polysorbate 20, Propylene Glycol, Sorbitan Isostearate, Tocopherol, Tocopheryl Glucoside, Triebehenin, Xanthan Gum<\/p>\n","protected":false},"excerpt":{"rendered":"<p>Formul\u00e9e pour les peaux sensibles normales \u00e0 mixtes, la cr\u00e8me l\u00e9g\u00e8re Hydrance Optimale de la marque Av\u00e8ne est riche en agents hydratants pour optimiser la p\u00e9n\u00e9tration et la diffusion de l\u2019eau thermale d\u2019Av\u00e8ne dans la peau tout en l\u2019hydratant.<\/p>\n","protected":false},"featured_media":172,"comment_status":"open","ping_status":"closed","template":"","meta":{"ocean_post_layout":"","ocean_both_sidebars_style":"","ocean_both_sidebars_content_width":0,"ocean_both_sidebars_sidebars_width":0,"ocean_sidebar":"0","ocean_second_sidebar":"0","ocean_disable_margins":"enable","ocean_add_body_class":"","ocean_shortcode_before_top_bar":"","ocean_shortcode_after_top_bar":"","ocean_shortcode_before_header":"","ocean_shortcode_after_header":"","ocean_has_shortcode":"","ocean_shortcode_after_title":"","ocean_shortcode_before_footer_widgets":"","ocean_shortcode_after_footer_widgets":"","ocean_shortcode_before_footer_bottom":"","ocean_shortcode_after_footer_bottom":"","ocean_display_top_bar":"default","ocean_display_header":"default","ocean_header_style":"","ocean_center_header_left_menu":"0","ocean_custom_header_template":"0","ocean_custom_logo":0,"ocean_custom_retina_logo":0,"ocean_custom_logo_max_width":0,"ocean_custom_logo_tablet_max_width":0,"ocean_custom_logo_mobile_max_width":0,"ocean_custom_logo_max_height":0,"ocean_custom_logo_tablet_max_height":0,"ocean_custom_logo_mobile_max_height":0,"ocean_header_custom_menu":"0","ocean_menu_typo_font_family":"0","ocean_menu_typo_font_subset":"","ocean_menu_typo_font_size":0,"ocean_menu_typo_font_size_tablet":0,"ocean_menu_typo_font_size_mobile":0,"ocean_menu_typo_font_size_unit":"px","ocean_menu_typo_font_weight":"","ocean_menu_typo_font_weight_tablet":"","ocean_menu_typo_font_weight_mobile":"","ocean_menu_typo_transform":"","ocean_menu_typo_transform_tablet":"","ocean_menu_typo_transform_mobile":"","ocean_menu_typo_line_height":0,"ocean_menu_typo_line_height_tablet":0,"ocean_menu_typo_line_height_mobile":0,"ocean_menu_typo_line_height_unit":"","ocean_menu_typo_spacing":0,"ocean_menu_typo_spacing_tablet":0,"ocean_menu_typo_spacing_mobile":0,"ocean_menu_typo_spacing_unit":"","ocean_menu_link_color":"","ocean_menu_link_color_hover":"","ocean_menu_link_color_active":"","ocean_menu_link_background":"","ocean_menu_link_hover_background":"","ocean_menu_link_active_background":"","ocean_menu_social_links_bg":"","ocean_menu_social_hover_links_bg":"","ocean_menu_social_links_color":"","ocean_menu_social_hover_links_color":"","ocean_disable_title":"default","ocean_disable_heading":"default","ocean_post_title":"","ocean_post_subheading":"","ocean_post_title_style":"","ocean_post_title_background_color":"","ocean_post_title_background":0,"ocean_post_title_bg_image_position":"","ocean_post_title_bg_image_attachment":"","ocean_post_title_bg_image_repeat":"","ocean_post_title_bg_image_size":"","ocean_post_title_height":0,"ocean_post_title_bg_overlay":0.5,"ocean_post_title_bg_overlay_color":"","ocean_disable_breadcrumbs":"default","ocean_breadcrumbs_color":"","ocean_breadcrumbs_separator_color":"","ocean_breadcrumbs_links_color":"","ocean_breadcrumbs_links_hover_color":"","ocean_display_footer_widgets":"default","ocean_display_footer_bottom":"default","ocean_custom_footer_template":"0"},"product_brand":[],"product_cat":[26,71,35,20],"product_tag":[],"class_list":{"0":"post-171","1":"product","2":"type-product","3":"status-publish","4":"has-post-thumbnail","6":"product_cat-promo","7":"product_cat-cremes-solaires","8":"product_cat-soins-hydratants-et-nourrissants","9":"product_cat-solaire","11":"entry","12":"has-media","14":"first","15":"instock","16":"sale","17":"taxable","18":"shipping-taxable","19":"purchasable","20":"product-type-simple","21":"has-product-nav","22":"col","23":"span_1_of_3","24":"owp-content-center","25":"owp-thumbs-layout-horizontal","26":"owp-btn-normal","27":"owp-tabs-layout-horizontal","28":"has-no-thumbnails"},"_links":{"self":[{"href":"https:\/\/ellypara.com\/index.php\/wp-json\/wp\/v2\/product\/171","targetHints":{"allow":["GET"]}}],"collection":[{"href":"https:\/\/ellypara.com\/index.php\/wp-json\/wp\/v2\/product"}],"about":[{"href":"https:\/\/ellypara.com\/index.php\/wp-json\/wp\/v2\/types\/product"}],"replies":[{"embeddable":true,"href":"https:\/\/ellypara.com\/index.php\/wp-json\/wp\/v2\/comments?post=171"}],"wp:featuredmedia":[{"embeddable":true,"href":"https:\/\/ellypara.com\/index.php\/wp-json\/wp\/v2\/media\/172"}],"wp:attachment":[{"href":"https:\/\/ellypara.com\/index.php\/wp-json\/wp\/v2\/media?parent=171"}],"wp:term":[{"taxonomy":"product_brand","embeddable":true,"href":"https:\/\/ellypara.com\/index.php\/wp-json\/wp\/v2\/product_brand?post=171"},{"taxonomy":"product_cat","embeddable":true,"href":"https:\/\/ellypara.com\/index.php\/wp-json\/wp\/v2\/product_cat?post=171"},{"taxonomy":"product_tag","embeddable":true,"href":"https:\/\/ellypara.com\/index.php\/wp-json\/wp\/v2\/product_tag?post=171"}],"curies":[{"name":"wp","href":"https:\/\/api.w.org\/{rel}","templated":true}]}}