{"id":1715,"date":"2025-04-24T21:39:41","date_gmt":"2025-04-24T19:39:41","guid":{"rendered":"https:\/\/ellypara.com\/?post_type=product&#038;p=1715"},"modified":"2025-04-24T21:39:42","modified_gmt":"2025-04-24T19:39:42","slug":"mustela-trousse-vanity-mes-1ers-produits-rose","status":"publish","type":"product","link":"https:\/\/ellypara.com\/index.php\/produit\/mustela-trousse-vanity-mes-1ers-produits-rose\/","title":{"rendered":"Mustela Trousse Vanity Mes 1ers Produits Rose"},"content":{"rendered":"<p><strong>MUSTELA TROUSSE VANITY MES 1ERS PRODUITS<\/strong><\/p>\n<p>MUSTELA TROUSSE VANITY MES 1ERS PRODUITS : id\u00e9al pour partir \u00e0 la maternit\u00e9, comme pour offrir en cadeau naissance ! 4 produits indispensables pour le bain, la toilette, le change, et pour prendre soin de la peau fragile de votre b\u00e9b\u00e9, d\u00e8s la naissance.\u00a0<strong>Et en cadeau, une trousse et un liniment 50ml.<\/strong><\/p>\n<p>MUSTELA Creme Change\u00a0: La Cr\u00e8me change b\u00e9b\u00e9 123 est un soin complet pour les fesses des b\u00e9b\u00e9s, qui s\u2019applique apr\u00e8s chaque changement de couche.<\/p>\n<p>Mustela lingettes nettoyantes\u00a0: Mustela Lingettes Nettoyantes \u00e0 l\u2019Avocat 60 Lingettes sont des lingettes d\u00e9licatement parfum\u00e9es indiqu\u00e9es pour nettoyer efficacement et en douceur visage, mains et si\u00e8ge et le corps de b\u00e9b\u00e9 d\u00e8s la naissance.<\/p>\n<p>MUSTELA 2 En 1 Gel Lavant Doux Corps et Cheveux 200 ml\u00a0: Le gel lavant doux Mustela b\u00e9b\u00e9 \u00e0 l\u2019avocat bio est un soin destin\u00e9 \u00e0 la toilette quotidienne des tout-petits.<\/p>\n<p>MUSTELA Eau Rafraichissante et Coiffante 200ml\u00a0: Mustela Peau Normale eau rafra\u00eechissante et coiffante, Rafra\u00eechir la peau et coiffer les cheveux de b\u00e9b\u00e9<\/p>\n<p><strong>En cadeau, une trousse et un liniment 50ml<\/strong><\/p>\n","protected":false},"excerpt":{"rendered":"<p>Id\u00e9al pour partir \u00e0 la maternit\u00e9, comme pour offrir en cadeau naissance ! 4 produits indispensables.<\/p>\n","protected":false},"featured_media":1716,"comment_status":"open","ping_status":"closed","template":"","meta":{"ocean_post_layout":"","ocean_both_sidebars_style":"","ocean_both_sidebars_content_width":0,"ocean_both_sidebars_sidebars_width":0,"ocean_sidebar":"0","ocean_second_sidebar":"0","ocean_disable_margins":"enable","ocean_add_body_class":"","ocean_shortcode_before_top_bar":"","ocean_shortcode_after_top_bar":"","ocean_shortcode_before_header":"","ocean_shortcode_after_header":"","ocean_has_shortcode":"","ocean_shortcode_after_title":"","ocean_shortcode_before_footer_widgets":"","ocean_shortcode_after_footer_widgets":"","ocean_shortcode_before_footer_bottom":"","ocean_shortcode_after_footer_bottom":"","ocean_display_top_bar":"default","ocean_display_header":"default","ocean_header_style":"","ocean_center_header_left_menu":"0","ocean_custom_header_template":"0","ocean_custom_logo":0,"ocean_custom_retina_logo":0,"ocean_custom_logo_max_width":0,"ocean_custom_logo_tablet_max_width":0,"ocean_custom_logo_mobile_max_width":0,"ocean_custom_logo_max_height":0,"ocean_custom_logo_tablet_max_height":0,"ocean_custom_logo_mobile_max_height":0,"ocean_header_custom_menu":"0","ocean_menu_typo_font_family":"0","ocean_menu_typo_font_subset":"","ocean_menu_typo_font_size":0,"ocean_menu_typo_font_size_tablet":0,"ocean_menu_typo_font_size_mobile":0,"ocean_menu_typo_font_size_unit":"px","ocean_menu_typo_font_weight":"","ocean_menu_typo_font_weight_tablet":"","ocean_menu_typo_font_weight_mobile":"","ocean_menu_typo_transform":"","ocean_menu_typo_transform_tablet":"","ocean_menu_typo_transform_mobile":"","ocean_menu_typo_line_height":0,"ocean_menu_typo_line_height_tablet":0,"ocean_menu_typo_line_height_mobile":0,"ocean_menu_typo_line_height_unit":"","ocean_menu_typo_spacing":0,"ocean_menu_typo_spacing_tablet":0,"ocean_menu_typo_spacing_mobile":0,"ocean_menu_typo_spacing_unit":"","ocean_menu_link_color":"","ocean_menu_link_color_hover":"","ocean_menu_link_color_active":"","ocean_menu_link_background":"","ocean_menu_link_hover_background":"","ocean_menu_link_active_background":"","ocean_menu_social_links_bg":"","ocean_menu_social_hover_links_bg":"","ocean_menu_social_links_color":"","ocean_menu_social_hover_links_color":"","ocean_disable_title":"default","ocean_disable_heading":"default","ocean_post_title":"","ocean_post_subheading":"","ocean_post_title_style":"","ocean_post_title_background_color":"","ocean_post_title_background":0,"ocean_post_title_bg_image_position":"","ocean_post_title_bg_image_attachment":"","ocean_post_title_bg_image_repeat":"","ocean_post_title_bg_image_size":"","ocean_post_title_height":0,"ocean_post_title_bg_overlay":0.5,"ocean_post_title_bg_overlay_color":"","ocean_disable_breadcrumbs":"default","ocean_breadcrumbs_color":"","ocean_breadcrumbs_separator_color":"","ocean_breadcrumbs_links_color":"","ocean_breadcrumbs_links_hover_color":"","ocean_display_footer_widgets":"default","ocean_display_footer_bottom":"default","ocean_custom_footer_template":"0"},"product_brand":[],"product_cat":[24,61],"product_tag":[],"class_list":{"0":"post-1715","1":"product","2":"type-product","3":"status-publish","4":"has-post-thumbnail","6":"product_cat-bebe-et-maman","7":"product_cat-trousseaux-et-cadeaux-bebe","9":"entry","10":"has-media","12":"first","13":"outofstock","14":"taxable","15":"shipping-taxable","16":"purchasable","17":"product-type-simple","18":"has-product-nav","19":"col","20":"span_1_of_3","21":"owp-content-center","22":"owp-thumbs-layout-horizontal","23":"owp-btn-normal","24":"owp-tabs-layout-horizontal","25":"has-no-thumbnails"},"_links":{"self":[{"href":"https:\/\/ellypara.com\/index.php\/wp-json\/wp\/v2\/product\/1715","targetHints":{"allow":["GET"]}}],"collection":[{"href":"https:\/\/ellypara.com\/index.php\/wp-json\/wp\/v2\/product"}],"about":[{"href":"https:\/\/ellypara.com\/index.php\/wp-json\/wp\/v2\/types\/product"}],"replies":[{"embeddable":true,"href":"https:\/\/ellypara.com\/index.php\/wp-json\/wp\/v2\/comments?post=1715"}],"wp:featuredmedia":[{"embeddable":true,"href":"https:\/\/ellypara.com\/index.php\/wp-json\/wp\/v2\/media\/1716"}],"wp:attachment":[{"href":"https:\/\/ellypara.com\/index.php\/wp-json\/wp\/v2\/media?parent=1715"}],"wp:term":[{"taxonomy":"product_brand","embeddable":true,"href":"https:\/\/ellypara.com\/index.php\/wp-json\/wp\/v2\/product_brand?post=1715"},{"taxonomy":"product_cat","embeddable":true,"href":"https:\/\/ellypara.com\/index.php\/wp-json\/wp\/v2\/product_cat?post=1715"},{"taxonomy":"product_tag","embeddable":true,"href":"https:\/\/ellypara.com\/index.php\/wp-json\/wp\/v2\/product_tag?post=1715"}],"curies":[{"name":"wp","href":"https:\/\/api.w.org\/{rel}","templated":true}]}}