{"id":1799,"date":"2025-05-12T19:32:59","date_gmt":"2025-05-12T17:32:59","guid":{"rendered":"https:\/\/ellypara.com\/?post_type=product&#038;p=1799"},"modified":"2025-05-12T19:32:59","modified_gmt":"2025-05-12T17:32:59","slug":"svr-xerial-10-lait-corps-200ml","status":"publish","type":"product","link":"https:\/\/ellypara.com\/index.php\/produit\/svr-xerial-10-lait-corps-200ml\/","title":{"rendered":"SVR Xerial 10 Lait Corps 200ml"},"content":{"rendered":"<p><strong>SVR Xerial 10 Lait Corps 200ml<\/strong>\u00a0assure une hydratation et une action anti-squames qui lisse et adoucit la peau et procure un confort intense.<\/p>\n<p>Peau craquel\u00e9e ? Peau de croco ? Pour \u00e9liminer squames, rugosit\u00e9s, inconforts et retrouver souplesse et douceur, XERIAL 10 Lait est le meilleur alli\u00e9. Sa technologie Ur\u00e9e Pure brevet\u00e9e1 10% lisse la peau d\u00e8s la 1\u00e8re utilisation. Sa texture fraiche associ\u00e9e au panth\u00e9nol apaise les sensations de tiraillements et de d\u00e9mangeaisons. Enrichi en huiles et beurre v\u00e9g\u00e9taux, ce lait s\u2019applique facilement et enveloppe la peau de douceur pour la prot\u00e9ger des agressions ext\u00e9rieures responsables du dess\u00e8chement cutan\u00e9 (calcaire, chlore, frottement des v\u00eatements\u2026). La peau est intens\u00e9ment hydrat\u00e9e pendant 48h*.<\/p>\n<p>Jour apr\u00e8s jour, cellules mortes et rugosit\u00e9s sont \u00e9limin\u00e9es efficacement, la peau retrouve son aspect lisse, sa souplesse, sa douceur et son confort.<\/p>\n<p>Son plus ? Son parfum d\u00e9licat qui vous enveloppe et sa formule \u00e0 85% d\u2019ingr\u00e9dients d\u2019origine naturelle riche en beurre de karit\u00e9 et en huile de coco.<\/p>\n<p>UNE EFFICACITE CLINIQUEMENT DEMONTREE<\/p>\n<p>60% surface occup\u00e9e par les squames**<br \/>\n76% d\u00e9mangeaisons***<br \/>\n57% diminution significative de la s\u00e9cheresse cutan\u00e9e****<br \/>\n45% diminution significative de la x\u00e9rose s\u00e9nile en prenant en compte squames, rugosit\u00e9s, \u00e9ryth\u00e8me et les crevasses*****<br \/>\nBrevet SVR dont 10% ur\u00e9e pure :<\/p>\n<p>Lisse et \u00e9limine les cellules mortes<br \/>\nHydrate intens\u00e9ment<br \/>\n*Brevet d\u00e9pos\u00e9 N\u00b0FR-09 56 266.<\/p>\n<p>**Mesures corn\u00e9om\u00e9triques, 11 volontaires, \u00e9valuation apr\u00e8s 8h &amp; 48h.<\/p>\n<p>***Mesures D\u2019Squam sur 10 volontaires en application biquotidienne pendant 21 jours.<\/p>\n<p>****Auto-\u00e9valuation sur 22 volontaires en application biquotidienne pendant 21 jours.<\/p>\n<p>*****Scorage dermatologique sur 22 volontaires en application biquotidienne pendant 21 jours, % de variation.<\/p>\n<p><strong>Indications :<\/strong><\/p>\n<p>Peaux sensibles, s\u00e8ches, rugueuses et inconfortables. Irr\u00e9gularit\u00e9s cutan\u00e9es et squames.<\/p>\n<p>Soin hydratant pour le corps.<\/p>\n<p>Enfants d\u00e8s 3 ans, adultes.<\/p>\n<p><strong>Conseils d\u2019utilisation :<\/strong><\/p>\n<p>Appliquer 1 \u00e0 2 fois par jour sur le corps.<\/p>\n<p>Sous l\u2019avis d\u2019un professionnel de sant\u00e9, peut s\u2019utiliser en compl\u00e9ment d\u2019un traitement dess\u00e9chant.<\/p>\n<p><strong>Composition :<\/strong><\/p>\n<p>Aqua\/water\/eau, urea, cocos nucifera (coconut) oil, glycerin, butyrospermum parkii (shea) butter, glyceryl stearate, canola oil, borago officinalis seed oil, silica, panthenol, pentylene glycol, glyceryl glucoside, sodium citrate, triacetin, serine, parfum (fragrance), citric acid, hydroxyethyl acrylate\/sodium acryloyldimethyl taurate copolymer, sodium stearoyl glutamate, 1,2-hexanediol, caprylyl glycol, carbomer, sodium lactate, histidine, propylene glycol, polysorbate 60, sorbitan isostearate, bacillus ferment, potassium sorbate.<\/p>\n<p><strong>Conditionnement :<\/strong><\/p>\n<p>1 tube de 200ml.<\/p>\n","protected":false},"excerpt":{"rendered":"<p><strong>SVR X\u00e9rial 10 Lait Corps 200 ml<\/strong> est un soin corporel hydratant 24h, anti-squames qui lisse et procure un confort intense aux peaux s\u00e8ches et rugueuses.<\/p>\n","protected":false},"featured_media":1800,"comment_status":"open","ping_status":"closed","template":"","meta":{"ocean_post_layout":"","ocean_both_sidebars_style":"","ocean_both_sidebars_content_width":0,"ocean_both_sidebars_sidebars_width":0,"ocean_sidebar":"0","ocean_second_sidebar":"0","ocean_disable_margins":"enable","ocean_add_body_class":"","ocean_shortcode_before_top_bar":"","ocean_shortcode_after_top_bar":"","ocean_shortcode_before_header":"","ocean_shortcode_after_header":"","ocean_has_shortcode":"","ocean_shortcode_after_title":"","ocean_shortcode_before_footer_widgets":"","ocean_shortcode_after_footer_widgets":"","ocean_shortcode_before_footer_bottom":"","ocean_shortcode_after_footer_bottom":"","ocean_display_top_bar":"default","ocean_display_header":"default","ocean_header_style":"","ocean_center_header_left_menu":"0","ocean_custom_header_template":"0","ocean_custom_logo":0,"ocean_custom_retina_logo":0,"ocean_custom_logo_max_width":0,"ocean_custom_logo_tablet_max_width":0,"ocean_custom_logo_mobile_max_width":0,"ocean_custom_logo_max_height":0,"ocean_custom_logo_tablet_max_height":0,"ocean_custom_logo_mobile_max_height":0,"ocean_header_custom_menu":"0","ocean_menu_typo_font_family":"0","ocean_menu_typo_font_subset":"","ocean_menu_typo_font_size":0,"ocean_menu_typo_font_size_tablet":0,"ocean_menu_typo_font_size_mobile":0,"ocean_menu_typo_font_size_unit":"px","ocean_menu_typo_font_weight":"","ocean_menu_typo_font_weight_tablet":"","ocean_menu_typo_font_weight_mobile":"","ocean_menu_typo_transform":"","ocean_menu_typo_transform_tablet":"","ocean_menu_typo_transform_mobile":"","ocean_menu_typo_line_height":0,"ocean_menu_typo_line_height_tablet":0,"ocean_menu_typo_line_height_mobile":0,"ocean_menu_typo_line_height_unit":"","ocean_menu_typo_spacing":0,"ocean_menu_typo_spacing_tablet":0,"ocean_menu_typo_spacing_mobile":0,"ocean_menu_typo_spacing_unit":"","ocean_menu_link_color":"","ocean_menu_link_color_hover":"","ocean_menu_link_color_active":"","ocean_menu_link_background":"","ocean_menu_link_hover_background":"","ocean_menu_link_active_background":"","ocean_menu_social_links_bg":"","ocean_menu_social_hover_links_bg":"","ocean_menu_social_links_color":"","ocean_menu_social_hover_links_color":"","ocean_disable_title":"default","ocean_disable_heading":"default","ocean_post_title":"","ocean_post_subheading":"","ocean_post_title_style":"","ocean_post_title_background_color":"","ocean_post_title_background":0,"ocean_post_title_bg_image_position":"","ocean_post_title_bg_image_attachment":"","ocean_post_title_bg_image_repeat":"","ocean_post_title_bg_image_size":"","ocean_post_title_height":0,"ocean_post_title_bg_overlay":0.5,"ocean_post_title_bg_overlay_color":"","ocean_disable_breadcrumbs":"default","ocean_breadcrumbs_color":"","ocean_breadcrumbs_separator_color":"","ocean_breadcrumbs_links_color":"","ocean_breadcrumbs_links_hover_color":"","ocean_display_footer_widgets":"default","ocean_display_footer_bottom":"default","ocean_custom_footer_template":"0"},"product_brand":[],"product_cat":[22,45,47],"product_tag":[],"class_list":{"0":"post-1799","1":"product","2":"type-product","3":"status-publish","4":"has-post-thumbnail","6":"product_cat-corps","7":"product_cat-hydratation-et-nutrition-corps","8":"product_cat-soins-corps","10":"entry","11":"has-media","13":"first","14":"instock","15":"taxable","16":"shipping-taxable","17":"purchasable","18":"product-type-simple","19":"has-product-nav","20":"col","21":"span_1_of_3","22":"owp-content-center","23":"owp-thumbs-layout-horizontal","24":"owp-btn-normal","25":"owp-tabs-layout-horizontal","26":"has-no-thumbnails"},"_links":{"self":[{"href":"https:\/\/ellypara.com\/index.php\/wp-json\/wp\/v2\/product\/1799","targetHints":{"allow":["GET"]}}],"collection":[{"href":"https:\/\/ellypara.com\/index.php\/wp-json\/wp\/v2\/product"}],"about":[{"href":"https:\/\/ellypara.com\/index.php\/wp-json\/wp\/v2\/types\/product"}],"replies":[{"embeddable":true,"href":"https:\/\/ellypara.com\/index.php\/wp-json\/wp\/v2\/comments?post=1799"}],"wp:featuredmedia":[{"embeddable":true,"href":"https:\/\/ellypara.com\/index.php\/wp-json\/wp\/v2\/media\/1800"}],"wp:attachment":[{"href":"https:\/\/ellypara.com\/index.php\/wp-json\/wp\/v2\/media?parent=1799"}],"wp:term":[{"taxonomy":"product_brand","embeddable":true,"href":"https:\/\/ellypara.com\/index.php\/wp-json\/wp\/v2\/product_brand?post=1799"},{"taxonomy":"product_cat","embeddable":true,"href":"https:\/\/ellypara.com\/index.php\/wp-json\/wp\/v2\/product_cat?post=1799"},{"taxonomy":"product_tag","embeddable":true,"href":"https:\/\/ellypara.com\/index.php\/wp-json\/wp\/v2\/product_tag?post=1799"}],"curies":[{"name":"wp","href":"https:\/\/api.w.org\/{rel}","templated":true}]}}