{"id":1807,"date":"2025-05-12T20:16:17","date_gmt":"2025-05-12T18:16:17","guid":{"rendered":"https:\/\/ellypara.com\/?post_type=product&#038;p=1807"},"modified":"2025-05-12T20:16:17","modified_gmt":"2025-05-12T18:16:17","slug":"svr-xerial-50-extreme-creme-pieds-50ml","status":"publish","type":"product","link":"https:\/\/ellypara.com\/index.php\/produit\/svr-xerial-50-extreme-creme-pieds-50ml\/","title":{"rendered":"SVR X\u00e9rial 50 Extr\u00eame Cr\u00e8me Pieds 50ml"},"content":{"rendered":"<p>Gr\u00e2ce \u00e0 la Technologie Ur\u00e9e Pure concentr\u00e9e \u00e0 50%, Prot\u00e9ase et Acides Amin\u00e9s,<strong>SVR X\u00e9rial 50 Extr\u00eame Cr\u00e8me Pieds 50ml<\/strong>\u00a0r\u00e9duit les callosit\u00e9s, la corne et les durillons rebelles en 7 jours.<\/p>\n<p>Les peaux mortes sont \u00e9limin\u00e9es gr\u00e2ce \u00e0 son action exfoliante. Concentr\u00e9 en Prot\u00e9ase et en Acide Salicylique pour une action en profondeur et plus d\u2019efficacit\u00e9.<\/p>\n<p>Formul\u00e9 pour une tol\u00e9rance maximale.<\/p>\n<p>Ce soin peut \u00eatre utilis\u00e9 en relais de la\u00a0cr\u00e8me Pieds Xerial 30, qui contient seulement 30% d\u2019ur\u00e9e.<\/p>\n<p><strong>Indications :<\/strong><\/p>\n<p>Pieds, mains et coudes. Ne pas utiliser chez l\u2019enfant de moins de 3 ans<\/p>\n<p><strong>Conseils d\u2019utilisation :<\/strong><\/p>\n<p><strong>X\u00e9rial 50 Extr\u00eame Cr\u00e8me Pieds\u00a0<\/strong>2 fois par jour par massages circulaires sur les zones concern\u00e9es jusqu\u2019\u00e0 obtention de l\u2019effet recherch\u00e9. Vous pouvez \u00e9galement l\u2019utiliser sur les zones \u00e9paissies des mains et des coudes.<\/p>\n<p>Ne pas utiliser chez l\u2019enfant de moins de 3 ans. Conserver \u00e0 temp\u00e9rature ambiante.<\/p>\n<p><strong>Composition :<\/strong><\/p>\n<p>Urea, aqua, glycerin, butyrospermum parkii butter, triethanolamine, isohexadecane, salicylic acid, octydodecanol, polyacrylate-13, bacillus ferment, serine, histidine, octyldodecyl xyloside, peg-30 dipolyhydroxystearate, polyisobutene, polysorbate 20, sorbitan isostearate, propylene glycol, disodium edta, citric acid, potassium sorbate.<\/p>\n<p><strong>Conditionnement :<\/strong><\/p>\n<p>Tube de 50ml.<\/p>\n","protected":false},"excerpt":{"rendered":"<p><strong>SVR X\u00e9rial 50 Extr\u00eame Cr\u00e8me Pieds Anti-Callosit\u00e9s 50 ml<\/strong> est une cr\u00e8me pieds, mains ou coude, \u00e9labor\u00e9e pour r\u00e9duire les callosit\u00e9s et les durillons d\u00e8s 7 jours, et pr\u00e9venir leur r\u00e9apparition.<\/p>\n","protected":false},"featured_media":1808,"comment_status":"open","ping_status":"closed","template":"","meta":{"ocean_post_layout":"","ocean_both_sidebars_style":"","ocean_both_sidebars_content_width":0,"ocean_both_sidebars_sidebars_width":0,"ocean_sidebar":"0","ocean_second_sidebar":"0","ocean_disable_margins":"enable","ocean_add_body_class":"","ocean_shortcode_before_top_bar":"","ocean_shortcode_after_top_bar":"","ocean_shortcode_before_header":"","ocean_shortcode_after_header":"","ocean_has_shortcode":"","ocean_shortcode_after_title":"","ocean_shortcode_before_footer_widgets":"","ocean_shortcode_after_footer_widgets":"","ocean_shortcode_before_footer_bottom":"","ocean_shortcode_after_footer_bottom":"","ocean_display_top_bar":"default","ocean_display_header":"default","ocean_header_style":"","ocean_center_header_left_menu":"0","ocean_custom_header_template":"0","ocean_custom_logo":0,"ocean_custom_retina_logo":0,"ocean_custom_logo_max_width":0,"ocean_custom_logo_tablet_max_width":0,"ocean_custom_logo_mobile_max_width":0,"ocean_custom_logo_max_height":0,"ocean_custom_logo_tablet_max_height":0,"ocean_custom_logo_mobile_max_height":0,"ocean_header_custom_menu":"0","ocean_menu_typo_font_family":"0","ocean_menu_typo_font_subset":"","ocean_menu_typo_font_size":0,"ocean_menu_typo_font_size_tablet":0,"ocean_menu_typo_font_size_mobile":0,"ocean_menu_typo_font_size_unit":"px","ocean_menu_typo_font_weight":"","ocean_menu_typo_font_weight_tablet":"","ocean_menu_typo_font_weight_mobile":"","ocean_menu_typo_transform":"","ocean_menu_typo_transform_tablet":"","ocean_menu_typo_transform_mobile":"","ocean_menu_typo_line_height":0,"ocean_menu_typo_line_height_tablet":0,"ocean_menu_typo_line_height_mobile":0,"ocean_menu_typo_line_height_unit":"","ocean_menu_typo_spacing":0,"ocean_menu_typo_spacing_tablet":0,"ocean_menu_typo_spacing_mobile":0,"ocean_menu_typo_spacing_unit":"","ocean_menu_link_color":"","ocean_menu_link_color_hover":"","ocean_menu_link_color_active":"","ocean_menu_link_background":"","ocean_menu_link_hover_background":"","ocean_menu_link_active_background":"","ocean_menu_social_links_bg":"","ocean_menu_social_hover_links_bg":"","ocean_menu_social_links_color":"","ocean_menu_social_hover_links_color":"","ocean_disable_title":"default","ocean_disable_heading":"default","ocean_post_title":"","ocean_post_subheading":"","ocean_post_title_style":"","ocean_post_title_background_color":"","ocean_post_title_background":0,"ocean_post_title_bg_image_position":"","ocean_post_title_bg_image_attachment":"","ocean_post_title_bg_image_repeat":"","ocean_post_title_bg_image_size":"","ocean_post_title_height":0,"ocean_post_title_bg_overlay":0.5,"ocean_post_title_bg_overlay_color":"","ocean_disable_breadcrumbs":"default","ocean_breadcrumbs_color":"","ocean_breadcrumbs_separator_color":"","ocean_breadcrumbs_links_color":"","ocean_breadcrumbs_links_hover_color":"","ocean_display_footer_widgets":"default","ocean_display_footer_bottom":"default","ocean_custom_footer_template":"0"},"product_brand":[],"product_cat":[22,49],"product_tag":[],"class_list":{"0":"post-1807","1":"product","2":"type-product","3":"status-publish","4":"has-post-thumbnail","6":"product_cat-corps","7":"product_cat-soins-des-pieds","9":"entry","10":"has-media","12":"first","13":"instock","14":"taxable","15":"shipping-taxable","16":"purchasable","17":"product-type-simple","18":"has-product-nav","19":"col","20":"span_1_of_3","21":"owp-content-center","22":"owp-thumbs-layout-horizontal","23":"owp-btn-normal","24":"owp-tabs-layout-horizontal"},"_links":{"self":[{"href":"https:\/\/ellypara.com\/index.php\/wp-json\/wp\/v2\/product\/1807","targetHints":{"allow":["GET"]}}],"collection":[{"href":"https:\/\/ellypara.com\/index.php\/wp-json\/wp\/v2\/product"}],"about":[{"href":"https:\/\/ellypara.com\/index.php\/wp-json\/wp\/v2\/types\/product"}],"replies":[{"embeddable":true,"href":"https:\/\/ellypara.com\/index.php\/wp-json\/wp\/v2\/comments?post=1807"}],"wp:featuredmedia":[{"embeddable":true,"href":"https:\/\/ellypara.com\/index.php\/wp-json\/wp\/v2\/media\/1808"}],"wp:attachment":[{"href":"https:\/\/ellypara.com\/index.php\/wp-json\/wp\/v2\/media?parent=1807"}],"wp:term":[{"taxonomy":"product_brand","embeddable":true,"href":"https:\/\/ellypara.com\/index.php\/wp-json\/wp\/v2\/product_brand?post=1807"},{"taxonomy":"product_cat","embeddable":true,"href":"https:\/\/ellypara.com\/index.php\/wp-json\/wp\/v2\/product_cat?post=1807"},{"taxonomy":"product_tag","embeddable":true,"href":"https:\/\/ellypara.com\/index.php\/wp-json\/wp\/v2\/product_tag?post=1807"}],"curies":[{"name":"wp","href":"https:\/\/api.w.org\/{rel}","templated":true}]}}