{"id":1811,"date":"2025-05-12T20:28:16","date_gmt":"2025-05-12T18:28:16","guid":{"rendered":"https:\/\/ellypara.com\/?post_type=product&#038;p=1811"},"modified":"2025-05-12T20:28:17","modified_gmt":"2025-05-12T18:28:17","slug":"svr-xerial-fissures-et-crevasses-50-ml","status":"publish","type":"product","link":"https:\/\/ellypara.com\/index.php\/produit\/svr-xerial-fissures-et-crevasses-50-ml\/","title":{"rendered":"SVR X\u00e9rial Fissures et Crevasses 50 ml"},"content":{"rendered":"<p><strong>SVR X\u00e9rial fissures et crevasses<\/strong>\u00a0est cr\u00e8me r\u00e9paratrice<strong>\u00a0<\/strong>con\u00e7ue pour<strong>\u00a0<\/strong>les\u00a0<strong>pieds secs, tr\u00e8s abim\u00e9s et fendill\u00e9s<\/strong>. Elle est id\u00e9ale pour les personnes\u00a0qui restent debout sur de longues p\u00e9riodes, ou qui pratiquent la course \u00e0 pied, par exemple. En effet, dans ces situations,\u00a0les pieds et les talons sont soumis \u00e0 rude \u00e9preuve. En raison des frottements r\u00e9p\u00e9t\u00e9s et des pressions exerc\u00e9es, la\u00a0<strong>peau s\u2019ass\u00e8che et s\u2019\u00e9paissit<\/strong>. Elle se\u00a0<strong>d\u00e9shydrate et se craqu\u00e8le<\/strong>, ce qui m\u00e8ne \u00e0 l\u2019apparition de\u00a0<strong>fissures\u00a0<\/strong>et de\u00a0<strong>crevasses<\/strong>.<\/p>\n<p>SVR X\u00e9rial fissures et crevasses est justement formul\u00e9e pour lisser la peau agress\u00e9e, la soulager et la r\u00e9parer. Au coeur de la formule, on trouve de\u00a0l\u2019ur\u00e9e pure dos\u00e9e \u00e0 15 %, un actif qui va \u00e0 la fois\u00a0<strong>d\u00e9s\u00e9paissir la peau et l\u2019hydrater<\/strong>, laissant ainsi la peau lisse et souple. Cette cr\u00e8me int\u00e8gre \u00e9galement de la Centella asiatica, plante r\u00e9put\u00e9e pour ses\u00a0<strong>vertus r\u00e9paratrices<\/strong>. Elle est aussi formul\u00e9e avec du panthenol, ou pro-vitamine B5, un actif qui va\u00a0<strong>soulager la peau et l\u2019hydrater<\/strong>. Enfin, elle comprend de la glyc\u00e9rine et des aquaporines. La glyc\u00e9rine poss\u00e8de des\u00a0<strong>capacit\u00e9s hydratantes<\/strong>\u00a0qui seront renforc\u00e9es par les aquaporines, des prot\u00e9ines que l\u2019on trouve naturellement dans l\u2019organisme et qui sont impliqu\u00e9es dans la circulation de l\u2019eau au sein de la peau.<\/p>\n<p>SVR a aussi pens\u00e9 au microbiote\u00a0pr\u00e9sent\u00a0sur la peau et\u00a0X\u00e9rial fissures et crevasses est formul\u00e9 avec un\u00a0<strong>pr\u00e9biotique qui va r\u00e9\u00e9quilibrer la flore<\/strong>.<\/p>\n<p><strong>D\u00e8s la premi\u00e8re application<\/strong>\u00a0de\u00a0SVR X\u00e9rial fissures et crevasses, la peau est hydrat\u00e9e et soulag\u00e9e. Apr\u00e8s seulement 3 jours d\u2019application, la peau est nourrie et r\u00e9par\u00e9e.<\/p>\n<p>Gr\u00e2ce \u00e0 son fini non collant et non gras, il est possible d\u2019enfiler des chaussettes, des collants ou des chaussures imm\u00e9diatement\u00a0apr\u00e8s l\u2019application.<\/p>\n<p><strong>Caract\u00e9ristiques :<\/strong><\/p>\n<ul>\n<li>Formule non parfum\u00e9e<\/li>\n<li>15 % d\u2019ur\u00e9e pure<\/li>\n<li>Test\u00e9 sous contr\u00f4le dermatologique<\/li>\n<\/ul>\n<p>Et pour prendre soin de vos pieds, pensez \u00e0 les exfolier d\u00e9licatement avec le\u00a0Masque exfoliant pieds\u00a0SVR Peel\u00a0Xerial.<\/p>\n<p><strong>Conditionnement :<\/strong>\u00a0tube de 50 ml.<\/p>\n<p><strong>CONSEILS D\u2019UTILISATION<\/strong><\/p>\n<p>Appliquer la cr\u00e8me 1 \u00e0 2 fois par jour sur les pieds ou sur la zone concern\u00e9e jusqu\u2019\u00e0 obtention de l\u2019effet recherch\u00e9.\u00a0Appliquer ensuite en pr\u00e9vention 2 \u00e0 3 fois par semaine.<\/p>\n<p>Ne pas appliquer sur une plaie infect\u00e9e ou ouverte.<\/p>\n<p><strong>COMPOSITION<\/strong><\/p>\n<p>Aqua\/water\/eau, glycerin, urea, cocos nucifera (coconut) oil, simmondsia chinensis (jojoba) seed oil, C12-16 alcohols, panthenol, glyceryl stearate citrate, glycol palmitate, helianthus annuus (sunflower) seed wax, silica, pentylene glycol, microcrystalline cellulose, 1,2-hexanediol, sodium polyacrylate, glyceryl glucoside, sodium citrate, hydrogenated lecithin, palmitic acid, triacetin, alpha-glucan oligosaccharide, cetyl palmitate, serine, citric acid, caprylyl glycol, pentaerythrityl tetra-di-t-butyl hydroxycinnamate, sodium lactate, cellulose gum, asiaticoside, madecassic acid, histidine, asiatic acid, propylene glycol, bacillus ferment, potassium sorbate.<\/p>\n","protected":false},"excerpt":{"rendered":"<p><strong>SVR X\u00e9rial fissures et crevasses<\/strong>\u00a0est cr\u00e8me r\u00e9paratrice<strong>\u00a0<\/strong>con\u00e7ue pour<strong>\u00a0<\/strong>les\u00a0<strong>pieds secs, tr\u00e8s abim\u00e9s et fendill\u00e9s<\/strong>.<\/p>\n","protected":false},"featured_media":1812,"comment_status":"open","ping_status":"closed","template":"","meta":{"ocean_post_layout":"","ocean_both_sidebars_style":"","ocean_both_sidebars_content_width":0,"ocean_both_sidebars_sidebars_width":0,"ocean_sidebar":"0","ocean_second_sidebar":"0","ocean_disable_margins":"enable","ocean_add_body_class":"","ocean_shortcode_before_top_bar":"","ocean_shortcode_after_top_bar":"","ocean_shortcode_before_header":"","ocean_shortcode_after_header":"","ocean_has_shortcode":"","ocean_shortcode_after_title":"","ocean_shortcode_before_footer_widgets":"","ocean_shortcode_after_footer_widgets":"","ocean_shortcode_before_footer_bottom":"","ocean_shortcode_after_footer_bottom":"","ocean_display_top_bar":"default","ocean_display_header":"default","ocean_header_style":"","ocean_center_header_left_menu":"0","ocean_custom_header_template":"0","ocean_custom_logo":0,"ocean_custom_retina_logo":0,"ocean_custom_logo_max_width":0,"ocean_custom_logo_tablet_max_width":0,"ocean_custom_logo_mobile_max_width":0,"ocean_custom_logo_max_height":0,"ocean_custom_logo_tablet_max_height":0,"ocean_custom_logo_mobile_max_height":0,"ocean_header_custom_menu":"0","ocean_menu_typo_font_family":"0","ocean_menu_typo_font_subset":"","ocean_menu_typo_font_size":0,"ocean_menu_typo_font_size_tablet":0,"ocean_menu_typo_font_size_mobile":0,"ocean_menu_typo_font_size_unit":"px","ocean_menu_typo_font_weight":"","ocean_menu_typo_font_weight_tablet":"","ocean_menu_typo_font_weight_mobile":"","ocean_menu_typo_transform":"","ocean_menu_typo_transform_tablet":"","ocean_menu_typo_transform_mobile":"","ocean_menu_typo_line_height":0,"ocean_menu_typo_line_height_tablet":0,"ocean_menu_typo_line_height_mobile":0,"ocean_menu_typo_line_height_unit":"","ocean_menu_typo_spacing":0,"ocean_menu_typo_spacing_tablet":0,"ocean_menu_typo_spacing_mobile":0,"ocean_menu_typo_spacing_unit":"","ocean_menu_link_color":"","ocean_menu_link_color_hover":"","ocean_menu_link_color_active":"","ocean_menu_link_background":"","ocean_menu_link_hover_background":"","ocean_menu_link_active_background":"","ocean_menu_social_links_bg":"","ocean_menu_social_hover_links_bg":"","ocean_menu_social_links_color":"","ocean_menu_social_hover_links_color":"","ocean_disable_title":"default","ocean_disable_heading":"default","ocean_post_title":"","ocean_post_subheading":"","ocean_post_title_style":"","ocean_post_title_background_color":"","ocean_post_title_background":0,"ocean_post_title_bg_image_position":"","ocean_post_title_bg_image_attachment":"","ocean_post_title_bg_image_repeat":"","ocean_post_title_bg_image_size":"","ocean_post_title_height":0,"ocean_post_title_bg_overlay":0.5,"ocean_post_title_bg_overlay_color":"","ocean_disable_breadcrumbs":"default","ocean_breadcrumbs_color":"","ocean_breadcrumbs_separator_color":"","ocean_breadcrumbs_links_color":"","ocean_breadcrumbs_links_hover_color":"","ocean_display_footer_widgets":"default","ocean_display_footer_bottom":"default","ocean_custom_footer_template":"0"},"product_brand":[],"product_cat":[22,49],"product_tag":[],"class_list":{"0":"post-1811","1":"product","2":"type-product","3":"status-publish","4":"has-post-thumbnail","6":"product_cat-corps","7":"product_cat-soins-des-pieds","9":"entry","10":"has-media","12":"first","13":"instock","14":"taxable","15":"shipping-taxable","16":"purchasable","17":"product-type-simple","18":"has-product-nav","19":"col","20":"span_1_of_3","21":"owp-content-center","22":"owp-thumbs-layout-horizontal","23":"owp-btn-normal","24":"owp-tabs-layout-horizontal"},"_links":{"self":[{"href":"https:\/\/ellypara.com\/index.php\/wp-json\/wp\/v2\/product\/1811","targetHints":{"allow":["GET"]}}],"collection":[{"href":"https:\/\/ellypara.com\/index.php\/wp-json\/wp\/v2\/product"}],"about":[{"href":"https:\/\/ellypara.com\/index.php\/wp-json\/wp\/v2\/types\/product"}],"replies":[{"embeddable":true,"href":"https:\/\/ellypara.com\/index.php\/wp-json\/wp\/v2\/comments?post=1811"}],"wp:featuredmedia":[{"embeddable":true,"href":"https:\/\/ellypara.com\/index.php\/wp-json\/wp\/v2\/media\/1812"}],"wp:attachment":[{"href":"https:\/\/ellypara.com\/index.php\/wp-json\/wp\/v2\/media?parent=1811"}],"wp:term":[{"taxonomy":"product_brand","embeddable":true,"href":"https:\/\/ellypara.com\/index.php\/wp-json\/wp\/v2\/product_brand?post=1811"},{"taxonomy":"product_cat","embeddable":true,"href":"https:\/\/ellypara.com\/index.php\/wp-json\/wp\/v2\/product_cat?post=1811"},{"taxonomy":"product_tag","embeddable":true,"href":"https:\/\/ellypara.com\/index.php\/wp-json\/wp\/v2\/product_tag?post=1811"}],"curies":[{"name":"wp","href":"https:\/\/api.w.org\/{rel}","templated":true}]}}