{"id":1850,"date":"2025-06-14T13:10:37","date_gmt":"2025-06-14T11:10:37","guid":{"rendered":"https:\/\/ellypara.com\/?post_type=product&#038;p=1850"},"modified":"2025-07-07T20:34:52","modified_gmt":"2025-07-07T18:34:52","slug":"la-roche-posay-anthelios-uvmune-400-fluide-oil-control-spf50","status":"publish","type":"product","link":"https:\/\/ellypara.com\/index.php\/produit\/la-roche-posay-anthelios-uvmune-400-fluide-oil-control-spf50\/","title":{"rendered":"La Roche Posay Anthelios Uvmune 400 Fluide Oil Control SPF50+"},"content":{"rendered":"<p><strong>LA ROCHE-POSAY ANTHELIOS UVMUNE 400 \u2013 SPF50+<\/strong>\u00a0Fluide Solaire Visage Matifiant Avec Parfum, Peaux Mixtes \u00e0 Grasses, 50ml<\/p>\n<p>L\u2019innovation, la cr\u00e8me solaire visage fluide OIL CONTROL tr\u00e8s haute protection SPF 50+, \u00e0 la texture fluide et ultra l\u00e9g\u00e8re.<br \/>\nLe filtre UV Mexoryl 400 est notre innovation scientifique : le filtre contre les UVA ultra-longs*.<br \/>\nProtection : UVA+UVB+UVA ultra-longs.<\/p>\n<ul>\n<li>La cr\u00e8me solaire fluide oil control avec parfum UVMUNE 400 \u00e0 l\u2019eau thermale de La Roche-Posay est un soin visage SPF50+.<\/li>\n<li>Tr\u00e8s haute protection UVA, UVB et UVA ultra-longs<\/li>\n<li>Ultra-r\u00e9sistance\u202f: eau, transpiration, sable<\/li>\n<li>Anti-picotement oculaire<\/li>\n<li>Haute tol\u00e9rance<\/li>\n<li>Effet matifiant 12h<\/li>\n<li>Avec parfum<\/li>\n<li>Texture fluide ultra l\u00e9g\u00e8re<\/li>\n<li>Sans traces blanches<\/li>\n<li>Non gras<\/li>\n<\/ul>\n<p>TEST\u00c9 SUR PEAUX SENSIBLES ET ALLERGIQUES SOLAIRES SOUS CONTR\u00d4LE DERMATOLOGIQUE ET OPHTAMOLOGIQUE<br \/>\nHYPOALLERG\u00c9NIQUE<br \/>\nNON COM\u00c9DOG\u00c8NE<\/p>\n<p><strong>B\u00e9n\u00e9fices<\/strong><\/p>\n<p>Cette cr\u00e8me solaire visage fluide oil control avec parfum offre une protection \u00e0 large spectre anti-UVA + UVB + UVA ultra-longs et apporte plus de r\u00e9sistance \u00e0 la peau.<\/p>\n<p>Prot\u00e8ge la peau des rayons UV et des dommages cellulaires profonds<\/p>\n<p>Cette cr\u00e8me solaire comporte le nouveau filtre MEXORYL400 qui prot\u00e8ge la peau des rayons UVA ultra-longs jusqu\u2019\u00e0 400nm.<br \/>\nFormulation haute tol\u00e9rance<\/p>\n<p>Cette cr\u00e8me solaire visage fluide oil control est formul\u00e9e avec des actifs dermatologiques de r\u00e9f\u00e9rence pour maximiser la tol\u00e9rance sur les peaux r\u00e9actives et sensibles au soleil. Son efficacit\u00e9 est cliniquement prouv\u00e9e.<br \/>\nOffre une ultra-resistance<\/p>\n<p>A l\u2019eau, \u00e0 la transpiration et au sable<\/p>\n<p><strong>Indications<\/strong><\/p>\n<p>Formul\u00e9e pour les peaux mixtes \u00e0 grasses<br \/>\nTest\u00e9 sur peaux sensibles, r\u00e9actives et intol\u00e9rantes au soleil. Efficacit\u00e9 cliniquement prouv\u00e9e<\/p>\n<p><strong>Conseils d\u2019utilisation<\/strong><\/p>\n<p>Appliquez sur tout le visage, du haut du front jusqu\u2019au bas du menton. Nous recommandons de ne pas appliquer sur les yeux. Etalez jusqu\u2019\u00e0 ce qu\u2019il n\u2019y ait plus de traces blanches.<br \/>\nAppliquez la cr\u00e8me solaire juste avant l\u2019exposition au soleil. Renouvelez apr\u00e8s s\u2019\u00eatre baign\u00e9, essuy\u00e9, et apr\u00e8s avoir transpir\u00e9.<\/p>\n<p><strong>Composition<\/strong><\/p>\n<p>AQUA \/ WATER \/ EAU \u2022 ALCOHOL DENAT. \u2022 TRIETHYL CITRATE \u2022 DIISOPROPYL SEBACATE \u2022 SILICA \u2022 BIS-ETHYLHEXYLOXYPHENOL METHOXYPHENYL TRIAZINE \u2022 ETHYLHEXYL SALICYLATE \u2022 ETHYLHEXYL TRIAZONE \u2022 BUTYL METHOXYDIBENZOYLMETHANE \u2022 GLYCERIN \u2022 PROPANEDIOL \u2022 C12-22 ALKYL ACRYLATE\/HYDROXYETHYLACRYLATE COPOLYMER \u2022 C12-15 ALKYL BENZOATE \u2022 SODIUM CITRATE \u2022 METHOXYPROPYLAMINO CYCLOHEXENYLIDENE ETHOXYETHYLCYANOACETATE \u2022 PERLITE \u2022 TOCOPHEROL \u2022 CAPRYLIC\/CAPRIC TRIGLYCERIDE \u2022 ACRYLATES\/C10-30 ALKYL ACRYLATE CROSSPOLYMER \u2022 BIXA ORELLANA SEED EXTRACT \u2022 CAPRYLYL GLYCOL \u2022 CITRIC ACID \u2022 DIETHYLAMINO HYDROXYBENZOYL HEXYL BENZOATE \u2022 DROMETRIZOLE TRISILOXANE \u2022 HYDROXYACETOPHENONE \u2022 HYDROXYETHYLCELLULOSE \u2022 MALTODEXTRIN \u2022 PENTYLENE GLYCOL \u2022 SILICA SILYLATE \u2022 TEREPHTHALYLIDENE DICAMPHOR SULFONIC ACID \u2022 TRIETHANOLAMINE \u2022 TRISODIUM ETHYLENEDIAMINE DISUCCINATE \u2022 ZINC PCA \u2022 PARFUM \/ FRAGRANCE (F.I.L. N70017359\/1).<\/p>\n<p><strong>Conditionnement<\/strong><\/p>\n<p>Flacon de 50 ml<\/p>\n","protected":false},"excerpt":{"rendered":"<p>La Roche-Posay Anthelios UVMUNE 400 Oil Control Fluid SPF50+ 50ml\u00a0est un fluide \u00e0\u00a0tr\u00e8s haute protection UV SPF50+\u00a0adapt\u00e9 aux\u00a0peaux grasses et sensibles.<\/p>\n","protected":false},"featured_media":1851,"comment_status":"open","ping_status":"closed","template":"","meta":{"ocean_post_layout":"","ocean_both_sidebars_style":"","ocean_both_sidebars_content_width":0,"ocean_both_sidebars_sidebars_width":0,"ocean_sidebar":"0","ocean_second_sidebar":"0","ocean_disable_margins":"enable","ocean_add_body_class":"","ocean_shortcode_before_top_bar":"","ocean_shortcode_after_top_bar":"","ocean_shortcode_before_header":"","ocean_shortcode_after_header":"","ocean_has_shortcode":"","ocean_shortcode_after_title":"","ocean_shortcode_before_footer_widgets":"","ocean_shortcode_after_footer_widgets":"","ocean_shortcode_before_footer_bottom":"","ocean_shortcode_after_footer_bottom":"","ocean_display_top_bar":"default","ocean_display_header":"default","ocean_header_style":"","ocean_center_header_left_menu":"0","ocean_custom_header_template":"0","ocean_custom_logo":0,"ocean_custom_retina_logo":0,"ocean_custom_logo_max_width":0,"ocean_custom_logo_tablet_max_width":0,"ocean_custom_logo_mobile_max_width":0,"ocean_custom_logo_max_height":0,"ocean_custom_logo_tablet_max_height":0,"ocean_custom_logo_mobile_max_height":0,"ocean_header_custom_menu":"0","ocean_menu_typo_font_family":"0","ocean_menu_typo_font_subset":"","ocean_menu_typo_font_size":0,"ocean_menu_typo_font_size_tablet":0,"ocean_menu_typo_font_size_mobile":0,"ocean_menu_typo_font_size_unit":"px","ocean_menu_typo_font_weight":"","ocean_menu_typo_font_weight_tablet":"","ocean_menu_typo_font_weight_mobile":"","ocean_menu_typo_transform":"","ocean_menu_typo_transform_tablet":"","ocean_menu_typo_transform_mobile":"","ocean_menu_typo_line_height":0,"ocean_menu_typo_line_height_tablet":0,"ocean_menu_typo_line_height_mobile":0,"ocean_menu_typo_line_height_unit":"","ocean_menu_typo_spacing":0,"ocean_menu_typo_spacing_tablet":0,"ocean_menu_typo_spacing_mobile":0,"ocean_menu_typo_spacing_unit":"","ocean_menu_link_color":"","ocean_menu_link_color_hover":"","ocean_menu_link_color_active":"","ocean_menu_link_background":"","ocean_menu_link_hover_background":"","ocean_menu_link_active_background":"","ocean_menu_social_links_bg":"","ocean_menu_social_hover_links_bg":"","ocean_menu_social_links_color":"","ocean_menu_social_hover_links_color":"","ocean_disable_title":"default","ocean_disable_heading":"default","ocean_post_title":"","ocean_post_subheading":"","ocean_post_title_style":"","ocean_post_title_background_color":"","ocean_post_title_background":0,"ocean_post_title_bg_image_position":"","ocean_post_title_bg_image_attachment":"","ocean_post_title_bg_image_repeat":"","ocean_post_title_bg_image_size":"","ocean_post_title_height":0,"ocean_post_title_bg_overlay":0.5,"ocean_post_title_bg_overlay_color":"","ocean_disable_breadcrumbs":"default","ocean_breadcrumbs_color":"","ocean_breadcrumbs_separator_color":"","ocean_breadcrumbs_links_color":"","ocean_breadcrumbs_links_hover_color":"","ocean_display_footer_widgets":"default","ocean_display_footer_bottom":"default","ocean_custom_footer_template":"0"},"product_brand":[],"product_cat":[26,76,72,20],"product_tag":[],"class_list":{"0":"post-1850","1":"product","2":"type-product","3":"status-publish","4":"has-post-thumbnail","6":"product_cat-promo","7":"product_cat-peaux-mixtes-a-grasses","8":"product_cat-protection-solaire-solaire","9":"product_cat-solaire","11":"entry","12":"has-media","14":"first","15":"outofstock","16":"sale","17":"taxable","18":"shipping-taxable","19":"purchasable","20":"product-type-simple","21":"has-product-nav","22":"col","23":"span_1_of_3","24":"owp-content-center","25":"owp-thumbs-layout-horizontal","26":"owp-btn-normal","27":"owp-tabs-layout-horizontal"},"_links":{"self":[{"href":"https:\/\/ellypara.com\/index.php\/wp-json\/wp\/v2\/product\/1850","targetHints":{"allow":["GET"]}}],"collection":[{"href":"https:\/\/ellypara.com\/index.php\/wp-json\/wp\/v2\/product"}],"about":[{"href":"https:\/\/ellypara.com\/index.php\/wp-json\/wp\/v2\/types\/product"}],"replies":[{"embeddable":true,"href":"https:\/\/ellypara.com\/index.php\/wp-json\/wp\/v2\/comments?post=1850"}],"wp:featuredmedia":[{"embeddable":true,"href":"https:\/\/ellypara.com\/index.php\/wp-json\/wp\/v2\/media\/1851"}],"wp:attachment":[{"href":"https:\/\/ellypara.com\/index.php\/wp-json\/wp\/v2\/media?parent=1850"}],"wp:term":[{"taxonomy":"product_brand","embeddable":true,"href":"https:\/\/ellypara.com\/index.php\/wp-json\/wp\/v2\/product_brand?post=1850"},{"taxonomy":"product_cat","embeddable":true,"href":"https:\/\/ellypara.com\/index.php\/wp-json\/wp\/v2\/product_cat?post=1850"},{"taxonomy":"product_tag","embeddable":true,"href":"https:\/\/ellypara.com\/index.php\/wp-json\/wp\/v2\/product_tag?post=1850"}],"curies":[{"name":"wp","href":"https:\/\/api.w.org\/{rel}","templated":true}]}}