{"id":1854,"date":"2025-06-14T13:20:31","date_gmt":"2025-06-14T11:20:31","guid":{"rendered":"https:\/\/ellypara.com\/?post_type=product&#038;p=1854"},"modified":"2025-06-14T13:20:31","modified_gmt":"2025-06-14T11:20:31","slug":"la-roche-posay-cicaplast-b5-serum-ultra-reparateur-hydratant-30ml","status":"publish","type":"product","link":"https:\/\/ellypara.com\/index.php\/produit\/la-roche-posay-cicaplast-b5-serum-ultra-reparateur-hydratant-30ml\/","title":{"rendered":"La Roche Posay Cicaplast B5 S\u00e9rum Ultra R\u00e9parateur Hydratant 30ml"},"content":{"rendered":"<p><strong>La Roche Posay Cicaplast B5 s\u00e9rum<\/strong>\u00a0est\u00a0<strong>ultra r\u00e9parateur<\/strong>,\u00a0<strong>ultra hydratant<\/strong>\u00a0et c\u2019est \u00e9galement un\u00a0<strong>r\u00e9g\u00e9n\u00e9rant<\/strong>\u00a0quotidien. Il est adapt\u00e9 pour les\u00a0<strong>peaux d\u00e9shydrat\u00e9es ou irrit\u00e9es<\/strong>\u00a0affichant un teint terne. Il convient aussi apr\u00e8s des actes dermatologiques superficiels, tels qu\u2019une s\u00e9ance laser ou un peeling. Son action principale ? La r\u00e9paration de la barri\u00e8re cutan\u00e9e.<\/p>\n<p>La\u00a0<strong>barri\u00e8re cutan\u00e9e<\/strong>\u00a0est la couche la plus externe de la peau, directement en contact avec l\u2019ext\u00e9rieur. Elle a une double fonction : elle aide la peau \u00e0 maintenir son hydratation et elle la prot\u00e8ge des agressions ext\u00e9rieures. Mais si cette barri\u00e8re est endommag\u00e9e, la peau se d\u00e9shydrate et devient s\u00e8che et r\u00eache. Elle perd sa souplesse et son \u00e9lasticit\u00e9. Son teint se ternit. Mal prot\u00e9g\u00e9e, la peau devient vuln\u00e9rable aux agressions. Il faut donc lui apporter des soins particuliers, visant \u00e0 r\u00e9parer et renforcer la barri\u00e8re cutan\u00e9e.<\/p>\n<p><strong>Comment le s\u00e9rum ultra-r\u00e9parateur hydratant Cicaplast B5 fonctionne ?<\/strong><\/p>\n<p>C\u2019est ce que propose La Roche Posay avec le s\u00e9rum Cicaplast B5. L\u2019actif clef de ce s\u00e9rum, c\u2019est la\u00a0<strong>vitamine B5<\/strong>, aussi appel\u00e9\u00a0<strong>panthenol<\/strong>. Il en contient 10 % ! Il a plusieurs actions. C\u2019est un hydratant et il poss\u00e8de aussi la capacit\u00e9 d\u2019apaiser la peau. Il est donc id\u00e9al pour une peau souffrant d\u2019irritations et de d\u00e9shydratation. Par ailleurs, il soutient la r\u00e9paration de la peau. Ainsi, il va aider la peau \u00e0 reconstruire sa barri\u00e8re.<\/p>\n<p>La Roche Posay Cicaplast B5 s\u00e9rum int\u00e8gre aussi de l\u2019<strong>acide hyaluronique<\/strong>\u00a0intens\u00e9ment hydratant, et un actif au pouvoir exfoliant : l\u2019<strong>HEPES<\/strong>, qui va \u00e9liminer les rugosit\u00e9s.<\/p>\n<p>Ainsi, la peau est puissamment hydrat\u00e9e. En seulement une heure, elle b\u00e9n\u00e9ficie d\u2019une barri\u00e8re cutan\u00e9e reconstruite. En 1 semaine, le teint est uniformis\u00e9, le grain de la peau est affin\u00e9 et elle est prot\u00e9g\u00e9e et r\u00e9g\u00e9n\u00e9r\u00e9e.<\/p>\n<p><strong>Conditionnement :\u00a0<\/strong>flacon de 30 ml.<\/p>\n<p>Et pour les l\u00e8vres, pensez au\u00a0baume r\u00e9parateur Cicaplast.<\/p>\n<p><strong>CONSEILS D\u2019UTILISATION<\/strong><\/p>\n<p>Comment appliquer La Roche Posay Cicaplast B5 s\u00e9rum ultra-r\u00e9parateur hydratant ?<\/p>\n<p>Utiliser le matin et le soir.<br \/>\nAppliquer 1 \u00e0 2 gouttes sur le visage et le cou.<br \/>\nAttendre 1 minute avant d\u2019appliquer d\u2019autres produits.<\/p>\n<p><strong>COMPOSITION<\/strong><\/p>\n<p>INGREDIENTS : aqua\/water\/eau, panthenol; glycerin, alcohol denat., dimethicone, hydroxyethypiperazine ethane sulfonic acid, PEG-20 methyl glucose sesquistearate, sodium hyaluronate, ammonium polyacryloyldimethyl taurate, caprylyl glycol, vitreoscilla ferment, citric acid, xanthan gum, octyldodecanol, tocopherol, phenoxyethanol. (Code F.I.L. : N28498\/1).<\/p>\n","protected":false},"excerpt":{"rendered":"<p>Le s\u00e9rum ultra-r\u00e9parateur Cicaplast B5 est un soin visage d\u00e9velopp\u00e9 par le laboratoire La Roche-Posay. Il convient \u00e0 tous les types de peau, et particuli\u00e8rement aux peaux d\u00e9shydrat\u00e9es, irrit\u00e9es ou sensibilis\u00e9es.<\/p>\n","protected":false},"featured_media":1855,"comment_status":"open","ping_status":"closed","template":"","meta":{"ocean_post_layout":"","ocean_both_sidebars_style":"","ocean_both_sidebars_content_width":0,"ocean_both_sidebars_sidebars_width":0,"ocean_sidebar":"0","ocean_second_sidebar":"0","ocean_disable_margins":"enable","ocean_add_body_class":"","ocean_shortcode_before_top_bar":"","ocean_shortcode_after_top_bar":"","ocean_shortcode_before_header":"","ocean_shortcode_after_header":"","ocean_has_shortcode":"","ocean_shortcode_after_title":"","ocean_shortcode_before_footer_widgets":"","ocean_shortcode_after_footer_widgets":"","ocean_shortcode_before_footer_bottom":"","ocean_shortcode_after_footer_bottom":"","ocean_display_top_bar":"default","ocean_display_header":"default","ocean_header_style":"","ocean_center_header_left_menu":"0","ocean_custom_header_template":"0","ocean_custom_logo":0,"ocean_custom_retina_logo":0,"ocean_custom_logo_max_width":0,"ocean_custom_logo_tablet_max_width":0,"ocean_custom_logo_mobile_max_width":0,"ocean_custom_logo_max_height":0,"ocean_custom_logo_tablet_max_height":0,"ocean_custom_logo_mobile_max_height":0,"ocean_header_custom_menu":"0","ocean_menu_typo_font_family":"0","ocean_menu_typo_font_subset":"","ocean_menu_typo_font_size":0,"ocean_menu_typo_font_size_tablet":0,"ocean_menu_typo_font_size_mobile":0,"ocean_menu_typo_font_size_unit":"px","ocean_menu_typo_font_weight":"","ocean_menu_typo_font_weight_tablet":"","ocean_menu_typo_font_weight_mobile":"","ocean_menu_typo_transform":"","ocean_menu_typo_transform_tablet":"","ocean_menu_typo_transform_mobile":"","ocean_menu_typo_line_height":0,"ocean_menu_typo_line_height_tablet":0,"ocean_menu_typo_line_height_mobile":0,"ocean_menu_typo_line_height_unit":"","ocean_menu_typo_spacing":0,"ocean_menu_typo_spacing_tablet":0,"ocean_menu_typo_spacing_mobile":0,"ocean_menu_typo_spacing_unit":"","ocean_menu_link_color":"","ocean_menu_link_color_hover":"","ocean_menu_link_color_active":"","ocean_menu_link_background":"","ocean_menu_link_hover_background":"","ocean_menu_link_active_background":"","ocean_menu_social_links_bg":"","ocean_menu_social_hover_links_bg":"","ocean_menu_social_links_color":"","ocean_menu_social_hover_links_color":"","ocean_disable_title":"default","ocean_disable_heading":"default","ocean_post_title":"","ocean_post_subheading":"","ocean_post_title_style":"","ocean_post_title_background_color":"","ocean_post_title_background":0,"ocean_post_title_bg_image_position":"","ocean_post_title_bg_image_attachment":"","ocean_post_title_bg_image_repeat":"","ocean_post_title_bg_image_size":"","ocean_post_title_height":0,"ocean_post_title_bg_overlay":0.5,"ocean_post_title_bg_overlay_color":"","ocean_disable_breadcrumbs":"default","ocean_breadcrumbs_color":"","ocean_breadcrumbs_separator_color":"","ocean_breadcrumbs_links_color":"","ocean_breadcrumbs_links_hover_color":"","ocean_display_footer_widgets":"default","ocean_display_footer_bottom":"default","ocean_custom_footer_template":"0"},"product_brand":[],"product_cat":[26,37,42,35,21],"product_tag":[],"class_list":{"0":"post-1854","1":"product","2":"type-product","3":"status-publish","4":"has-post-thumbnail","6":"product_cat-promo","7":"product_cat-soins-peau-grasse","8":"product_cat-peaux-seches","9":"product_cat-soins-hydratants-et-nourrissants","10":"product_cat-visage","12":"entry","13":"has-media","15":"first","16":"instock","17":"sale","18":"taxable","19":"shipping-taxable","20":"purchasable","21":"product-type-simple","22":"has-product-nav","23":"col","24":"span_1_of_3","25":"owp-content-center","26":"owp-thumbs-layout-horizontal","27":"owp-btn-normal","28":"owp-tabs-layout-horizontal"},"_links":{"self":[{"href":"https:\/\/ellypara.com\/index.php\/wp-json\/wp\/v2\/product\/1854","targetHints":{"allow":["GET"]}}],"collection":[{"href":"https:\/\/ellypara.com\/index.php\/wp-json\/wp\/v2\/product"}],"about":[{"href":"https:\/\/ellypara.com\/index.php\/wp-json\/wp\/v2\/types\/product"}],"replies":[{"embeddable":true,"href":"https:\/\/ellypara.com\/index.php\/wp-json\/wp\/v2\/comments?post=1854"}],"wp:featuredmedia":[{"embeddable":true,"href":"https:\/\/ellypara.com\/index.php\/wp-json\/wp\/v2\/media\/1855"}],"wp:attachment":[{"href":"https:\/\/ellypara.com\/index.php\/wp-json\/wp\/v2\/media?parent=1854"}],"wp:term":[{"taxonomy":"product_brand","embeddable":true,"href":"https:\/\/ellypara.com\/index.php\/wp-json\/wp\/v2\/product_brand?post=1854"},{"taxonomy":"product_cat","embeddable":true,"href":"https:\/\/ellypara.com\/index.php\/wp-json\/wp\/v2\/product_cat?post=1854"},{"taxonomy":"product_tag","embeddable":true,"href":"https:\/\/ellypara.com\/index.php\/wp-json\/wp\/v2\/product_tag?post=1854"}],"curies":[{"name":"wp","href":"https:\/\/api.w.org\/{rel}","templated":true}]}}