{"id":1858,"date":"2025-06-14T13:39:52","date_gmt":"2025-06-14T11:39:52","guid":{"rendered":"https:\/\/ellypara.com\/?post_type=product&#038;p=1858"},"modified":"2025-06-14T13:39:52","modified_gmt":"2025-06-14T11:39:52","slug":"la-roche-posay-cicaplast-baume-b5-100-ml","status":"publish","type":"product","link":"https:\/\/ellypara.com\/index.php\/produit\/la-roche-posay-cicaplast-baume-b5-100-ml\/","title":{"rendered":"LA ROCHE POSAY Cicaplast Baume B5+ 100 ml"},"content":{"rendered":"<p><strong>La Roche-Posay Cicaplast baume B5<\/strong>\u00a0intervient dans le traitement des\u00a0<strong>irritations<\/strong>\u00a0cutan\u00e9es d\u00e8s 3 mois. Ce soin a \u00e9t\u00e9 sp\u00e9cifiquement con\u00e7u pour soigner les<strong>\u00a0irritations, ger\u00e7ures, dartres\u00a0<\/strong>et s\u2019adapter aux peaux les plus sensibles. Sa formule est non parfum\u00e9e. En cas de plaie, Cicaplast Baume B5 peut \u00eatre appliqu\u00e9 d\u00e8s le premier jour de cicatrisation, soit aa d\u00e9but de la phase d\u2019\u00e9pith\u00e9lialisation.<\/p>\n<p>Int\u00e9grant\u00a0du<strong>\u00a0panth\u00e9nol<\/strong>, famili\u00e8rement d\u00e9sign\u00e9 dans le jargon des cosm\u00e9tiques \u00ab\u00a0l\u2019ami des<strong>\u00a0peaux sensibles<\/strong>\u00a0\u00bb, ce baume constitue un principe actif qui joue un r\u00f4le essentiel dans le processus de restauration cutan\u00e9e. En effet, le panth\u00e9nol \u00e9quivaut \u00e0 la provitamine B5 qui stimule la prolif\u00e9ration des cellules constitutives du derme et de l\u2019\u00e9piderme. De surcro\u00eet, il est un \u00e9l\u00e9ment indispensable \u00e0 la restructuration de la peau et tout en contribuant \u00e0<strong>\u00a0diminuer la perte d\u2019eau<\/strong>, il contribue \u00e0 favoriser une am\u00e9lioration rapide en acc\u00e9l\u00e9rant le m\u00e9canisme de<strong>\u00a0cicatrisation.<\/strong><\/p>\n<p>Enrichi en\u00a0<strong>beurre de karit\u00e9<\/strong>\u00a0et\u00a0<strong>glyc\u00e9rine<\/strong>\u00a0pour augmenter ses<strong>\u00a0qualit\u00e9s hydratantes,<\/strong>\u00a0le baume Cicaplast B5 + de la Roche-Posay contient \u00e9galement un ingr\u00e9dient aux\u00a0<strong>propri\u00e9t\u00e9s r\u00e9paratrices<\/strong>, le mad\u00e9cassoside, connu pour ses puissantes fonctions\u00a0<strong>anti-d\u00e9mangeaisons, anti-rougeurs et anti-desquamations.<\/strong><\/p>\n<p>La nouvelle formule du Baume B5 Cicaplast<strong>\u00a0<\/strong>int\u00e8gre le\u00a0<strong>Tribioma<\/strong>. Ce complexe pr\u00e9biotique exclusif La Roche Posay compos\u00e9 de ferments lactiques, de sucres et d\u2019extraits de plantes contribue \u00e0 l\u2019\u00e9quilibre du\u00a0<strong>microbiome cutan\u00e9<\/strong>\u00a0afin d\u2019am\u00e9liorer la r\u00e9paration de la\u00a0peau ab\u00eem\u00e9e\u00a0et de r\u00e9duire les marques.<\/p>\n<p>Ainsi, gr\u00e2ce \u00e0 la conjugaison de tous ces \u00e9l\u00e9ments, ce baume r\u00e9parateur apaisant de la Roche-Posay dont la texture ni grasse ni collante r\u00e9unit toutes les qualit\u00e9s pour garantir une\u00a0<strong>r\u00e9paration instantan\u00e9e\u00a0<\/strong>des l\u00e9sions tout en apportant \u00e0 la peau les nutriments dont elle a besoin pour recouvrer une pleine sant\u00e9.<\/p>\n<p><strong>Conditionnement :\u00a0<\/strong>tube 40 ml ou 100 ml<\/p>\n<p><strong>CONSEILS D\u2019UTILISATION<\/strong><\/p>\n<p>Pour corps, visage et l\u00e8vres<br \/>\nAppliquez 2 fois par jour sur une peau pr\u00e9alablement nettoy\u00e9e et s\u00e9ch\u00e9e. Peut s\u2019appliquer en couche \u00e9paisse.<\/p>\n<p>Convient \u00e9galement aux patients sous traitement anti-cancer.<\/p>\n<p>\u00c9viter le contour des yeux.<br \/>\nNe pas appliquer sur peaux l\u00e9s\u00e9es.<br \/>\nNe pas avaler.<br \/>\nTenir hors de port\u00e9e des enfants<\/p>\n<p><iframe id=\"widget2\" title=\"Cicaplast Baume B5 - R\u00e9parateur et Apaisant | Vinciane Schmitz, dermo-experte La Roche-Posay\" src=\"https:\/\/www.youtube.com\/embed\/y0SLM57CUFA?feature=oembed&amp;enablejsapi=1&amp;origin=https:%2F%2Fwww.maparatunisie.tn\" width=\"1020\" height=\"574\" frameborder=\"0\" allowfullscreen=\"allowfullscreen\" data-gtm-yt-inspected-9=\"true\" data-mce-fragment=\"1\"><\/iframe><\/p>\n<p><strong>COMPOSITION<\/strong><\/p>\n<p>Aqua \/ water, hydrogenated polyisobutene, dimethicone, glycerin, butyrospermum parkii butter \/ shea butter, panthenol, zea mays starch \/ corn starch, propanediol, butylene glycol, cetyl PEG \/ PPG-10 \/ 1 dimethicone, trihydroxystearin, centella asiatica leaf extract, polymnia sonchifolia root juice, zinc gluconate, madecassoside, manganese gluconate, alpha-glucan oligosaccharide, silica, aluminum hydroxide, magnesium sulfate, mannose, capryloyl glycine, caprylyl glycol, vitreoscilla ferment, citric acid, trisodium ethylenediamine disuccinate, lactobacillus, acetylated glycol stearate, maltodextrin, polyglyceryl-4 isostearate, tocopherol, pentaerythrityl tetra-di-t-butyl hydroxyhydrocinnamate, CI 77891 \/ titanium dioxide. (Code F.I.L. : N70011474\/1).<\/p>\n<p>&nbsp;<\/p>\n","protected":false},"excerpt":{"rendered":"<p><strong>La Roche-Posay Cicaplast baume B5<\/strong>\u00a0intervient dans le traitement des\u00a0<strong>irritations<\/strong>\u00a0cutan\u00e9es d\u00e8s 3 mois. Ce soin a \u00e9t\u00e9 sp\u00e9cifiquement con\u00e7u pour soigner les<strong>\u00a0irritations, ger\u00e7ures, dartres\u00a0<\/strong>et s\u2019adapter aux peaux les plus sensibles.<\/p>\n","protected":false},"featured_media":1859,"comment_status":"open","ping_status":"closed","template":"","meta":{"ocean_post_layout":"","ocean_both_sidebars_style":"","ocean_both_sidebars_content_width":0,"ocean_both_sidebars_sidebars_width":0,"ocean_sidebar":"0","ocean_second_sidebar":"0","ocean_disable_margins":"enable","ocean_add_body_class":"","ocean_shortcode_before_top_bar":"","ocean_shortcode_after_top_bar":"","ocean_shortcode_before_header":"","ocean_shortcode_after_header":"","ocean_has_shortcode":"","ocean_shortcode_after_title":"","ocean_shortcode_before_footer_widgets":"","ocean_shortcode_after_footer_widgets":"","ocean_shortcode_before_footer_bottom":"","ocean_shortcode_after_footer_bottom":"","ocean_display_top_bar":"default","ocean_display_header":"default","ocean_header_style":"","ocean_center_header_left_menu":"0","ocean_custom_header_template":"0","ocean_custom_logo":0,"ocean_custom_retina_logo":0,"ocean_custom_logo_max_width":0,"ocean_custom_logo_tablet_max_width":0,"ocean_custom_logo_mobile_max_width":0,"ocean_custom_logo_max_height":0,"ocean_custom_logo_tablet_max_height":0,"ocean_custom_logo_mobile_max_height":0,"ocean_header_custom_menu":"0","ocean_menu_typo_font_family":"0","ocean_menu_typo_font_subset":"","ocean_menu_typo_font_size":0,"ocean_menu_typo_font_size_tablet":0,"ocean_menu_typo_font_size_mobile":0,"ocean_menu_typo_font_size_unit":"px","ocean_menu_typo_font_weight":"","ocean_menu_typo_font_weight_tablet":"","ocean_menu_typo_font_weight_mobile":"","ocean_menu_typo_transform":"","ocean_menu_typo_transform_tablet":"","ocean_menu_typo_transform_mobile":"","ocean_menu_typo_line_height":0,"ocean_menu_typo_line_height_tablet":0,"ocean_menu_typo_line_height_mobile":0,"ocean_menu_typo_line_height_unit":"","ocean_menu_typo_spacing":0,"ocean_menu_typo_spacing_tablet":0,"ocean_menu_typo_spacing_mobile":0,"ocean_menu_typo_spacing_unit":"","ocean_menu_link_color":"","ocean_menu_link_color_hover":"","ocean_menu_link_color_active":"","ocean_menu_link_background":"","ocean_menu_link_hover_background":"","ocean_menu_link_active_background":"","ocean_menu_social_links_bg":"","ocean_menu_social_hover_links_bg":"","ocean_menu_social_links_color":"","ocean_menu_social_hover_links_color":"","ocean_disable_title":"default","ocean_disable_heading":"default","ocean_post_title":"","ocean_post_subheading":"","ocean_post_title_style":"","ocean_post_title_background_color":"","ocean_post_title_background":0,"ocean_post_title_bg_image_position":"","ocean_post_title_bg_image_attachment":"","ocean_post_title_bg_image_repeat":"","ocean_post_title_bg_image_size":"","ocean_post_title_height":0,"ocean_post_title_bg_overlay":0.5,"ocean_post_title_bg_overlay_color":"","ocean_disable_breadcrumbs":"default","ocean_breadcrumbs_color":"","ocean_breadcrumbs_separator_color":"","ocean_breadcrumbs_links_color":"","ocean_breadcrumbs_links_hover_color":"","ocean_display_footer_widgets":"default","ocean_display_footer_bottom":"default","ocean_custom_footer_template":"0"},"product_brand":[],"product_cat":[22,43,47,111,21],"product_tag":[],"class_list":{"0":"post-1858","1":"product","2":"type-product","3":"status-publish","4":"has-post-thumbnail","6":"product_cat-corps","7":"product_cat-soins-anti-rougeurs-et-peau-sensible","8":"product_cat-soins-corps","9":"product_cat-sticks-baumes-levres-et-reparateurs","10":"product_cat-visage","12":"entry","13":"has-media","15":"first","16":"instock","17":"taxable","18":"shipping-taxable","19":"purchasable","20":"product-type-simple","21":"has-product-nav","22":"col","23":"span_1_of_3","24":"owp-content-center","25":"owp-thumbs-layout-horizontal","26":"owp-btn-normal","27":"owp-tabs-layout-horizontal","28":"has-no-thumbnails"},"_links":{"self":[{"href":"https:\/\/ellypara.com\/index.php\/wp-json\/wp\/v2\/product\/1858","targetHints":{"allow":["GET"]}}],"collection":[{"href":"https:\/\/ellypara.com\/index.php\/wp-json\/wp\/v2\/product"}],"about":[{"href":"https:\/\/ellypara.com\/index.php\/wp-json\/wp\/v2\/types\/product"}],"replies":[{"embeddable":true,"href":"https:\/\/ellypara.com\/index.php\/wp-json\/wp\/v2\/comments?post=1858"}],"wp:featuredmedia":[{"embeddable":true,"href":"https:\/\/ellypara.com\/index.php\/wp-json\/wp\/v2\/media\/1859"}],"wp:attachment":[{"href":"https:\/\/ellypara.com\/index.php\/wp-json\/wp\/v2\/media?parent=1858"}],"wp:term":[{"taxonomy":"product_brand","embeddable":true,"href":"https:\/\/ellypara.com\/index.php\/wp-json\/wp\/v2\/product_brand?post=1858"},{"taxonomy":"product_cat","embeddable":true,"href":"https:\/\/ellypara.com\/index.php\/wp-json\/wp\/v2\/product_cat?post=1858"},{"taxonomy":"product_tag","embeddable":true,"href":"https:\/\/ellypara.com\/index.php\/wp-json\/wp\/v2\/product_tag?post=1858"}],"curies":[{"name":"wp","href":"https:\/\/api.w.org\/{rel}","templated":true}]}}