{"id":1940,"date":"2025-07-02T21:04:24","date_gmt":"2025-07-02T19:04:24","guid":{"rendered":"https:\/\/ellypara.com\/?post_type=product&#038;p=1940"},"modified":"2025-07-02T21:20:30","modified_gmt":"2025-07-02T19:20:30","slug":"acm-depiwhite-lait-corporel-eclaircissant-500ml","status":"publish","type":"product","link":"https:\/\/ellypara.com\/index.php\/produit\/acm-depiwhite-lait-corporel-eclaircissant-500ml\/","title":{"rendered":"ACM Depiwhite Lait Corporel Eclaircissant 500ml"},"content":{"rendered":"<p><strong>Le lait corporel \u00e9claircissant D\u00c9PIWHITE d\u2019ACM<\/strong>\u00a0aide \u00e0 embellir l\u2019\u00e9piderme gr\u00e2ce \u00e0 l\u2019action de plusieurs ingr\u00e9dients naturels. Il est particuli\u00e8rement d\u00e9di\u00e9 aux personnes qui ont une peau s\u00e8che et terne. Ce produit permet \u00e9galement d\u2019estomper les marques pigmentaires caus\u00e9es par les expositions solaires ou le vieillissement cutan\u00e9.<\/p>\n<p>Le soin corporel D\u00c9PIWHITE contient des extraits de r\u00e9s\u00e9da, de busserole et de persil, des v\u00e9g\u00e9taux reconnus pour leurs propri\u00e9t\u00e9s \u00e9claircissantes et leur capacit\u00e9 \u00e0 lutter contre les taches cutan\u00e9es en freinant la production de m\u00e9lanine. Il est enrichi en huile de noyau d\u2019abricot et de jojoba, ainsi qu\u2019en beurre de karit\u00e9. R\u00e9put\u00e9s pour leurs vertus nourrissantes, ces principes actifs contribuent \u00e0 r\u00e9g\u00e9n\u00e9rer l\u2019\u00e9piderme et \u00e0 am\u00e9liorer l\u2019\u00e9clat de la peau, jour apr\u00e8s jour.<\/p>\n<p>Le lait D\u00c9PIWHITE b\u00e9n\u00e9ficie d\u2019avis tr\u00e8s positifs rapport\u00e9s par des tests cliniques. 8 h apr\u00e8s l\u2019application, l\u2019hydratation de la peau augmente de 39 %.<\/p>\n<p><strong>Composition<\/strong><\/p>\n<p>Aqua (Water), Glycerin, Paraffinum Liquidum (Mineral Oil), Prunus Armeniaca (Apricot) Kernel Oil, Steareth-2, Butyrospermum Parkii (Shea) Butter, Sorbitan Caprylate, Steareth-21, Hydroxypropyl Starch Phosphate, Cera Alba (Beeswax), Cetyl Alcohol, Simmondsia Chinensis (Jojoba) Seed Oil, Sodium Lactate, Allantoin, Lactic Acid, Magnesium Sulfate Heptahydrate, Manganese Sulfate Monohydrate, Reseda Luteola Extract, Arctostaphylos Uva Ursi Leaf Extract, Carum Petroselinum (Parsley) Extract, Cera Microcristallina (Microcrystalline Wax), Dimethicone, Paraffin, Phenoxyethanol, Propylene Glycol, Xanthan Gum, Cyclopentasiloxane, Cyclohexasiloxane, Potassium Sorbate, Parfum (Fragrance).<\/p>\n<p><strong>Conseil d\u2019utilisation<\/strong><\/p>\n<p>Appliquer le produit sur l\u2019ensemble du corps apr\u00e8s la douche ou le bain.<br \/>\nMasser plus longuement les zones de la peau touch\u00e9es par des d\u00e9fauts pigmentaires.<br \/>\nGr\u00e2ce \u00e0 sa texture fluide, le lait D\u00c9PIWHITE p\u00e9n\u00e8tre rapidement dans l\u2019\u00e9piderme.<br \/>\nAfin de profiter de tous ses b\u00e9n\u00e9fices, il est recommand\u00e9 d\u2019utiliser ce soin corporel au moins une fois par jour.<\/p>\n","protected":false},"excerpt":{"rendered":"<p>Les laboratoires ACM ont con\u00e7u le lait corporel \u00e9claircissant pour les personnes ayant la peau s\u00e8che et un besoin d\u2019\u00e9claircir le teint. C\u2019est un soin qui vient hydrater et nourrir la peau tout en agissant sur les taches brunes.<\/p>\n","protected":false},"featured_media":1941,"comment_status":"open","ping_status":"closed","template":"","meta":{"ocean_post_layout":"","ocean_both_sidebars_style":"","ocean_both_sidebars_content_width":0,"ocean_both_sidebars_sidebars_width":0,"ocean_sidebar":"0","ocean_second_sidebar":"0","ocean_disable_margins":"enable","ocean_add_body_class":"","ocean_shortcode_before_top_bar":"","ocean_shortcode_after_top_bar":"","ocean_shortcode_before_header":"","ocean_shortcode_after_header":"","ocean_has_shortcode":"","ocean_shortcode_after_title":"","ocean_shortcode_before_footer_widgets":"","ocean_shortcode_after_footer_widgets":"","ocean_shortcode_before_footer_bottom":"","ocean_shortcode_after_footer_bottom":"","ocean_display_top_bar":"default","ocean_display_header":"default","ocean_header_style":"","ocean_center_header_left_menu":"0","ocean_custom_header_template":"0","ocean_custom_logo":0,"ocean_custom_retina_logo":0,"ocean_custom_logo_max_width":0,"ocean_custom_logo_tablet_max_width":0,"ocean_custom_logo_mobile_max_width":0,"ocean_custom_logo_max_height":0,"ocean_custom_logo_tablet_max_height":0,"ocean_custom_logo_mobile_max_height":0,"ocean_header_custom_menu":"0","ocean_menu_typo_font_family":"0","ocean_menu_typo_font_subset":"","ocean_menu_typo_font_size":0,"ocean_menu_typo_font_size_tablet":0,"ocean_menu_typo_font_size_mobile":0,"ocean_menu_typo_font_size_unit":"px","ocean_menu_typo_font_weight":"","ocean_menu_typo_font_weight_tablet":"","ocean_menu_typo_font_weight_mobile":"","ocean_menu_typo_transform":"","ocean_menu_typo_transform_tablet":"","ocean_menu_typo_transform_mobile":"","ocean_menu_typo_line_height":0,"ocean_menu_typo_line_height_tablet":0,"ocean_menu_typo_line_height_mobile":0,"ocean_menu_typo_line_height_unit":"","ocean_menu_typo_spacing":0,"ocean_menu_typo_spacing_tablet":0,"ocean_menu_typo_spacing_mobile":0,"ocean_menu_typo_spacing_unit":"","ocean_menu_link_color":"","ocean_menu_link_color_hover":"","ocean_menu_link_color_active":"","ocean_menu_link_background":"","ocean_menu_link_hover_background":"","ocean_menu_link_active_background":"","ocean_menu_social_links_bg":"","ocean_menu_social_hover_links_bg":"","ocean_menu_social_links_color":"","ocean_menu_social_hover_links_color":"","ocean_disable_title":"default","ocean_disable_heading":"default","ocean_post_title":"","ocean_post_subheading":"","ocean_post_title_style":"","ocean_post_title_background_color":"","ocean_post_title_background":0,"ocean_post_title_bg_image_position":"","ocean_post_title_bg_image_attachment":"","ocean_post_title_bg_image_repeat":"","ocean_post_title_bg_image_size":"","ocean_post_title_height":0,"ocean_post_title_bg_overlay":0.5,"ocean_post_title_bg_overlay_color":"","ocean_disable_breadcrumbs":"default","ocean_breadcrumbs_color":"","ocean_breadcrumbs_separator_color":"","ocean_breadcrumbs_links_color":"","ocean_breadcrumbs_links_hover_color":"","ocean_display_footer_widgets":"default","ocean_display_footer_bottom":"default","ocean_custom_footer_template":"0"},"product_brand":[],"product_cat":[22,45,47],"product_tag":[],"class_list":{"0":"post-1940","1":"product","2":"type-product","3":"status-publish","4":"has-post-thumbnail","6":"product_cat-corps","7":"product_cat-hydratation-et-nutrition-corps","8":"product_cat-soins-corps","10":"entry","11":"has-media","13":"first","14":"outofstock","15":"taxable","16":"shipping-taxable","17":"purchasable","18":"product-type-simple","19":"has-product-nav","20":"col","21":"span_1_of_3","22":"owp-content-center","23":"owp-thumbs-layout-horizontal","24":"owp-btn-normal","25":"owp-tabs-layout-horizontal"},"_links":{"self":[{"href":"https:\/\/ellypara.com\/index.php\/wp-json\/wp\/v2\/product\/1940","targetHints":{"allow":["GET"]}}],"collection":[{"href":"https:\/\/ellypara.com\/index.php\/wp-json\/wp\/v2\/product"}],"about":[{"href":"https:\/\/ellypara.com\/index.php\/wp-json\/wp\/v2\/types\/product"}],"replies":[{"embeddable":true,"href":"https:\/\/ellypara.com\/index.php\/wp-json\/wp\/v2\/comments?post=1940"}],"wp:featuredmedia":[{"embeddable":true,"href":"https:\/\/ellypara.com\/index.php\/wp-json\/wp\/v2\/media\/1941"}],"wp:attachment":[{"href":"https:\/\/ellypara.com\/index.php\/wp-json\/wp\/v2\/media?parent=1940"}],"wp:term":[{"taxonomy":"product_brand","embeddable":true,"href":"https:\/\/ellypara.com\/index.php\/wp-json\/wp\/v2\/product_brand?post=1940"},{"taxonomy":"product_cat","embeddable":true,"href":"https:\/\/ellypara.com\/index.php\/wp-json\/wp\/v2\/product_cat?post=1940"},{"taxonomy":"product_tag","embeddable":true,"href":"https:\/\/ellypara.com\/index.php\/wp-json\/wp\/v2\/product_tag?post=1940"}],"curies":[{"name":"wp","href":"https:\/\/api.w.org\/{rel}","templated":true}]}}