{"id":1948,"date":"2025-07-02T21:25:21","date_gmt":"2025-07-02T19:25:21","guid":{"rendered":"https:\/\/ellypara.com\/?post_type=product&#038;p=1948"},"modified":"2025-07-02T21:26:44","modified_gmt":"2025-07-02T19:26:44","slug":"acm-depiwhite-mousse-nettoyante-eclaircissante-200ml","status":"publish","type":"product","link":"https:\/\/ellypara.com\/index.php\/produit\/acm-depiwhite-mousse-nettoyante-eclaircissante-200ml\/","title":{"rendered":"ACM Depiwhite Mousse Nettoyante Eclaircissante 200ml"},"content":{"rendered":"<p>\u00c0 la fois efficace et ultra douce, cette mousse \u00e9limine les impuret\u00e9s et ravive l\u2019\u00e9clat du teint tout en respectant son \u00e9quilibre naturel, pour un nettoyage et un d\u00e9maquillage en douceur. La vitamine C combin\u00e9e \u00e0 la vitamine PP lui permettent d\u2019unifier et d\u2019illuminer le teint.<\/p>\n<p>Compos\u00e9e de 96% d\u2019ingr\u00e9dients d\u2019origine naturelle, cette lotion se transforme en mousse g\u00e9n\u00e9reuse et a\u00e9rienne dans un jeu sensoriel afin de laisser la peau nette, douce, plus \u00e9clatante, sans aucune sensation de tiraillement.<\/p>\n<p>La peau est nette, douce, plus \u00e9clatante et confortable, sans aucune sensation de tiraillement.<\/p>\n<p><strong>Indication<\/strong><\/p>\n<p>Unifie et illumine le teint<br \/>\nId\u00e9al pour : Peaux sujettes aux hyperpigmentations, Teintes ternes (fumeurs, pollution)<\/p>\n<p><strong>Application<\/strong><\/p>\n<p>A appliquer matin et\/ou soir sur une peau humide. Masser en mouvements circulaires jusqu\u2019\u00e0 l\u2019obtention d\u2019une mousse onctueuse. Laisser agir 30 secondes puis rincer \u00e0 l\u2019eau ti\u00e8de.<\/p>\n<p>\u00c9viter le contact avec les yeux. En cas de contact avec les yeux, rincer soigneusement \u00e0 l\u2019eau.<\/p>\n<p><strong>Ingr\u00e9dients<\/strong><\/p>\n<p>Aqua (Water), Coco-Glucoside, Propanediol, Sodium Lauryl Glucose Carboxylate, Lauryl Glucoside, Tocopherol, Niacinamide, Ascorbyl Glucoside, Lactic Acid, Glycerin, Ascorbyl Palmitate, Lecithin, Glyceryl Oleate, Sodium Citrate, Sodium Benzoate, Citric Acid, Potassium Sorbate, Sorbic Acid, Hydrogenated Palm Glycerides Citrate, Parfum (Fragrance)<\/p>\n","protected":false},"excerpt":{"rendered":"<p>La mousse nettoyante \u00e9claircissante d\u00e9piwhite est une nettoyant visage id\u00e9al pour homog\u00e9n\u00e9iser le teint et r\u00e9veiller son \u00e9clat. La peau est parfaitement nette, douce et plus lumineuse.<\/p>\n","protected":false},"featured_media":1949,"comment_status":"open","ping_status":"closed","template":"","meta":{"ocean_post_layout":"","ocean_both_sidebars_style":"","ocean_both_sidebars_content_width":0,"ocean_both_sidebars_sidebars_width":0,"ocean_sidebar":"0","ocean_second_sidebar":"0","ocean_disable_margins":"enable","ocean_add_body_class":"","ocean_shortcode_before_top_bar":"","ocean_shortcode_after_top_bar":"","ocean_shortcode_before_header":"","ocean_shortcode_after_header":"","ocean_has_shortcode":"","ocean_shortcode_after_title":"","ocean_shortcode_before_footer_widgets":"","ocean_shortcode_after_footer_widgets":"","ocean_shortcode_before_footer_bottom":"","ocean_shortcode_after_footer_bottom":"","ocean_display_top_bar":"default","ocean_display_header":"default","ocean_header_style":"","ocean_center_header_left_menu":"0","ocean_custom_header_template":"0","ocean_custom_logo":0,"ocean_custom_retina_logo":0,"ocean_custom_logo_max_width":0,"ocean_custom_logo_tablet_max_width":0,"ocean_custom_logo_mobile_max_width":0,"ocean_custom_logo_max_height":0,"ocean_custom_logo_tablet_max_height":0,"ocean_custom_logo_mobile_max_height":0,"ocean_header_custom_menu":"0","ocean_menu_typo_font_family":"0","ocean_menu_typo_font_subset":"","ocean_menu_typo_font_size":0,"ocean_menu_typo_font_size_tablet":0,"ocean_menu_typo_font_size_mobile":0,"ocean_menu_typo_font_size_unit":"px","ocean_menu_typo_font_weight":"","ocean_menu_typo_font_weight_tablet":"","ocean_menu_typo_font_weight_mobile":"","ocean_menu_typo_transform":"","ocean_menu_typo_transform_tablet":"","ocean_menu_typo_transform_mobile":"","ocean_menu_typo_line_height":0,"ocean_menu_typo_line_height_tablet":0,"ocean_menu_typo_line_height_mobile":0,"ocean_menu_typo_line_height_unit":"","ocean_menu_typo_spacing":0,"ocean_menu_typo_spacing_tablet":0,"ocean_menu_typo_spacing_mobile":0,"ocean_menu_typo_spacing_unit":"","ocean_menu_link_color":"","ocean_menu_link_color_hover":"","ocean_menu_link_color_active":"","ocean_menu_link_background":"","ocean_menu_link_hover_background":"","ocean_menu_link_active_background":"","ocean_menu_social_links_bg":"","ocean_menu_social_hover_links_bg":"","ocean_menu_social_links_color":"","ocean_menu_social_hover_links_color":"","ocean_disable_title":"default","ocean_disable_heading":"default","ocean_post_title":"","ocean_post_subheading":"","ocean_post_title_style":"","ocean_post_title_background_color":"","ocean_post_title_background":0,"ocean_post_title_bg_image_position":"","ocean_post_title_bg_image_attachment":"","ocean_post_title_bg_image_repeat":"","ocean_post_title_bg_image_size":"","ocean_post_title_height":0,"ocean_post_title_bg_overlay":0.5,"ocean_post_title_bg_overlay_color":"","ocean_disable_breadcrumbs":"default","ocean_breadcrumbs_color":"","ocean_breadcrumbs_separator_color":"","ocean_breadcrumbs_links_color":"","ocean_breadcrumbs_links_hover_color":"","ocean_display_footer_widgets":"default","ocean_display_footer_bottom":"default","ocean_custom_footer_template":"0"},"product_brand":[],"product_cat":[41,21],"product_tag":[],"class_list":{"0":"post-1948","1":"product","2":"type-product","3":"status-publish","4":"has-post-thumbnail","6":"product_cat-nettoyants-visage","7":"product_cat-visage","9":"entry","10":"has-media","12":"first","13":"outofstock","14":"taxable","15":"shipping-taxable","16":"purchasable","17":"product-type-simple","18":"has-product-nav","19":"col","20":"span_1_of_3","21":"owp-content-center","22":"owp-thumbs-layout-horizontal","23":"owp-btn-normal","24":"owp-tabs-layout-horizontal","25":"has-no-thumbnails"},"_links":{"self":[{"href":"https:\/\/ellypara.com\/index.php\/wp-json\/wp\/v2\/product\/1948","targetHints":{"allow":["GET"]}}],"collection":[{"href":"https:\/\/ellypara.com\/index.php\/wp-json\/wp\/v2\/product"}],"about":[{"href":"https:\/\/ellypara.com\/index.php\/wp-json\/wp\/v2\/types\/product"}],"replies":[{"embeddable":true,"href":"https:\/\/ellypara.com\/index.php\/wp-json\/wp\/v2\/comments?post=1948"}],"wp:featuredmedia":[{"embeddable":true,"href":"https:\/\/ellypara.com\/index.php\/wp-json\/wp\/v2\/media\/1949"}],"wp:attachment":[{"href":"https:\/\/ellypara.com\/index.php\/wp-json\/wp\/v2\/media?parent=1948"}],"wp:term":[{"taxonomy":"product_brand","embeddable":true,"href":"https:\/\/ellypara.com\/index.php\/wp-json\/wp\/v2\/product_brand?post=1948"},{"taxonomy":"product_cat","embeddable":true,"href":"https:\/\/ellypara.com\/index.php\/wp-json\/wp\/v2\/product_cat?post=1948"},{"taxonomy":"product_tag","embeddable":true,"href":"https:\/\/ellypara.com\/index.php\/wp-json\/wp\/v2\/product_tag?post=1948"}],"curies":[{"name":"wp","href":"https:\/\/api.w.org\/{rel}","templated":true}]}}