{"id":2020,"date":"2025-07-03T19:01:07","date_gmt":"2025-07-03T17:01:07","guid":{"rendered":"https:\/\/ellypara.com\/?post_type=product&#038;p=2020"},"modified":"2025-07-03T19:01:07","modified_gmt":"2025-07-03T17:01:07","slug":"cerave-serum-retinol-anti-marques-30-ml","status":"publish","type":"product","link":"https:\/\/ellypara.com\/index.php\/produit\/cerave-serum-retinol-anti-marques-30-ml\/","title":{"rendered":"CeraVe S\u00e9rum R\u00e9tinol Anti-Marques 30 ml"},"content":{"rendered":"<p><strong>CeraVe S\u00e9rum\u00a0R\u00e9tinol\u00a0Anti-Marques<\/strong>\u00a030 ml est un soin con\u00e7u pour r\u00e9duire l\u2019apparence des marques post-imperfections et resserrer les pores. Il aide \u00e0 restaurer la barri\u00e8re protectrice de la peau et am\u00e9liore le grain de peau.<br \/>\nSa formule associe :<\/p>\n<p>R\u00e9tinol encapsul\u00e9 qui aide \u00e0 lisser la texture de la peau, exfolie et acc\u00e9l\u00e8re le renouvellement cellulaire sans irriter.<br \/>\nExtrait de racine de r\u00e9glisse qui illumine, lisse le grain de peau et att\u00e9nue les signes d\u2019hyperpigmentation.<br \/>\nNiacinamide qui apaise la peau en douceur, aide \u00e0 r\u00e9duire les sensations d\u2019irritation et r\u00e9duit les rougeurs.<br \/>\nAcide hyaluronique qui aide \u00e0 maintenir l\u2019hydratation.<br \/>\n3 c\u00e9ramides essentiels (1, 3, 6-II) qui aident \u00e0 restaurer la barri\u00e8re cutan\u00e9e.<br \/>\nTechnologie MVE, une technologie brevet\u00e9e qui lib\u00e8re en continu des ingr\u00e9dients hydratants toute la journ\u00e9e.<br \/>\nSa texture gel-cr\u00e8me p\u00e9n\u00e8tre rapidement dans la peau pour un fini peau non gras et non collant.<\/p>\n<p>Hypoallerg\u00e9nique. Non com\u00e9dog\u00e8ne. Sans parfum.<\/p>\n<p>Fabriqu\u00e9 en France.<\/p>\n<p><strong>CONSEIL D\u2019UTILISATION<\/strong><\/p>\n<p>Appliquer uniform\u00e9ment sur le visage en effectuant de l\u00e9gers mouvements circulaires.<br \/>\nAppliquer le soir, ou utiliser un \u00e9cran solaire (soin SPF) pour une utilisation la journ\u00e9e. Ce produit contient un alpha-hydroxyacide (AHA) qui peut augmenter la sensibilit\u00e9 de la peau \u00e0 l\u2019exposition au soleil.<\/p>\n<p>\u00c9viter le contact direct avec les yeux. En cas de contact, rincer abondamment \u00e0 l\u2019eau.<br \/>\nEn cas d\u2019inconfort lors de la premi\u00e8re application, espacer les applications jusqu\u2019\u00e0 ce que la peau s\u2019ajuste.<\/p>\n<p>Indication : Soin visage. Adulte et adolescent.<\/p>\n<p><strong>COMPOSITION<\/strong><\/p>\n<p>Aqua\/Water, Propanediol, Dimethicone, Cetearyl Ethylhexanoate, Niacinamide, Ammonium Polyacryloyldimethyl Taurate, Dipotassium Glycyrrhizate, Hydrogenated Lecithin, Potassium Phosphate, Ceramide Np, Ceramide Ap, Ceramide Eop, Carbomer, Cetearyl Alcohol, Behentrimonium Methosulfate, Dimethiconol, Lecithin, Sodium Citrate, Retinol, Sodium Hyaluronate, Sodium Lauroyl Lactylate, Cholesterol, Phenoxyethanol, Alcohol, Isopropyl Myristate, Caprylyl Glycol, Citric Acid, Trisodium Ethylenediamine Disuccinate, Pentylene Glycol, Phytosphingosine, Xanthan Gum, Polysorbate 20, Ethylhexylglycerin.<\/p>\n","protected":false},"excerpt":{"rendered":"<p>CeraVe\u00a0S\u00e9rum R\u00e9tinol Anti-Marques, pour peaux \u00e0 imperfections, r\u00e9duit l\u2019apparence des marques post-imperfections et resserre les pores.<\/p>\n","protected":false},"featured_media":2021,"comment_status":"open","ping_status":"closed","template":"","meta":{"ocean_post_layout":"","ocean_both_sidebars_style":"","ocean_both_sidebars_content_width":0,"ocean_both_sidebars_sidebars_width":0,"ocean_sidebar":"0","ocean_second_sidebar":"0","ocean_disable_margins":"enable","ocean_add_body_class":"","ocean_shortcode_before_top_bar":"","ocean_shortcode_after_top_bar":"","ocean_shortcode_before_header":"","ocean_shortcode_after_header":"","ocean_has_shortcode":"","ocean_shortcode_after_title":"","ocean_shortcode_before_footer_widgets":"","ocean_shortcode_after_footer_widgets":"","ocean_shortcode_before_footer_bottom":"","ocean_shortcode_after_footer_bottom":"","ocean_display_top_bar":"default","ocean_display_header":"default","ocean_header_style":"","ocean_center_header_left_menu":"0","ocean_custom_header_template":"0","ocean_custom_logo":0,"ocean_custom_retina_logo":0,"ocean_custom_logo_max_width":0,"ocean_custom_logo_tablet_max_width":0,"ocean_custom_logo_mobile_max_width":0,"ocean_custom_logo_max_height":0,"ocean_custom_logo_tablet_max_height":0,"ocean_custom_logo_mobile_max_height":0,"ocean_header_custom_menu":"0","ocean_menu_typo_font_family":"0","ocean_menu_typo_font_subset":"","ocean_menu_typo_font_size":0,"ocean_menu_typo_font_size_tablet":0,"ocean_menu_typo_font_size_mobile":0,"ocean_menu_typo_font_size_unit":"px","ocean_menu_typo_font_weight":"","ocean_menu_typo_font_weight_tablet":"","ocean_menu_typo_font_weight_mobile":"","ocean_menu_typo_transform":"","ocean_menu_typo_transform_tablet":"","ocean_menu_typo_transform_mobile":"","ocean_menu_typo_line_height":0,"ocean_menu_typo_line_height_tablet":0,"ocean_menu_typo_line_height_mobile":0,"ocean_menu_typo_line_height_unit":"","ocean_menu_typo_spacing":0,"ocean_menu_typo_spacing_tablet":0,"ocean_menu_typo_spacing_mobile":0,"ocean_menu_typo_spacing_unit":"","ocean_menu_link_color":"","ocean_menu_link_color_hover":"","ocean_menu_link_color_active":"","ocean_menu_link_background":"","ocean_menu_link_hover_background":"","ocean_menu_link_active_background":"","ocean_menu_social_links_bg":"","ocean_menu_social_hover_links_bg":"","ocean_menu_social_links_color":"","ocean_menu_social_hover_links_color":"","ocean_disable_title":"default","ocean_disable_heading":"default","ocean_post_title":"","ocean_post_subheading":"","ocean_post_title_style":"","ocean_post_title_background_color":"","ocean_post_title_background":0,"ocean_post_title_bg_image_position":"","ocean_post_title_bg_image_attachment":"","ocean_post_title_bg_image_repeat":"","ocean_post_title_bg_image_size":"","ocean_post_title_height":0,"ocean_post_title_bg_overlay":0.5,"ocean_post_title_bg_overlay_color":"","ocean_disable_breadcrumbs":"default","ocean_breadcrumbs_color":"","ocean_breadcrumbs_separator_color":"","ocean_breadcrumbs_links_color":"","ocean_breadcrumbs_links_hover_color":"","ocean_display_footer_widgets":"default","ocean_display_footer_bottom":"default","ocean_custom_footer_template":"0"},"product_brand":[],"product_cat":[37,43,39,21],"product_tag":[],"class_list":{"0":"post-2020","1":"product","2":"type-product","3":"status-publish","4":"has-post-thumbnail","6":"product_cat-soins-peau-grasse","7":"product_cat-soins-anti-rougeurs-et-peau-sensible","8":"product_cat-soins-anti-taches-et-depigmentants","9":"product_cat-visage","11":"entry","12":"has-media","14":"first","15":"instock","16":"taxable","17":"shipping-taxable","18":"purchasable","19":"product-type-simple","20":"has-product-nav","21":"col","22":"span_1_of_3","23":"owp-content-center","24":"owp-thumbs-layout-horizontal","25":"owp-btn-normal","26":"owp-tabs-layout-horizontal","27":"has-no-thumbnails"},"_links":{"self":[{"href":"https:\/\/ellypara.com\/index.php\/wp-json\/wp\/v2\/product\/2020","targetHints":{"allow":["GET"]}}],"collection":[{"href":"https:\/\/ellypara.com\/index.php\/wp-json\/wp\/v2\/product"}],"about":[{"href":"https:\/\/ellypara.com\/index.php\/wp-json\/wp\/v2\/types\/product"}],"replies":[{"embeddable":true,"href":"https:\/\/ellypara.com\/index.php\/wp-json\/wp\/v2\/comments?post=2020"}],"wp:featuredmedia":[{"embeddable":true,"href":"https:\/\/ellypara.com\/index.php\/wp-json\/wp\/v2\/media\/2021"}],"wp:attachment":[{"href":"https:\/\/ellypara.com\/index.php\/wp-json\/wp\/v2\/media?parent=2020"}],"wp:term":[{"taxonomy":"product_brand","embeddable":true,"href":"https:\/\/ellypara.com\/index.php\/wp-json\/wp\/v2\/product_brand?post=2020"},{"taxonomy":"product_cat","embeddable":true,"href":"https:\/\/ellypara.com\/index.php\/wp-json\/wp\/v2\/product_cat?post=2020"},{"taxonomy":"product_tag","embeddable":true,"href":"https:\/\/ellypara.com\/index.php\/wp-json\/wp\/v2\/product_tag?post=2020"}],"curies":[{"name":"wp","href":"https:\/\/api.w.org\/{rel}","templated":true}]}}