{"id":2037,"date":"2025-07-03T21:08:35","date_gmt":"2025-07-03T19:08:35","guid":{"rendered":"https:\/\/ellypara.com\/?post_type=product&#038;p=2037"},"modified":"2025-07-03T21:08:35","modified_gmt":"2025-07-03T19:08:35","slug":"cerave-creme-hydratante-visage-52ml","status":"publish","type":"product","link":"https:\/\/ellypara.com\/index.php\/produit\/cerave-creme-hydratante-visage-52ml\/","title":{"rendered":"CeraVe Cr\u00e8me Hydratante Visage 52ml"},"content":{"rendered":"<p>La\u00a0<strong>cr\u00e8me hydratante visage CeraVe<\/strong>\u00a0est con\u00e7ue pour les peaux normales \u00e0 s\u00e8ches qu\u2019elle nourrit. Elle hydrate et aide \u00e0 restaurer la barri\u00e8re protectrice de la peau. Elle permet de\u00a0<strong>nourrir<\/strong>\u00a0au quotidien tout en aidant \u00e0\u00a0<strong>pr\u00e9server le film hydrolipidique<\/strong>\u00a0du visage et le cou.<\/p>\n<p>Cette cr\u00e8me hydratante visage est enrichie aux 3<strong>\u00a0c\u00e9ramides essentiels,<\/strong>\u00a0<strong>niacinamide<\/strong>\u00a0et<strong>\u00a0acide hyaluronique<\/strong>\u00a0procurant une hydratation tout au long de la journ\u00e9e. La niacinamide, ou vitamine B3, est compos\u00e9e de l\u2019acide nicotinique et de la nicotinamide. Elle permet de\u00a0<strong>r\u00e9duire l\u2019irritation<\/strong>\u00a0en am\u00e9liorant la texture de la peau, elle lutte contre les \u00e9tats atopiques et les s\u00e9cheresses cutan\u00e9es par son pouvoir hydratant et contribue \u00e0 am\u00e9liorer l\u2019\u00e9lasticit\u00e9 de la peau. L\u2019acide hyaluronique, ou\u00a0<strong>\u00ab\u00a0\u00e9ponge \u00e0 eau\u00a0\u00bb<\/strong>, retient l\u2019eau \u00e0 la surface de la peau afin de maintenir son\u00a0<strong>hydratation naturelle<\/strong>.<\/p>\n<p>Cette cr\u00e8me hydratante visage a \u00e9t\u00e9 d\u00e9velopp\u00e9e avec des dermatologues pour bloquer le retour de la peau s\u00e8che ou fragilis\u00e9e et pr\u00e9server le capital dermique toute la journ\u00e9e.<br \/>\nLa texture de cette cr\u00e8me est\u00a0<strong>non grasse<\/strong>\u00a0et ultra-l\u00e9g\u00e8re. Elle n\u2019obstrue pas les pores, elle est formul\u00e9e sans parfum et convient aux peaux sensibles.<br \/>\nSon<strong>\u00a0format pompe<\/strong>\u00a0est pratique et d\u00e9livre la quantit\u00e9 n\u00e9cessaire. Pour la zone du regard, vous pouvez utiliser le\u00a0soin contour des yeux Cerave\u00a0riche en c\u00e9ramides.<\/p>\n<p>La marque\u00a0<strong>CeraVe,<\/strong>\u00a0cr\u00e9\u00e9e en 2005 avec des dermatologues, est leader sur le march\u00e9 dermo-cosm\u00e9tique Nord-am\u00e9ricain.<\/p>\n<p><strong>Conditionnement<\/strong>\u00a0: tube doseur de 52 ml.<\/p>\n","protected":false},"excerpt":{"rendered":"<p>Hydrate la peau en continu et aide \u00e0 pr\u00e9server la barri\u00e8re protectrice du visage et du cou.<br \/>\nD\u00e9velopp\u00e9e avec des dermatologues, la cr\u00e8me hydratante visage CeraVe hydrate au quotidien et aide \u00e0 pr\u00e9server la barri\u00e8re protectrice du visage et du cou.<\/p>\n","protected":false},"featured_media":2038,"comment_status":"open","ping_status":"closed","template":"","meta":{"ocean_post_layout":"","ocean_both_sidebars_style":"","ocean_both_sidebars_content_width":0,"ocean_both_sidebars_sidebars_width":0,"ocean_sidebar":"0","ocean_second_sidebar":"0","ocean_disable_margins":"enable","ocean_add_body_class":"","ocean_shortcode_before_top_bar":"","ocean_shortcode_after_top_bar":"","ocean_shortcode_before_header":"","ocean_shortcode_after_header":"","ocean_has_shortcode":"","ocean_shortcode_after_title":"","ocean_shortcode_before_footer_widgets":"","ocean_shortcode_after_footer_widgets":"","ocean_shortcode_before_footer_bottom":"","ocean_shortcode_after_footer_bottom":"","ocean_display_top_bar":"default","ocean_display_header":"default","ocean_header_style":"","ocean_center_header_left_menu":"0","ocean_custom_header_template":"0","ocean_custom_logo":0,"ocean_custom_retina_logo":0,"ocean_custom_logo_max_width":0,"ocean_custom_logo_tablet_max_width":0,"ocean_custom_logo_mobile_max_width":0,"ocean_custom_logo_max_height":0,"ocean_custom_logo_tablet_max_height":0,"ocean_custom_logo_mobile_max_height":0,"ocean_header_custom_menu":"0","ocean_menu_typo_font_family":"0","ocean_menu_typo_font_subset":"","ocean_menu_typo_font_size":0,"ocean_menu_typo_font_size_tablet":0,"ocean_menu_typo_font_size_mobile":0,"ocean_menu_typo_font_size_unit":"px","ocean_menu_typo_font_weight":"","ocean_menu_typo_font_weight_tablet":"","ocean_menu_typo_font_weight_mobile":"","ocean_menu_typo_transform":"","ocean_menu_typo_transform_tablet":"","ocean_menu_typo_transform_mobile":"","ocean_menu_typo_line_height":0,"ocean_menu_typo_line_height_tablet":0,"ocean_menu_typo_line_height_mobile":0,"ocean_menu_typo_line_height_unit":"","ocean_menu_typo_spacing":0,"ocean_menu_typo_spacing_tablet":0,"ocean_menu_typo_spacing_mobile":0,"ocean_menu_typo_spacing_unit":"","ocean_menu_link_color":"","ocean_menu_link_color_hover":"","ocean_menu_link_color_active":"","ocean_menu_link_background":"","ocean_menu_link_hover_background":"","ocean_menu_link_active_background":"","ocean_menu_social_links_bg":"","ocean_menu_social_hover_links_bg":"","ocean_menu_social_links_color":"","ocean_menu_social_hover_links_color":"","ocean_disable_title":"default","ocean_disable_heading":"default","ocean_post_title":"","ocean_post_subheading":"","ocean_post_title_style":"","ocean_post_title_background_color":"","ocean_post_title_background":0,"ocean_post_title_bg_image_position":"","ocean_post_title_bg_image_attachment":"","ocean_post_title_bg_image_repeat":"","ocean_post_title_bg_image_size":"","ocean_post_title_height":0,"ocean_post_title_bg_overlay":0.5,"ocean_post_title_bg_overlay_color":"","ocean_disable_breadcrumbs":"default","ocean_breadcrumbs_color":"","ocean_breadcrumbs_separator_color":"","ocean_breadcrumbs_links_color":"","ocean_breadcrumbs_links_hover_color":"","ocean_display_footer_widgets":"default","ocean_display_footer_bottom":"default","ocean_custom_footer_template":"0"},"product_brand":[],"product_cat":[42,35,21],"product_tag":[],"class_list":{"0":"post-2037","1":"product","2":"type-product","3":"status-publish","4":"has-post-thumbnail","6":"product_cat-peaux-seches","7":"product_cat-soins-hydratants-et-nourrissants","8":"product_cat-visage","10":"entry","11":"has-media","13":"first","14":"instock","15":"taxable","16":"shipping-taxable","17":"purchasable","18":"product-type-simple","19":"has-product-nav","20":"col","21":"span_1_of_3","22":"owp-content-center","23":"owp-thumbs-layout-horizontal","24":"owp-btn-normal","25":"owp-tabs-layout-horizontal"},"_links":{"self":[{"href":"https:\/\/ellypara.com\/index.php\/wp-json\/wp\/v2\/product\/2037","targetHints":{"allow":["GET"]}}],"collection":[{"href":"https:\/\/ellypara.com\/index.php\/wp-json\/wp\/v2\/product"}],"about":[{"href":"https:\/\/ellypara.com\/index.php\/wp-json\/wp\/v2\/types\/product"}],"replies":[{"embeddable":true,"href":"https:\/\/ellypara.com\/index.php\/wp-json\/wp\/v2\/comments?post=2037"}],"wp:featuredmedia":[{"embeddable":true,"href":"https:\/\/ellypara.com\/index.php\/wp-json\/wp\/v2\/media\/2038"}],"wp:attachment":[{"href":"https:\/\/ellypara.com\/index.php\/wp-json\/wp\/v2\/media?parent=2037"}],"wp:term":[{"taxonomy":"product_brand","embeddable":true,"href":"https:\/\/ellypara.com\/index.php\/wp-json\/wp\/v2\/product_brand?post=2037"},{"taxonomy":"product_cat","embeddable":true,"href":"https:\/\/ellypara.com\/index.php\/wp-json\/wp\/v2\/product_cat?post=2037"},{"taxonomy":"product_tag","embeddable":true,"href":"https:\/\/ellypara.com\/index.php\/wp-json\/wp\/v2\/product_tag?post=2037"}],"curies":[{"name":"wp","href":"https:\/\/api.w.org\/{rel}","templated":true}]}}