{"id":2041,"date":"2025-07-03T21:14:33","date_gmt":"2025-07-03T19:14:33","guid":{"rendered":"https:\/\/ellypara.com\/?post_type=product&#038;p=2041"},"modified":"2026-01-31T15:46:58","modified_gmt":"2026-01-31T14:46:58","slug":"cerave-creme-hydratante-visage-spf30-52ml","status":"publish","type":"product","link":"https:\/\/ellypara.com\/index.php\/produit\/cerave-creme-hydratante-visage-spf30-52ml\/","title":{"rendered":"Cerave Cr\u00e8me Hydratante Visage SPF30 52ml"},"content":{"rendered":"<p>La\u00a0<strong>cr\u00e8me hydratante visage\u00a0SPF 25<\/strong>\u00a0est un soin d\u00e9velopp\u00e9 par le laboratoire\u00a0<strong>Cerave\u00a0<\/strong>\u00e0 destination des\u00a0peaux normales \u00e0 s\u00e8ches, dans le but de leur redonner un confort optimal au quotidien et les offrir une meilleure r\u00e9sistance face \u00e0 aux agressions ext\u00e9rieures. Elle b\u00e9n\u00e9ficie, d\u2019autre part, d\u2019une protection\u00a0SPF25 qui r\u00e9duit l\u2019impact des rayons UV du soleil sur les \u00e9pidermes sensibles et fragiles.<\/p>\n<p>Plus une peau est fine, plus elle est sujette aux dommages que peuvent causer le froid, la chaleur, les intemp\u00e9ries, les bact\u00e9ries, mais aussi le stress qui vient oxyder les cellules du derme. Les rayons UV sont \u00e9galement nocifs puisqu\u2019ils sont susceptibles de provoquer une br\u00fblure lors d\u2019une exposition prolong\u00e9e (coups de soleil) et de p\u00e9n\u00e9trer plus profond\u00e9ment dans le derme et induire un photo-viellissement dont les cons\u00e9quences se r\u00e9sument \u00e0 dess\u00e8chement important de l\u2019\u00e9piderme et e dysfonctionnement\u00a0m\u00e9tabolique.<\/p>\n<p>Arm\u00e9e de ses\u00a0<strong>3\u00a0c\u00e9ramides essentiels<\/strong>, la\u00a0<strong>cr\u00e8me hydratante visage Cerave<\/strong>\u00a0agit en stimulant la prolif\u00e9ration des cellules et le renouvellement de ces derni\u00e8res afin de soutenir la synth\u00e8se du collag\u00e8ne et de l\u2019\u00e9lastine. La\u00a0<strong>niacinamide<\/strong>, issue de la vitamine\u00a0B3 lutte elle aussi contre le vieillissement par inhibition de l\u2019inflammation et des irritations. Elle ajoute un effet apaisant qui contribue au confort dermique. De l\u2019<strong>acide hyaluronique<\/strong>\u00a0compl\u00e8te la formule de ce soin Cerave dans la perspective de maintenir une tr\u00e8s bonne hydratation du derme, essentielle aux m\u00e9tabolismes cellulaires.<\/p>\n<p>La\u00a0<strong>cr\u00e8me hydratante visage Cerave<\/strong>\u00a0est dot\u00e9e d\u2019un\u00a0<strong>filtre\u00a0SPF25<\/strong>\u00a0qui vise \u00e0 r\u00e9duire l\u2019influence des rayons UV sur la peau.<\/p>\n<p>Ce soin existe \u00e9galement sans protection solaire, c\u2019est la\u00a0cr\u00e8me hydaratnte visage Cerave.<\/p>\n<p><strong>Conditionnement\u00a0:<\/strong>\u00a01 tube de 52\u00a0ml<\/p>\n","protected":false},"excerpt":{"rendered":"<p>La Cr\u00e8me Hydratante Visage SPF30 \u2013 Pour les Peaux Normales \u00e0 S\u00e8ches de CeraVe a \u00e9t\u00e9 mise au point pour nourrir en profondeur les peaux normales \u00e0 tr\u00e8s s\u00e8ches.<\/p>\n","protected":false},"featured_media":2042,"comment_status":"open","ping_status":"closed","template":"","meta":{"ocean_post_layout":"","ocean_both_sidebars_style":"","ocean_both_sidebars_content_width":0,"ocean_both_sidebars_sidebars_width":0,"ocean_sidebar":"0","ocean_second_sidebar":"0","ocean_disable_margins":"enable","ocean_add_body_class":"","ocean_shortcode_before_top_bar":"","ocean_shortcode_after_top_bar":"","ocean_shortcode_before_header":"","ocean_shortcode_after_header":"","ocean_has_shortcode":"","ocean_shortcode_after_title":"","ocean_shortcode_before_footer_widgets":"","ocean_shortcode_after_footer_widgets":"","ocean_shortcode_before_footer_bottom":"","ocean_shortcode_after_footer_bottom":"","ocean_display_top_bar":"default","ocean_display_header":"default","ocean_header_style":"","ocean_center_header_left_menu":"0","ocean_custom_header_template":"0","ocean_custom_logo":0,"ocean_custom_retina_logo":0,"ocean_custom_logo_max_width":0,"ocean_custom_logo_tablet_max_width":0,"ocean_custom_logo_mobile_max_width":0,"ocean_custom_logo_max_height":0,"ocean_custom_logo_tablet_max_height":0,"ocean_custom_logo_mobile_max_height":0,"ocean_header_custom_menu":"0","ocean_menu_typo_font_family":"0","ocean_menu_typo_font_subset":"","ocean_menu_typo_font_size":0,"ocean_menu_typo_font_size_tablet":0,"ocean_menu_typo_font_size_mobile":0,"ocean_menu_typo_font_size_unit":"px","ocean_menu_typo_font_weight":"","ocean_menu_typo_font_weight_tablet":"","ocean_menu_typo_font_weight_mobile":"","ocean_menu_typo_transform":"","ocean_menu_typo_transform_tablet":"","ocean_menu_typo_transform_mobile":"","ocean_menu_typo_line_height":0,"ocean_menu_typo_line_height_tablet":0,"ocean_menu_typo_line_height_mobile":0,"ocean_menu_typo_line_height_unit":"","ocean_menu_typo_spacing":0,"ocean_menu_typo_spacing_tablet":0,"ocean_menu_typo_spacing_mobile":0,"ocean_menu_typo_spacing_unit":"","ocean_menu_link_color":"","ocean_menu_link_color_hover":"","ocean_menu_link_color_active":"","ocean_menu_link_background":"","ocean_menu_link_hover_background":"","ocean_menu_link_active_background":"","ocean_menu_social_links_bg":"","ocean_menu_social_hover_links_bg":"","ocean_menu_social_links_color":"","ocean_menu_social_hover_links_color":"","ocean_disable_title":"default","ocean_disable_heading":"default","ocean_post_title":"","ocean_post_subheading":"","ocean_post_title_style":"","ocean_post_title_background_color":"","ocean_post_title_background":0,"ocean_post_title_bg_image_position":"","ocean_post_title_bg_image_attachment":"","ocean_post_title_bg_image_repeat":"","ocean_post_title_bg_image_size":"","ocean_post_title_height":0,"ocean_post_title_bg_overlay":0.5,"ocean_post_title_bg_overlay_color":"","ocean_disable_breadcrumbs":"default","ocean_breadcrumbs_color":"","ocean_breadcrumbs_separator_color":"","ocean_breadcrumbs_links_color":"","ocean_breadcrumbs_links_hover_color":"","ocean_display_footer_widgets":"default","ocean_display_footer_bottom":"default","ocean_custom_footer_template":"0"},"product_brand":[],"product_cat":[71,42,77,35,20,21],"product_tag":[],"class_list":{"0":"post-2041","1":"product","2":"type-product","3":"status-publish","4":"has-post-thumbnail","6":"product_cat-cremes-solaires","7":"product_cat-peaux-seches","8":"product_cat-peaux-seches-cremes-solaires","9":"product_cat-soins-hydratants-et-nourrissants","10":"product_cat-solaire","11":"product_cat-visage","13":"entry","14":"has-media","16":"first","17":"instock","18":"taxable","19":"shipping-taxable","20":"purchasable","21":"product-type-simple","22":"has-product-nav","23":"col","24":"span_1_of_3","25":"owp-content-center","26":"owp-thumbs-layout-horizontal","27":"owp-btn-normal","28":"owp-tabs-layout-horizontal"},"_links":{"self":[{"href":"https:\/\/ellypara.com\/index.php\/wp-json\/wp\/v2\/product\/2041","targetHints":{"allow":["GET"]}}],"collection":[{"href":"https:\/\/ellypara.com\/index.php\/wp-json\/wp\/v2\/product"}],"about":[{"href":"https:\/\/ellypara.com\/index.php\/wp-json\/wp\/v2\/types\/product"}],"replies":[{"embeddable":true,"href":"https:\/\/ellypara.com\/index.php\/wp-json\/wp\/v2\/comments?post=2041"}],"wp:featuredmedia":[{"embeddable":true,"href":"https:\/\/ellypara.com\/index.php\/wp-json\/wp\/v2\/media\/2042"}],"wp:attachment":[{"href":"https:\/\/ellypara.com\/index.php\/wp-json\/wp\/v2\/media?parent=2041"}],"wp:term":[{"taxonomy":"product_brand","embeddable":true,"href":"https:\/\/ellypara.com\/index.php\/wp-json\/wp\/v2\/product_brand?post=2041"},{"taxonomy":"product_cat","embeddable":true,"href":"https:\/\/ellypara.com\/index.php\/wp-json\/wp\/v2\/product_cat?post=2041"},{"taxonomy":"product_tag","embeddable":true,"href":"https:\/\/ellypara.com\/index.php\/wp-json\/wp\/v2\/product_tag?post=2041"}],"curies":[{"name":"wp","href":"https:\/\/api.w.org\/{rel}","templated":true}]}}