{"id":2101,"date":"2025-07-05T19:50:55","date_gmt":"2025-07-05T17:50:55","guid":{"rendered":"https:\/\/ellypara.com\/?post_type=product&#038;p=2101"},"modified":"2026-01-14T13:51:17","modified_gmt":"2026-01-14T12:51:17","slug":"cerave-lait-hydratant-473ml","status":"publish","type":"product","link":"https:\/\/ellypara.com\/index.php\/produit\/cerave-lait-hydratant-473ml\/","title":{"rendered":"CeraVe Lait hydratant 473ml"},"content":{"rendered":"<p>Le\u00a0<strong>lait hydratant de CeraVe<\/strong>\u00a0est destin\u00e9 au soin des peaux s\u00e8ches \u00e0 tr\u00e8s s\u00e8ches. Il peut s\u2019utiliser pour le visage et pour le corps.<\/p>\n<p>La peau est normalement prot\u00e9g\u00e9e par un film hydro-lipidique. Il participe \u00e9galement \u00e0 son hydratation. Il peut arriver, sous l\u2019influence de divers facteurs, que ce film hydro-lipidique soit alt\u00e9r\u00e9. La peau est expos\u00e9e et se dess\u00e8che. Elle g\u00e9n\u00e8re des sensations de tiraillements et de picotements. Elle perd son \u00e9lasticit\u00e9 et devient r\u00eache. Visuellement, son teint se ternit. Des taches rouges et des squames apparaissent.<br \/>\nIl faut un produit adapt\u00e9 pour\u00a0<strong>r\u00e9hydrater la peau, la nourrir et l\u2019apaiser.<\/strong><\/p>\n<p><iframe id=\"widget2\" title=\"Comment utiliser le Lait Hydratant CeraVe ?\" src=\"https:\/\/www.youtube.com\/embed\/akAVaRJxwMw?feature=oembed&amp;enablejsapi=1&amp;origin=https:%2F%2Fwww.maparatunisie.tn\" width=\"1020\" height=\"574\" frameborder=\"0\" allowfullscreen=\"allowfullscreen\" data-gtm-yt-inspected-9=\"true\" data-mce-fragment=\"1\"><\/iframe><\/p>\n<p>C\u2019est ce pour quoi le\u00a0<strong>lait CeraVe<\/strong>\u00a0a \u00e9t\u00e9 con\u00e7u. Il inclut des\u00a0<strong>actifs hydratants<\/strong>\u00a0et\u00a0<strong>3<\/strong>\u00a0<strong>c\u00e9ramides<\/strong>\u00a0qui vont agir efficacement sur la peau s\u00e8che \u00e0 tr\u00e8s s\u00e8che.<br \/>\nIl contient de l\u2019<strong>acide hyaluronique<\/strong>, une mol\u00e9cule \u00e0 fort pouvoir hydratant naturellement pr\u00e9sente dans notre organisme. A partir de 40 ans, le corps produit de moins en moins d\u2019acide hyaluronique, ce qui contribue au vieillissement cutan\u00e9. Apport\u00e9 sur la peau par le lait CeraVe, il l\u2019hydrate et la repulpe.<\/p>\n<p>La\u00a0<strong>glyc\u00e9rine<\/strong>\u00a0est l\u2019autre actif hydratant du lait CeraVe. Mais elle a d\u2019autres propri\u00e9t\u00e9s\u00a0 : elle stimule les d\u00e9fenses cutan\u00e9es et recouvre la peau d\u2019une fine pellicule protectrice invisible.<\/p>\n<p><strong>CeraVe<\/strong>\u00a0a int\u00e9gr\u00e9 dans son lait\u00a0<strong>3 c\u00e9ramides<\/strong>. Comme l\u2019acide hyaluronique, les c\u00e9ramides sont naturellement pr\u00e9sentes dans notre peau et connaissent \u00e9galement un d\u00e9clin avec l\u2019\u00e2ge, occasionnant une s\u00e8cheresse cutan\u00e9e. CeraVe corrige ce manque gr\u00e2ce \u00e0 ses c\u00e9ramides. Elles aideront la peau \u00e0 conserver son humidit\u00e9. Correctement prot\u00e9g\u00e9e et nourrie, la peau s\u00e8che redevient lisse et agr\u00e9able.<\/p>\n","protected":false},"excerpt":{"rendered":"<p>Cette\u00a0cr\u00e8me hydratante visage et corps\u00a0convient \u00e0 toute la famille et est particuli\u00e8rement adapt\u00e9 aux\u00a0peaux normales \u00e0 s\u00e8ches.<\/p>\n","protected":false},"featured_media":2446,"comment_status":"open","ping_status":"closed","template":"","meta":{"ocean_post_layout":"","ocean_both_sidebars_style":"","ocean_both_sidebars_content_width":0,"ocean_both_sidebars_sidebars_width":0,"ocean_sidebar":"0","ocean_second_sidebar":"0","ocean_disable_margins":"enable","ocean_add_body_class":"","ocean_shortcode_before_top_bar":"","ocean_shortcode_after_top_bar":"","ocean_shortcode_before_header":"","ocean_shortcode_after_header":"","ocean_has_shortcode":"","ocean_shortcode_after_title":"","ocean_shortcode_before_footer_widgets":"","ocean_shortcode_after_footer_widgets":"","ocean_shortcode_before_footer_bottom":"","ocean_shortcode_after_footer_bottom":"","ocean_display_top_bar":"default","ocean_display_header":"default","ocean_header_style":"","ocean_center_header_left_menu":"0","ocean_custom_header_template":"0","ocean_custom_logo":0,"ocean_custom_retina_logo":0,"ocean_custom_logo_max_width":0,"ocean_custom_logo_tablet_max_width":0,"ocean_custom_logo_mobile_max_width":0,"ocean_custom_logo_max_height":0,"ocean_custom_logo_tablet_max_height":0,"ocean_custom_logo_mobile_max_height":0,"ocean_header_custom_menu":"0","ocean_menu_typo_font_family":"0","ocean_menu_typo_font_subset":"","ocean_menu_typo_font_size":0,"ocean_menu_typo_font_size_tablet":0,"ocean_menu_typo_font_size_mobile":0,"ocean_menu_typo_font_size_unit":"px","ocean_menu_typo_font_weight":"","ocean_menu_typo_font_weight_tablet":"","ocean_menu_typo_font_weight_mobile":"","ocean_menu_typo_transform":"","ocean_menu_typo_transform_tablet":"","ocean_menu_typo_transform_mobile":"","ocean_menu_typo_line_height":0,"ocean_menu_typo_line_height_tablet":0,"ocean_menu_typo_line_height_mobile":0,"ocean_menu_typo_line_height_unit":"","ocean_menu_typo_spacing":0,"ocean_menu_typo_spacing_tablet":0,"ocean_menu_typo_spacing_mobile":0,"ocean_menu_typo_spacing_unit":"","ocean_menu_link_color":"","ocean_menu_link_color_hover":"","ocean_menu_link_color_active":"","ocean_menu_link_background":"","ocean_menu_link_hover_background":"","ocean_menu_link_active_background":"","ocean_menu_social_links_bg":"","ocean_menu_social_hover_links_bg":"","ocean_menu_social_links_color":"","ocean_menu_social_hover_links_color":"","ocean_disable_title":"default","ocean_disable_heading":"default","ocean_post_title":"","ocean_post_subheading":"","ocean_post_title_style":"","ocean_post_title_background_color":"","ocean_post_title_background":0,"ocean_post_title_bg_image_position":"","ocean_post_title_bg_image_attachment":"","ocean_post_title_bg_image_repeat":"","ocean_post_title_bg_image_size":"","ocean_post_title_height":0,"ocean_post_title_bg_overlay":0.5,"ocean_post_title_bg_overlay_color":"","ocean_disable_breadcrumbs":"default","ocean_breadcrumbs_color":"","ocean_breadcrumbs_separator_color":"","ocean_breadcrumbs_links_color":"","ocean_breadcrumbs_links_hover_color":"","ocean_display_footer_widgets":"default","ocean_display_footer_bottom":"default","ocean_custom_footer_template":"0"},"product_brand":[],"product_cat":[22,45,42,35,21],"product_tag":[],"class_list":{"0":"post-2101","1":"product","2":"type-product","3":"status-publish","4":"has-post-thumbnail","6":"product_cat-corps","7":"product_cat-hydratation-et-nutrition-corps","8":"product_cat-peaux-seches","9":"product_cat-soins-hydratants-et-nourrissants","10":"product_cat-visage","12":"entry","13":"has-media","15":"first","16":"instock","17":"taxable","18":"shipping-taxable","19":"purchasable","20":"product-type-simple","21":"has-product-nav","22":"col","23":"span_1_of_3","24":"owp-content-center","25":"owp-thumbs-layout-horizontal","26":"owp-btn-normal","27":"owp-tabs-layout-horizontal"},"_links":{"self":[{"href":"https:\/\/ellypara.com\/index.php\/wp-json\/wp\/v2\/product\/2101","targetHints":{"allow":["GET"]}}],"collection":[{"href":"https:\/\/ellypara.com\/index.php\/wp-json\/wp\/v2\/product"}],"about":[{"href":"https:\/\/ellypara.com\/index.php\/wp-json\/wp\/v2\/types\/product"}],"replies":[{"embeddable":true,"href":"https:\/\/ellypara.com\/index.php\/wp-json\/wp\/v2\/comments?post=2101"}],"wp:featuredmedia":[{"embeddable":true,"href":"https:\/\/ellypara.com\/index.php\/wp-json\/wp\/v2\/media\/2446"}],"wp:attachment":[{"href":"https:\/\/ellypara.com\/index.php\/wp-json\/wp\/v2\/media?parent=2101"}],"wp:term":[{"taxonomy":"product_brand","embeddable":true,"href":"https:\/\/ellypara.com\/index.php\/wp-json\/wp\/v2\/product_brand?post=2101"},{"taxonomy":"product_cat","embeddable":true,"href":"https:\/\/ellypara.com\/index.php\/wp-json\/wp\/v2\/product_cat?post=2101"},{"taxonomy":"product_tag","embeddable":true,"href":"https:\/\/ellypara.com\/index.php\/wp-json\/wp\/v2\/product_tag?post=2101"}],"curies":[{"name":"wp","href":"https:\/\/api.w.org\/{rel}","templated":true}]}}