{"id":2142,"date":"2025-07-06T19:32:11","date_gmt":"2025-07-06T17:32:11","guid":{"rendered":"https:\/\/ellypara.com\/?post_type=product&#038;p=2142"},"modified":"2025-07-06T19:32:11","modified_gmt":"2025-07-06T17:32:11","slug":"la-roche-posay-anthelios-age-correct-soin-quotidien-spf50-50ml","status":"publish","type":"product","link":"https:\/\/ellypara.com\/index.php\/produit\/la-roche-posay-anthelios-age-correct-soin-quotidien-spf50-50ml\/","title":{"rendered":"La Roche Posay Anthelios Age Correct Soin Quotidien SPF50 50ml"},"content":{"rendered":"<p>La Roche-Posay Anthelios Age Correct Soin Quotidien SPF50 50 ml est un soin visage qui aide \u00e0 prot\u00e9ger la peau et corriger les signes de l\u2019\u00e2ge induits par l\u2019exposition quotidienne aux UV, gr\u00e2ce \u00e0 la photocorrection. Il agit sur la r\u00e9duction des rides et la correction des taches.<\/p>\n<p>Gr\u00e2ce au Complexe Cellox-B3 TECH\u2122 Protection Quotidienne (Mexoryl XL + Vitamine B3 &amp; E + Eau Thermale de La Roche-Posay), il offre une triple action :<\/p>\n<ul>\n<li>Haute protection : UVB \/ UVA.<\/li>\n<li>Anti-pollution : Limite l\u2019adh\u00e9rence des particules de pollution sur la peau.<\/li>\n<li>Antioxydation : Pr\u00e9vient du stress oxydatif induit par la pollution et les infrarouges.<\/li>\n<\/ul>\n<p>Ses actifs correcteurs (Acide hyaluronique fragment\u00e9 + Phe-r\u00e9sorcinol + Niacinamide) compl\u00e8tent la formule pour une efficacit\u00e9 anti-\u00e2ge.<br \/>\nSa texture non grasse laisse un fini velout\u00e9 et une peau bien hydrat\u00e9e.<\/p>\n<p>Test\u00e9 sous contr\u00f4le dermatologique et ophtalmologique. Non com\u00e9dog\u00e8ne.<\/p>\n<p>Fabriqu\u00e9 en France.<\/p>\n<p><strong>CONSEIL D\u2019UTILISATION<\/strong><\/p>\n<p>Appliquer uniform\u00e9ment sur tout le visage chaque matin, comme derni\u00e8re \u00e9tape de votre routine de soin et avant le maquillage.<\/p>\n<p>La surexposition au soleil est dangereuse. Ne restez pas trop longtemps au soleil. Un produit solaire ne prot\u00e8ge pas \u00e0 100%.<br \/>\nR\u00e9appliquez fr\u00e9quemment et g\u00e9n\u00e9reusement pour pr\u00e9server la protection.<br \/>\n\u00c9viter le contour des yeux.<\/p>\n<p>Indication : Haute protection. Tous types de peaux.<\/p>\n<p><strong>COMPOSITION<\/strong><\/p>\n<p>Aqua\/Water\/Eau, C12-15 Alkyl Benzoate, Glycerin, Octocrylene, Niacinamide, Butyl Methoxydibenzoylmethane, Dimethicone, Ethylhexyl Triazone, Silica, Aluminium Starch Octenylsuccinate, Vinyl Dimethicone\/Methicone Silsesquioxane Crosspolymer, Terephthalylidene Dicamphor Sulfonic Acid, Potassium Cetyl Phosphate, Drometrizole Trisiloxane, PEG-100 Stearate, Stearyl Alcohol, Glyceryl Stearate, Ammonium Polyacryloyldimethyl Taurate, Benzyl Alcohol, Benzyl Benzoate, Capryloyl Salicylic Acid, Caprylyl Glycol, Hydrolyzed Hyaluronic Acid, Phenoxyethanol, Phenylethyl Resorcinol, Poloxamer 338, Tocopherol, Triethanolamine, Trisodium Ethylenediamine Disuccinate, Xanthan Gum, Parfum \/ Fragrance.<\/p>\n","protected":false},"excerpt":{"rendered":"<p>La Roche-Posay Anthelios Age Correct Soin Quotidien SPF50 50 ml est un soin visage qui aide \u00e0 prot\u00e9ger la peau et corriger les signes de l\u2019\u00e2ge induits par l\u2019exposition quotidienne aux UV.<\/p>\n","protected":false},"featured_media":2143,"comment_status":"open","ping_status":"closed","template":"","meta":{"ocean_post_layout":"","ocean_both_sidebars_style":"","ocean_both_sidebars_content_width":0,"ocean_both_sidebars_sidebars_width":0,"ocean_sidebar":"0","ocean_second_sidebar":"0","ocean_disable_margins":"enable","ocean_add_body_class":"","ocean_shortcode_before_top_bar":"","ocean_shortcode_after_top_bar":"","ocean_shortcode_before_header":"","ocean_shortcode_after_header":"","ocean_has_shortcode":"","ocean_shortcode_after_title":"","ocean_shortcode_before_footer_widgets":"","ocean_shortcode_after_footer_widgets":"","ocean_shortcode_before_footer_bottom":"","ocean_shortcode_after_footer_bottom":"","ocean_display_top_bar":"default","ocean_display_header":"default","ocean_header_style":"","ocean_center_header_left_menu":"0","ocean_custom_header_template":"0","ocean_custom_logo":0,"ocean_custom_retina_logo":0,"ocean_custom_logo_max_width":0,"ocean_custom_logo_tablet_max_width":0,"ocean_custom_logo_mobile_max_width":0,"ocean_custom_logo_max_height":0,"ocean_custom_logo_tablet_max_height":0,"ocean_custom_logo_mobile_max_height":0,"ocean_header_custom_menu":"0","ocean_menu_typo_font_family":"0","ocean_menu_typo_font_subset":"","ocean_menu_typo_font_size":0,"ocean_menu_typo_font_size_tablet":0,"ocean_menu_typo_font_size_mobile":0,"ocean_menu_typo_font_size_unit":"px","ocean_menu_typo_font_weight":"","ocean_menu_typo_font_weight_tablet":"","ocean_menu_typo_font_weight_mobile":"","ocean_menu_typo_transform":"","ocean_menu_typo_transform_tablet":"","ocean_menu_typo_transform_mobile":"","ocean_menu_typo_line_height":0,"ocean_menu_typo_line_height_tablet":0,"ocean_menu_typo_line_height_mobile":0,"ocean_menu_typo_line_height_unit":"","ocean_menu_typo_spacing":0,"ocean_menu_typo_spacing_tablet":0,"ocean_menu_typo_spacing_mobile":0,"ocean_menu_typo_spacing_unit":"","ocean_menu_link_color":"","ocean_menu_link_color_hover":"","ocean_menu_link_color_active":"","ocean_menu_link_background":"","ocean_menu_link_hover_background":"","ocean_menu_link_active_background":"","ocean_menu_social_links_bg":"","ocean_menu_social_hover_links_bg":"","ocean_menu_social_links_color":"","ocean_menu_social_hover_links_color":"","ocean_disable_title":"default","ocean_disable_heading":"default","ocean_post_title":"","ocean_post_subheading":"","ocean_post_title_style":"","ocean_post_title_background_color":"","ocean_post_title_background":0,"ocean_post_title_bg_image_position":"","ocean_post_title_bg_image_attachment":"","ocean_post_title_bg_image_repeat":"","ocean_post_title_bg_image_size":"","ocean_post_title_height":0,"ocean_post_title_bg_overlay":0.5,"ocean_post_title_bg_overlay_color":"","ocean_disable_breadcrumbs":"default","ocean_breadcrumbs_color":"","ocean_breadcrumbs_separator_color":"","ocean_breadcrumbs_links_color":"","ocean_breadcrumbs_links_hover_color":"","ocean_display_footer_widgets":"default","ocean_display_footer_bottom":"default","ocean_custom_footer_template":"0"},"product_brand":[],"product_cat":[78,72,20,79],"product_tag":[],"class_list":{"0":"post-2142","1":"product","2":"type-product","3":"status-publish","4":"has-post-thumbnail","6":"product_cat-anti-rides","7":"product_cat-protection-solaire-solaire","8":"product_cat-solaire","9":"product_cat-tout-type-de-peaux","11":"entry","12":"has-media","14":"first","15":"instock","16":"taxable","17":"shipping-taxable","18":"purchasable","19":"product-type-simple","20":"has-product-nav","21":"col","22":"span_1_of_3","23":"owp-content-center","24":"owp-thumbs-layout-horizontal","25":"owp-btn-normal","26":"owp-tabs-layout-horizontal"},"_links":{"self":[{"href":"https:\/\/ellypara.com\/index.php\/wp-json\/wp\/v2\/product\/2142","targetHints":{"allow":["GET"]}}],"collection":[{"href":"https:\/\/ellypara.com\/index.php\/wp-json\/wp\/v2\/product"}],"about":[{"href":"https:\/\/ellypara.com\/index.php\/wp-json\/wp\/v2\/types\/product"}],"replies":[{"embeddable":true,"href":"https:\/\/ellypara.com\/index.php\/wp-json\/wp\/v2\/comments?post=2142"}],"wp:featuredmedia":[{"embeddable":true,"href":"https:\/\/ellypara.com\/index.php\/wp-json\/wp\/v2\/media\/2143"}],"wp:attachment":[{"href":"https:\/\/ellypara.com\/index.php\/wp-json\/wp\/v2\/media?parent=2142"}],"wp:term":[{"taxonomy":"product_brand","embeddable":true,"href":"https:\/\/ellypara.com\/index.php\/wp-json\/wp\/v2\/product_brand?post=2142"},{"taxonomy":"product_cat","embeddable":true,"href":"https:\/\/ellypara.com\/index.php\/wp-json\/wp\/v2\/product_cat?post=2142"},{"taxonomy":"product_tag","embeddable":true,"href":"https:\/\/ellypara.com\/index.php\/wp-json\/wp\/v2\/product_tag?post=2142"}],"curies":[{"name":"wp","href":"https:\/\/api.w.org\/{rel}","templated":true}]}}