{"id":2154,"date":"2025-07-06T20:30:10","date_gmt":"2025-07-06T18:30:10","guid":{"rendered":"https:\/\/ellypara.com\/?post_type=product&#038;p=2154"},"modified":"2025-07-06T20:30:11","modified_gmt":"2025-07-06T18:30:11","slug":"la-roche-posay-anthelios-dermo-pediatrics-lait-solaire-bebe-spf50-50ml","status":"publish","type":"product","link":"https:\/\/ellypara.com\/index.php\/produit\/la-roche-posay-anthelios-dermo-pediatrics-lait-solaire-bebe-spf50-50ml\/","title":{"rendered":"La Roche Posay Anthelios Dermo-Pediatrics Lait Solaire B\u00e9b\u00e9 SPF50+ 50ml"},"content":{"rendered":"<p><strong>La Roche-Posay Anthelios Dermo-Pediatrics Lait B\u00e9b\u00e9 SPF50+ 50ml<\/strong>\u00a0est une solution photoprotectrice pour le visage et le corps. Sa formule enrichie en beurre de karit\u00e9 naturel est sp\u00e9cifiquement adapt\u00e9e \u00e0 la peau des b\u00e9b\u00e9s et jeunes enfants de moins de 3 ans, \u00e0 la peau sensible ou \u00e0 tendance atopique.<br \/>\nSon agr\u00e9able texture douce et velout\u00e9e apaise, hydrate et renforce la barri\u00e8re cutan\u00e9e.<\/p>\n<p>Test\u00e9 sous contr\u00f4le dermatologique et p\u00e9diatrique.<br \/>\nSans parfum. Sans paraben.<\/p>\n<p>Syst\u00e8me de filtration brevet\u00e9 et photostable.<\/p>\n<p><strong>Composition<\/strong><\/p>\n<p>AQUA \/ WATER \u2013 GLYCERIN \u2013 C12-15 ALKYL BENZOATE \u2013 CAPRYLIC\/CAPRIC TRIGLYCERIDE \u2013 ETHYLHEXYL<br \/>\nSALICYLATE \u2013 BIS-ETHYLHEXYLOXYPHENOL METHOXYPHENYL TRIAZINE \u2013 ALCOHOL DENAT. \u2013 TITANIUM DIOXIDE \u2013 BUTYL METHOXYDIBENZOYLMETHANE \u2013 DROMETRIZOLE TRISILOXANE \u2013 STYRENE\/ACRYLATES COPOLYMER \u2013 DIMETHICONE \u2013 ZEA MAYS STARCH \/ CORN STARCH \u2013 PROPYLENE GLYCOL \u2013 SYNTHETIC WAX \u2013 DIETHYLHEXYL BUTAMIDO TRIAZONE \u2013 POTASSIUM CETYL PHOSPHATE \u2013 ALUMINUM HYDROXIDE \u2013 AMMONIUM POLYACRYLDIMETHYLTAURAMIDE \/ AMMONIUM POLYACRYLOYLDIMETHYL TAURATE \u2013 BUTYROSPERMUM PARKII BUTTER \/ SHEA BUTTER \u2013 CAPRYLYL GLYCOL \u2013 DISODIUM EDTA \u2013 GLYCERYL STEARATE \u2013 HYDROXYPROPYL METHYLCELLULOSE \u2013 PALMITIC ACID \u2013 PEG-100 STEARATE \u2013 PEG-8 LAURATE \u2013 STEARIC ACID \u2013 TOCOPHEROL \u2013 TRIETHANOLAMINE. (CODE F.I.L.: C168811\/1)<\/p>\n<p><strong>Conseil d\u2019utilisation<\/strong><\/p>\n<p>Appliquez le produit juste avant l\u2019exposition au soleil. Renouvelez fr\u00e9quemment et g\u00e9n\u00e9reusement pour maintenir la protection, surtout apr\u00e8s avoir nag\u00e9, transpir\u00e9 ou s\u2019\u00eatre essuy\u00e9. Evitez le contour des yeux. En cas de contact avec les yeux, les rincer abondamment. Evitez le contact avec les textiles.<\/p>\n<p>Il est recommand\u00e9 de ne pas exposer les b\u00e9b\u00e9s de moins de 3 ans directement au soleil. M\u00eame \u00e0 l\u2019ombre, une protection optimale (chapeau, T-shirt, lunettes de soleil, cr\u00e8me solaire tr\u00e8s haute protection) est conseill\u00e9e pour pr\u00e9server la peau d\u00e9licate et fragile des rayons UV indirects.<br \/>\nL\u2019abus de soleil est dangereux : ne pas exposer les b\u00e9b\u00e9s et jeunes enfants directement au soleil. Ne restez pas trop longtemps au soleil m\u00eame apr\u00e8s l\u2019utilisation d\u2019un produit de protection solaire qui ne prot\u00e8ge pas \u00e0 100%.<\/p>\n","protected":false},"excerpt":{"rendered":"<p>La Roche Posay Anthelios Dermo-Pediatrics Lait Solaire B\u00e9b\u00e9 SPF50+ 50ml prot\u00e8ge tr\u00e8s efficacement (SPF50) la peau fragile du visage et du corps des touts petits (de 6 mois \u00e0 3 ans) m\u00eame s\u00e8ches, \u00e0 tendance atopiques ou intol\u00e9rantes au soleil.<\/p>\n","protected":false},"featured_media":2155,"comment_status":"open","ping_status":"closed","template":"","meta":{"ocean_post_layout":"","ocean_both_sidebars_style":"","ocean_both_sidebars_content_width":0,"ocean_both_sidebars_sidebars_width":0,"ocean_sidebar":"0","ocean_second_sidebar":"0","ocean_disable_margins":"enable","ocean_add_body_class":"","ocean_shortcode_before_top_bar":"","ocean_shortcode_after_top_bar":"","ocean_shortcode_before_header":"","ocean_shortcode_after_header":"","ocean_has_shortcode":"","ocean_shortcode_after_title":"","ocean_shortcode_before_footer_widgets":"","ocean_shortcode_after_footer_widgets":"","ocean_shortcode_before_footer_bottom":"","ocean_shortcode_after_footer_bottom":"","ocean_display_top_bar":"default","ocean_display_header":"default","ocean_header_style":"","ocean_center_header_left_menu":"0","ocean_custom_header_template":"0","ocean_custom_logo":0,"ocean_custom_retina_logo":0,"ocean_custom_logo_max_width":0,"ocean_custom_logo_tablet_max_width":0,"ocean_custom_logo_mobile_max_width":0,"ocean_custom_logo_max_height":0,"ocean_custom_logo_tablet_max_height":0,"ocean_custom_logo_mobile_max_height":0,"ocean_header_custom_menu":"0","ocean_menu_typo_font_family":"0","ocean_menu_typo_font_subset":"","ocean_menu_typo_font_size":0,"ocean_menu_typo_font_size_tablet":0,"ocean_menu_typo_font_size_mobile":0,"ocean_menu_typo_font_size_unit":"px","ocean_menu_typo_font_weight":"","ocean_menu_typo_font_weight_tablet":"","ocean_menu_typo_font_weight_mobile":"","ocean_menu_typo_transform":"","ocean_menu_typo_transform_tablet":"","ocean_menu_typo_transform_mobile":"","ocean_menu_typo_line_height":0,"ocean_menu_typo_line_height_tablet":0,"ocean_menu_typo_line_height_mobile":0,"ocean_menu_typo_line_height_unit":"","ocean_menu_typo_spacing":0,"ocean_menu_typo_spacing_tablet":0,"ocean_menu_typo_spacing_mobile":0,"ocean_menu_typo_spacing_unit":"","ocean_menu_link_color":"","ocean_menu_link_color_hover":"","ocean_menu_link_color_active":"","ocean_menu_link_background":"","ocean_menu_link_hover_background":"","ocean_menu_link_active_background":"","ocean_menu_social_links_bg":"","ocean_menu_social_hover_links_bg":"","ocean_menu_social_links_color":"","ocean_menu_social_hover_links_color":"","ocean_disable_title":"default","ocean_disable_heading":"default","ocean_post_title":"","ocean_post_subheading":"","ocean_post_title_style":"","ocean_post_title_background_color":"","ocean_post_title_background":0,"ocean_post_title_bg_image_position":"","ocean_post_title_bg_image_attachment":"","ocean_post_title_bg_image_repeat":"","ocean_post_title_bg_image_size":"","ocean_post_title_height":0,"ocean_post_title_bg_overlay":0.5,"ocean_post_title_bg_overlay_color":"","ocean_disable_breadcrumbs":"default","ocean_breadcrumbs_color":"","ocean_breadcrumbs_separator_color":"","ocean_breadcrumbs_links_color":"","ocean_breadcrumbs_links_hover_color":"","ocean_display_footer_widgets":"default","ocean_display_footer_bottom":"default","ocean_custom_footer_template":"0"},"product_brand":[],"product_cat":[72,20,79],"product_tag":[],"class_list":{"0":"post-2154","1":"product","2":"type-product","3":"status-publish","4":"has-post-thumbnail","6":"product_cat-protection-solaire-solaire","7":"product_cat-solaire","8":"product_cat-tout-type-de-peaux","10":"entry","11":"has-media","13":"first","14":"instock","15":"taxable","16":"shipping-taxable","17":"purchasable","18":"product-type-simple","19":"has-product-nav","20":"col","21":"span_1_of_3","22":"owp-content-center","23":"owp-thumbs-layout-horizontal","24":"owp-btn-normal","25":"owp-tabs-layout-horizontal"},"_links":{"self":[{"href":"https:\/\/ellypara.com\/index.php\/wp-json\/wp\/v2\/product\/2154","targetHints":{"allow":["GET"]}}],"collection":[{"href":"https:\/\/ellypara.com\/index.php\/wp-json\/wp\/v2\/product"}],"about":[{"href":"https:\/\/ellypara.com\/index.php\/wp-json\/wp\/v2\/types\/product"}],"replies":[{"embeddable":true,"href":"https:\/\/ellypara.com\/index.php\/wp-json\/wp\/v2\/comments?post=2154"}],"wp:featuredmedia":[{"embeddable":true,"href":"https:\/\/ellypara.com\/index.php\/wp-json\/wp\/v2\/media\/2155"}],"wp:attachment":[{"href":"https:\/\/ellypara.com\/index.php\/wp-json\/wp\/v2\/media?parent=2154"}],"wp:term":[{"taxonomy":"product_brand","embeddable":true,"href":"https:\/\/ellypara.com\/index.php\/wp-json\/wp\/v2\/product_brand?post=2154"},{"taxonomy":"product_cat","embeddable":true,"href":"https:\/\/ellypara.com\/index.php\/wp-json\/wp\/v2\/product_cat?post=2154"},{"taxonomy":"product_tag","embeddable":true,"href":"https:\/\/ellypara.com\/index.php\/wp-json\/wp\/v2\/product_tag?post=2154"}],"curies":[{"name":"wp","href":"https:\/\/api.w.org\/{rel}","templated":true}]}}