{"id":2225,"date":"2025-07-08T13:23:12","date_gmt":"2025-07-08T11:23:12","guid":{"rendered":"https:\/\/ellypara.com\/?post_type=product&#038;p=2225"},"modified":"2025-07-08T13:23:13","modified_gmt":"2025-07-08T11:23:13","slug":"daylong-extreme-lotion-solaire-spf50-100ml-2","status":"publish","type":"product","link":"https:\/\/ellypara.com\/index.php\/produit\/daylong-extreme-lotion-solaire-spf50-100ml-2\/","title":{"rendered":"Daylong Extreme Lotion Solaire SPF50+ 100ml"},"content":{"rendered":"<p><strong>Daylong Extreme SPF50+<\/strong>\u00a0est un\u00a0<strong>lait de\u00a0protection solaire\u00a0liposimal<\/strong>\u00a0qui conf\u00e8re \u00e0 la fois du bien-\u00eatre et une tr\u00e8s haute protection longue dur\u00e9e pour les personnes qui ont les\u00a0<strong>peaux les plus sensibles au soleil<\/strong>.<\/p>\n<p><strong>QUELLES SONT LES INDICATIONS ASSOCI\u00c9ES \u00c0 DAYLONG EXTREME SPF50+ ?<\/strong><\/p>\n<p>Le lait solaire Daylong Extreme SPF50+ est une\u00a0<strong>protection solaire<\/strong>\u00a0formul\u00e9e pour les peaux tr\u00e8s claires, c\u2019est-\u00e0-dire les phototypes I et II :<\/p>\n<p><strong>Phototype I :<\/strong>\u00a0peau tr\u00e8s claire, qui comprend souvent des taches de rousseur, yeux clairs, cheveux blonds ou roux. La peau ne bronze pas, les coups de soleil surviennent rapidement, le seuil d\u2019apparition de ces derniers \u00e9tant d\u2019environ 10 minutes.<\/p>\n<p><strong>Phototype II :<\/strong>\u00a0peau claire et yeux clairs, cheveux blonds \u00e0 ch\u00e2tains clairs. Le bronzage est lent et les coups de soleil fr\u00e9quents, ceux-ci apparaissant g\u00e9n\u00e9ralement entre 10 et 20 minutes d\u2019exposition.<\/p>\n<p><strong>Daylong Extreme SPF50+<\/strong>\u00a0peut aussi bien \u00eatre appliqu\u00e9 sur le visage que sur le corps, et est indiqu\u00e9 en cas d\u2019ensoleillement extr\u00eame (par exemple en haute montagne ou sous les tropiques), d\u2019intol\u00e9rance ou d\u2019allergie au soleil, ou encore de cicatrices ou suite \u00e0 un traitement laser. Cette lotion solaire permet aussi de pr\u00e9venir les taches de pigmentation qui sont dues \u00e0 une grossesse ou \u00e0 la photosensibilisation.<\/p>\n<p><strong>FORMULATION DE DAYLONG EXTREME SPF50+<\/strong><\/p>\n<p>On retrouve dans\u00a0<strong>Daylong extreme SPF50+<\/strong>\u00a0des filtres photostables \u00e0 large spectre contre les UVA\/UVB, qui permettent une\u00a0<strong>tr\u00e8s haute protection SPF 50+<\/strong>. La formulation liposimale unique achemine les filtres solaires l\u00e0 o\u00f9 ils doivent agir, c\u2019est-\u00e0-dire au c\u0153ur de la couche superficielle de l\u2019\u00e9piderme afin de prot\u00e9ger encore davantage la peau, et aide \u00e9galement \u00e0\u00a0<strong>pr\u00e9venir les dommages cellulaires et le vieillissement cutan\u00e9 pr\u00e9matur\u00e9<\/strong>\u00a0qui sont induits par les UVA, les UVB et les infra-rouges (IR).<\/p>\n<p>La pr\u00e9sence d\u2019aloe vera et de\u00a0<strong>vitamine E contribue \u00e0 hydrater et \u00e0 nourrir la peau<\/strong>, le tout au sein d\u2019une formule haute tol\u00e9rance test\u00e9e sous contr\u00f4le dermatologique qui est garantie hypoallerg\u00e9nique et non com\u00e9dog\u00e8ne, sans parfum, sans paraben, sans octocryl\u00e8ne (un filtre solaire allergisant). Le confort d\u2019utilisation est garanti par la texture velout\u00e9e lait, qui est non grasse et sans effet collant, celle-ci \u00e9tant facile \u00e0 \u00e9taler et p\u00e9n\u00e9trant rapidement la peau de fa\u00e7on homog\u00e8ne. La\u00a0<strong>protection solaire Daylong extreme SPF50+<\/strong>\u00a0r\u00e9siste tr\u00e8s bien \u00e0 l\u2019eau et \u00e0 la transpiration, ne pique pas les yeux et ne laisse pas de traces blanches sur la peau, ce qui la rend id\u00e9ale pour les activit\u00e9s sportives et aquatiques.<\/p>\n<p><strong>\u00a0AVIS DU PHARMACIEN SUR DAYLONG EXTREME SPF50+ LAIT SOLAIRE LIPOSOMAL<\/strong><\/p>\n<p>Appliquer Daylong Extreme SPF50+ en couche suffisante environ 20 minutes avant l\u2019exposition au soleil, en prenant soin de bien laisser p\u00e9n\u00e9trer le produit. Veiller \u00e0 \u00e9viter tout contact avec les yeux. Utiliser ce produit en trop faible quantit\u00e9 nuira significativement \u00e0 l\u2019efficacit\u00e9 de la protection. L\u2019application devra \u00eatre renouvel\u00e9e apr\u00e8s avoir transpir\u00e9, nag\u00e9 ou s\u2019\u00eatre essuy\u00e9 pour maintenir la protection active. En milieu de journ\u00e9e, il est pr\u00e9f\u00e9rable de rechercher l\u2019ombre et d\u2019\u00e9viter l\u2019exposition.<\/p>\n","protected":false},"excerpt":{"rendered":"<p>Daylong Extreme Lait solaire de tr\u00e8s haute protection solaire SPF50\u00a0longue dur\u00e9e et adapt\u00e9\u00a0aux peaux les plus sensibles au soleil (tr\u00e8s claires, sujettes aux coups de soleil, intol\u00e9rantes ou allergiques solaires).<\/p>\n","protected":false},"featured_media":2226,"comment_status":"open","ping_status":"closed","template":"","meta":{"ocean_post_layout":"","ocean_both_sidebars_style":"","ocean_both_sidebars_content_width":0,"ocean_both_sidebars_sidebars_width":0,"ocean_sidebar":"0","ocean_second_sidebar":"0","ocean_disable_margins":"enable","ocean_add_body_class":"","ocean_shortcode_before_top_bar":"","ocean_shortcode_after_top_bar":"","ocean_shortcode_before_header":"","ocean_shortcode_after_header":"","ocean_has_shortcode":"","ocean_shortcode_after_title":"","ocean_shortcode_before_footer_widgets":"","ocean_shortcode_after_footer_widgets":"","ocean_shortcode_before_footer_bottom":"","ocean_shortcode_after_footer_bottom":"","ocean_display_top_bar":"default","ocean_display_header":"default","ocean_header_style":"","ocean_center_header_left_menu":"0","ocean_custom_header_template":"0","ocean_custom_logo":0,"ocean_custom_retina_logo":0,"ocean_custom_logo_max_width":0,"ocean_custom_logo_tablet_max_width":0,"ocean_custom_logo_mobile_max_width":0,"ocean_custom_logo_max_height":0,"ocean_custom_logo_tablet_max_height":0,"ocean_custom_logo_mobile_max_height":0,"ocean_header_custom_menu":"0","ocean_menu_typo_font_family":"0","ocean_menu_typo_font_subset":"","ocean_menu_typo_font_size":0,"ocean_menu_typo_font_size_tablet":0,"ocean_menu_typo_font_size_mobile":0,"ocean_menu_typo_font_size_unit":"px","ocean_menu_typo_font_weight":"","ocean_menu_typo_font_weight_tablet":"","ocean_menu_typo_font_weight_mobile":"","ocean_menu_typo_transform":"","ocean_menu_typo_transform_tablet":"","ocean_menu_typo_transform_mobile":"","ocean_menu_typo_line_height":0,"ocean_menu_typo_line_height_tablet":0,"ocean_menu_typo_line_height_mobile":0,"ocean_menu_typo_line_height_unit":"","ocean_menu_typo_spacing":0,"ocean_menu_typo_spacing_tablet":0,"ocean_menu_typo_spacing_mobile":0,"ocean_menu_typo_spacing_unit":"","ocean_menu_link_color":"","ocean_menu_link_color_hover":"","ocean_menu_link_color_active":"","ocean_menu_link_background":"","ocean_menu_link_hover_background":"","ocean_menu_link_active_background":"","ocean_menu_social_links_bg":"","ocean_menu_social_hover_links_bg":"","ocean_menu_social_links_color":"","ocean_menu_social_hover_links_color":"","ocean_disable_title":"default","ocean_disable_heading":"default","ocean_post_title":"","ocean_post_subheading":"","ocean_post_title_style":"","ocean_post_title_background_color":"","ocean_post_title_background":0,"ocean_post_title_bg_image_position":"","ocean_post_title_bg_image_attachment":"","ocean_post_title_bg_image_repeat":"","ocean_post_title_bg_image_size":"","ocean_post_title_height":0,"ocean_post_title_bg_overlay":0.5,"ocean_post_title_bg_overlay_color":"","ocean_disable_breadcrumbs":"default","ocean_breadcrumbs_color":"","ocean_breadcrumbs_separator_color":"","ocean_breadcrumbs_links_color":"","ocean_breadcrumbs_links_hover_color":"","ocean_display_footer_widgets":"default","ocean_display_footer_bottom":"default","ocean_custom_footer_template":"0"},"product_brand":[],"product_cat":[26,71,20],"product_tag":[],"class_list":{"0":"post-2225","1":"product","2":"type-product","3":"status-publish","4":"has-post-thumbnail","6":"product_cat-promo","7":"product_cat-cremes-solaires","8":"product_cat-solaire","10":"entry","11":"has-media","13":"first","14":"instock","15":"sale","16":"taxable","17":"shipping-taxable","18":"purchasable","19":"product-type-simple","20":"has-product-nav","21":"col","22":"span_1_of_3","23":"owp-content-center","24":"owp-thumbs-layout-horizontal","25":"owp-btn-normal","26":"owp-tabs-layout-horizontal"},"_links":{"self":[{"href":"https:\/\/ellypara.com\/index.php\/wp-json\/wp\/v2\/product\/2225","targetHints":{"allow":["GET"]}}],"collection":[{"href":"https:\/\/ellypara.com\/index.php\/wp-json\/wp\/v2\/product"}],"about":[{"href":"https:\/\/ellypara.com\/index.php\/wp-json\/wp\/v2\/types\/product"}],"replies":[{"embeddable":true,"href":"https:\/\/ellypara.com\/index.php\/wp-json\/wp\/v2\/comments?post=2225"}],"wp:featuredmedia":[{"embeddable":true,"href":"https:\/\/ellypara.com\/index.php\/wp-json\/wp\/v2\/media\/2226"}],"wp:attachment":[{"href":"https:\/\/ellypara.com\/index.php\/wp-json\/wp\/v2\/media?parent=2225"}],"wp:term":[{"taxonomy":"product_brand","embeddable":true,"href":"https:\/\/ellypara.com\/index.php\/wp-json\/wp\/v2\/product_brand?post=2225"},{"taxonomy":"product_cat","embeddable":true,"href":"https:\/\/ellypara.com\/index.php\/wp-json\/wp\/v2\/product_cat?post=2225"},{"taxonomy":"product_tag","embeddable":true,"href":"https:\/\/ellypara.com\/index.php\/wp-json\/wp\/v2\/product_tag?post=2225"}],"curies":[{"name":"wp","href":"https:\/\/api.w.org\/{rel}","templated":true}]}}