{"id":2302,"date":"2025-08-25T13:07:40","date_gmt":"2025-08-25T11:07:40","guid":{"rendered":"https:\/\/ellypara.com\/?post_type=product&#038;p=2302"},"modified":"2025-08-25T13:07:40","modified_gmt":"2025-08-25T11:07:40","slug":"beesline-lotion-tonique-eclaicissante-200ml","status":"publish","type":"product","link":"https:\/\/ellypara.com\/index.php\/produit\/beesline-lotion-tonique-eclaicissante-200ml\/","title":{"rendered":"Beesline Lotion Tonique \u00c9claicissante 200ml"},"content":{"rendered":"<p>Ce tonique \u00e9claircissant est sp\u00e9cialement formul\u00e9 pour unifier le teint et favoriser une apparence radieuse. Il estompe efficacement les taches brunes, dynamise la peau et pr\u00e9serve son hydratation jusqu\u2019\u00e0 24 heures.<\/p>\n<p><strong>Pourquoi est-ce sp\u00e9cial ?<\/strong><\/p>\n<p>Tonique \u00e9claircissant qui unifie le teint<br \/>\nEstompe les taches brunes et dynamise la peau<br \/>\nPr\u00e9serve l\u2019humidit\u00e9 jusqu\u2019\u00e0 24 heures<\/p>\n<p><strong>Comment utiliser<\/strong><\/p>\n<p>Utiliser deux fois par jour, apr\u00e8s le nettoyage et avant d\u2019appliquer votre cr\u00e8me hydratante.<br \/>\nAppliquez le tonique sur un coton et essuyez d\u00e9licatement le visage en \u00e9vitant le contour des yeux. Ne pas rincer.<\/p>\n<p><strong>Ingr\u00e9dients actifs<\/strong><\/p>\n<p>La niacinamide\ud83e\uddea<br \/>\nest une forme de vitamine B3 qui am\u00e9liore la texture de la peau et r\u00e9duit l\u2019apparence des taches brunes tout en renfor\u00e7ant la fonction barri\u00e8re de la peau.<\/p>\n<p>Lumiskin\ud83e\uddea<br \/>\n(Diacetyl Boldine) ou extrait d\u2019arbre boldo est un puissant booster d\u2019\u00e9clat qui estompe les taches brunes et unifie le teint.<\/p>\n<p>La vitamine C\ud83e\uddea<br \/>\n(phosphate d\u2019ascorbyle de magn\u00e9sium) est un puissant antioxydant qui \u00e9claircit la peau, unifie le teint et r\u00e9duit l\u2019apparence des taches brunes et de l\u2019hyperpigmentation. Il stimule \u00e9galement la production de collag\u00e8ne pour une peau plus ferme et plus jeune.<\/p>\n<p>L\u2019acide salicylique\ud83c\udf31<br \/>\n(extrait d\u2019\u00e9corce de Salix Alba) est un acide b\u00eata-hydroxy (BHA) qui exfolie la peau, d\u00e9bouche les pores et pr\u00e9vient les pouss\u00e9es d\u2019acn\u00e9. Il poss\u00e8de \u00e9galement des propri\u00e9t\u00e9s anti-inflammatoires qui apaisent et calment la peau.<\/p>\n<p>L\u2019eau de rose\ud83c\udf31<br \/>\n(eau florale de Rosa Damascena) poss\u00e8de des propri\u00e9t\u00e9s apaisantes et tonifiantes qui aident \u00e0 \u00e9quilibrer et hydrater la peau, la laissant rafra\u00eechie et revitalis\u00e9e.<\/p>\n<p>L\u2019huile essentielle de n\u00e9roli\ud83c\udf31<br \/>\n(huile de fleur de Citrus Aurantium Amara) a un effet rajeunissant et \u00e9nergisant sur la peau, favorisant une apparence rafra\u00eechie et revitalis\u00e9e.<\/p>\n<p>L\u2019extrait de sauge\ud83c\udf31<br \/>\n(extrait de feuille de Salvia Officinalis) poss\u00e8de des propri\u00e9t\u00e9s apaisantes et clarifiantes qui aident \u00e0 \u00e9quilibrer et \u00e0 am\u00e9liorer l\u2019apparence g\u00e9n\u00e9rale de la peau.<\/p>\n<p><strong>Ingr\u00e9dients complets<\/strong><\/p>\n<p>Aqua (Eau). M\u00e9thyl Gluceth-20. Alcool d\u00e9natur\u00e9. D\u00e9cyl Glucoside. Triglyc\u00e9ride caprylique\/caprique. Extrait de feuille de Salvia Officinalis (Sauge). Extrait de racine de Zingiber Officinale (gingembre). Gel\u00e9e royale. Niacinamide (Vitamine B3). Extrait d\u2019\u00e9corce de Salix Alba (saule). Huile de ricin hydrog\u00e9n\u00e9e PEG-40. Extrait de fleur de Rosa Damascena (rose de Damas). Citrate de sodium. Phosphate d\u2019ascorbyle de magn\u00e9sium (vitamine C). Sorbate de potassium. Benzoate de sodium. Huile de Citrus Aurantium Amara (Orange). Diac\u00e9tyle Boldine. EDTA.<\/p>\n<p><strong>S\u00e9curit\u00e9 des formulations<\/strong><\/p>\n<p>Sans : parab\u00e8nes, sulfates, phtalates, acide kojique, hydroquinone, silicones, produits p\u00e9trochimiques<br \/>\n11,5 % de mati\u00e8res synth\u00e9tiques s\u00fbres<br \/>\nSans cruaut\u00e9<\/p>\n","protected":false},"excerpt":{"rendered":"<p>Un toner \u00e9claircissant qui unifie le teint et favorise un teint doux et lumineux. \u00c9limine les taches brunes, dynamise la peau et pr\u00e9serve son hydratation pendant 24 heures.<\/p>\n","protected":false},"featured_media":2303,"comment_status":"open","ping_status":"closed","template":"","meta":{"ocean_post_layout":"","ocean_both_sidebars_style":"","ocean_both_sidebars_content_width":0,"ocean_both_sidebars_sidebars_width":0,"ocean_sidebar":"0","ocean_second_sidebar":"0","ocean_disable_margins":"enable","ocean_add_body_class":"","ocean_shortcode_before_top_bar":"","ocean_shortcode_after_top_bar":"","ocean_shortcode_before_header":"","ocean_shortcode_after_header":"","ocean_has_shortcode":"","ocean_shortcode_after_title":"","ocean_shortcode_before_footer_widgets":"","ocean_shortcode_after_footer_widgets":"","ocean_shortcode_before_footer_bottom":"","ocean_shortcode_after_footer_bottom":"","ocean_display_top_bar":"default","ocean_display_header":"default","ocean_header_style":"","ocean_center_header_left_menu":"0","ocean_custom_header_template":"0","ocean_custom_logo":0,"ocean_custom_retina_logo":0,"ocean_custom_logo_max_width":0,"ocean_custom_logo_tablet_max_width":0,"ocean_custom_logo_mobile_max_width":0,"ocean_custom_logo_max_height":0,"ocean_custom_logo_tablet_max_height":0,"ocean_custom_logo_mobile_max_height":0,"ocean_header_custom_menu":"0","ocean_menu_typo_font_family":"0","ocean_menu_typo_font_subset":"","ocean_menu_typo_font_size":0,"ocean_menu_typo_font_size_tablet":0,"ocean_menu_typo_font_size_mobile":0,"ocean_menu_typo_font_size_unit":"px","ocean_menu_typo_font_weight":"","ocean_menu_typo_font_weight_tablet":"","ocean_menu_typo_font_weight_mobile":"","ocean_menu_typo_transform":"","ocean_menu_typo_transform_tablet":"","ocean_menu_typo_transform_mobile":"","ocean_menu_typo_line_height":0,"ocean_menu_typo_line_height_tablet":0,"ocean_menu_typo_line_height_mobile":0,"ocean_menu_typo_line_height_unit":"","ocean_menu_typo_spacing":0,"ocean_menu_typo_spacing_tablet":0,"ocean_menu_typo_spacing_mobile":0,"ocean_menu_typo_spacing_unit":"","ocean_menu_link_color":"","ocean_menu_link_color_hover":"","ocean_menu_link_color_active":"","ocean_menu_link_background":"","ocean_menu_link_hover_background":"","ocean_menu_link_active_background":"","ocean_menu_social_links_bg":"","ocean_menu_social_hover_links_bg":"","ocean_menu_social_links_color":"","ocean_menu_social_hover_links_color":"","ocean_disable_title":"default","ocean_disable_heading":"default","ocean_post_title":"","ocean_post_subheading":"","ocean_post_title_style":"","ocean_post_title_background_color":"","ocean_post_title_background":0,"ocean_post_title_bg_image_position":"","ocean_post_title_bg_image_attachment":"","ocean_post_title_bg_image_repeat":"","ocean_post_title_bg_image_size":"","ocean_post_title_height":0,"ocean_post_title_bg_overlay":0.5,"ocean_post_title_bg_overlay_color":"","ocean_disable_breadcrumbs":"default","ocean_breadcrumbs_color":"","ocean_breadcrumbs_separator_color":"","ocean_breadcrumbs_links_color":"","ocean_breadcrumbs_links_hover_color":"","ocean_display_footer_widgets":"default","ocean_display_footer_bottom":"default","ocean_custom_footer_template":"0"},"product_brand":[],"product_cat":[117,39,35,21],"product_tag":[],"class_list":{"0":"post-2302","1":"product","2":"type-product","3":"status-publish","4":"has-post-thumbnail","6":"product_cat-eaux-thermales","7":"product_cat-soins-anti-taches-et-depigmentants","8":"product_cat-soins-hydratants-et-nourrissants","9":"product_cat-visage","11":"entry","12":"has-media","14":"first","15":"instock","16":"taxable","17":"shipping-taxable","18":"purchasable","19":"product-type-simple","20":"has-product-nav","21":"col","22":"span_1_of_3","23":"owp-content-center","24":"owp-thumbs-layout-horizontal","25":"owp-btn-normal","26":"owp-tabs-layout-horizontal"},"_links":{"self":[{"href":"https:\/\/ellypara.com\/index.php\/wp-json\/wp\/v2\/product\/2302","targetHints":{"allow":["GET"]}}],"collection":[{"href":"https:\/\/ellypara.com\/index.php\/wp-json\/wp\/v2\/product"}],"about":[{"href":"https:\/\/ellypara.com\/index.php\/wp-json\/wp\/v2\/types\/product"}],"replies":[{"embeddable":true,"href":"https:\/\/ellypara.com\/index.php\/wp-json\/wp\/v2\/comments?post=2302"}],"wp:featuredmedia":[{"embeddable":true,"href":"https:\/\/ellypara.com\/index.php\/wp-json\/wp\/v2\/media\/2303"}],"wp:attachment":[{"href":"https:\/\/ellypara.com\/index.php\/wp-json\/wp\/v2\/media?parent=2302"}],"wp:term":[{"taxonomy":"product_brand","embeddable":true,"href":"https:\/\/ellypara.com\/index.php\/wp-json\/wp\/v2\/product_brand?post=2302"},{"taxonomy":"product_cat","embeddable":true,"href":"https:\/\/ellypara.com\/index.php\/wp-json\/wp\/v2\/product_cat?post=2302"},{"taxonomy":"product_tag","embeddable":true,"href":"https:\/\/ellypara.com\/index.php\/wp-json\/wp\/v2\/product_tag?post=2302"}],"curies":[{"name":"wp","href":"https:\/\/api.w.org\/{rel}","templated":true}]}}