{"id":2316,"date":"2025-08-25T14:10:56","date_gmt":"2025-08-25T12:10:56","guid":{"rendered":"https:\/\/ellypara.com\/?post_type=product&#038;p=2316"},"modified":"2025-08-25T14:10:56","modified_gmt":"2025-08-25T12:10:56","slug":"beesline-instant-bright-facial-toner-200ml","status":"publish","type":"product","link":"https:\/\/ellypara.com\/index.php\/produit\/beesline-instant-bright-facial-toner-200ml\/","title":{"rendered":"Beesline Instant Bright Facial Toner 200ml"},"content":{"rendered":"<p>Tonique \u00e9claircissant qui sublime le teint<br \/>\nR\u00e9\u00e9quilibre le pH de la peau et soutient la barri\u00e8re cutan\u00e9e<br \/>\nRenforc\u00e9 de provitamine B5 qui aide \u00e0 retenir l\u2019humidit\u00e9<br \/>\nEfface les pores et unifie le teint<br \/>\nCalme les irritations et favorise une texture plus lisse<br \/>\nId\u00e9al pour une utilisation quotidienne apr\u00e8s le nettoyage<\/p>\n<p><strong>Comment utiliser<\/strong><\/p>\n<p>Utilisez le tonique deux fois par jour, matin et soir.<br \/>\nAppliquez-le apr\u00e8s avoir nettoy\u00e9 votre visage avec le nettoyant Beesline Instant Bright 5in1.<br \/>\n\u00c9talez-le sur un coton et essuyez-le d\u00e9licatement sur votre visage. Ne pas rincer.<br \/>\nSuivez avec le s\u00e9rum Beesline Instant Bright Glow pour de meilleurs r\u00e9sultats.<\/p>\n<p><strong>Ingr\u00e9dients actifs<\/strong><\/p>\n<p>L\u2019acide lactique\ud83c\udf31<br \/>\nest un AHA (acide alpha-hydroxy) exfoliant doux qui am\u00e9liore le teint et la texture de la peau. Il favorise le renouvellement cellulaire, r\u00e9v\u00e9lant un teint plus lumineux et plus \u00e9clatant.<\/p>\n<p>Le lactate de sodium\ud83c\udf31<br \/>\nest un agent hydratant naturel qui hydrate la peau et maintient son \u00e9quilibre hydrique. Il poss\u00e8de \u00e9galement des propri\u00e9t\u00e9s exfoliantes qui \u00e9liminent les cellules mortes de la peau, laissant la peau plus lisse et plus uniforme.<\/p>\n<p>La provitamine B5 \ud83e\uddea<br \/>\n(Panth\u00e9nol) est un ingr\u00e9dient hydratant et apaisant qui retient l\u2019humidit\u00e9 et renforce l\u2019\u00e9lasticit\u00e9 de la peau. Il soutient \u00e9galement la barri\u00e8re cutan\u00e9e, la gardant saine et prot\u00e9g\u00e9e.<\/p>\n<p>L\u2019eau de rose \ud83c\udf31<br \/>\n(extrait de fleur de Rosa Damascena) est un ingr\u00e9dient doux et apaisant qui \u00e9quilibre le pH de la peau et calme les irritations. Il hydrate \u00e9galement et resserre les pores, favorisant un teint plus affin\u00e9.<\/p>\n<p><strong>Ingr\u00e9dients complets<\/strong><\/p>\n<p>Aqua (Eau). Alcool. Glyc\u00e9rine. Polysorbate 80. Ph\u00e9noxy\u00e9thanol. Panth\u00e9nol (Provitamine B5). Lactate de sodium. \u00c9thylhexylglyc\u00e9rine. Acide lactique. Extrait de fleur de Rosa Damascena (Rose). Citronellol. G\u00e9raniol.<\/p>\n","protected":false},"excerpt":{"rendered":"<p>Ce tonique est formul\u00e9 pour illuminer le teint et soutient la barri\u00e8re protectrice de la peau. Il \u00e9quilibre efficacement le pH de la peau, nettoie les pores, unifie le teint, calme les irritations et lisse le grain de peau.<\/p>\n","protected":false},"featured_media":2317,"comment_status":"open","ping_status":"closed","template":"","meta":{"ocean_post_layout":"","ocean_both_sidebars_style":"","ocean_both_sidebars_content_width":0,"ocean_both_sidebars_sidebars_width":0,"ocean_sidebar":"0","ocean_second_sidebar":"0","ocean_disable_margins":"enable","ocean_add_body_class":"","ocean_shortcode_before_top_bar":"","ocean_shortcode_after_top_bar":"","ocean_shortcode_before_header":"","ocean_shortcode_after_header":"","ocean_has_shortcode":"","ocean_shortcode_after_title":"","ocean_shortcode_before_footer_widgets":"","ocean_shortcode_after_footer_widgets":"","ocean_shortcode_before_footer_bottom":"","ocean_shortcode_after_footer_bottom":"","ocean_display_top_bar":"default","ocean_display_header":"default","ocean_header_style":"","ocean_center_header_left_menu":"0","ocean_custom_header_template":"0","ocean_custom_logo":0,"ocean_custom_retina_logo":0,"ocean_custom_logo_max_width":0,"ocean_custom_logo_tablet_max_width":0,"ocean_custom_logo_mobile_max_width":0,"ocean_custom_logo_max_height":0,"ocean_custom_logo_tablet_max_height":0,"ocean_custom_logo_mobile_max_height":0,"ocean_header_custom_menu":"0","ocean_menu_typo_font_family":"0","ocean_menu_typo_font_subset":"","ocean_menu_typo_font_size":0,"ocean_menu_typo_font_size_tablet":0,"ocean_menu_typo_font_size_mobile":0,"ocean_menu_typo_font_size_unit":"px","ocean_menu_typo_font_weight":"","ocean_menu_typo_font_weight_tablet":"","ocean_menu_typo_font_weight_mobile":"","ocean_menu_typo_transform":"","ocean_menu_typo_transform_tablet":"","ocean_menu_typo_transform_mobile":"","ocean_menu_typo_line_height":0,"ocean_menu_typo_line_height_tablet":0,"ocean_menu_typo_line_height_mobile":0,"ocean_menu_typo_line_height_unit":"","ocean_menu_typo_spacing":0,"ocean_menu_typo_spacing_tablet":0,"ocean_menu_typo_spacing_mobile":0,"ocean_menu_typo_spacing_unit":"","ocean_menu_link_color":"","ocean_menu_link_color_hover":"","ocean_menu_link_color_active":"","ocean_menu_link_background":"","ocean_menu_link_hover_background":"","ocean_menu_link_active_background":"","ocean_menu_social_links_bg":"","ocean_menu_social_hover_links_bg":"","ocean_menu_social_links_color":"","ocean_menu_social_hover_links_color":"","ocean_disable_title":"default","ocean_disable_heading":"default","ocean_post_title":"","ocean_post_subheading":"","ocean_post_title_style":"","ocean_post_title_background_color":"","ocean_post_title_background":0,"ocean_post_title_bg_image_position":"","ocean_post_title_bg_image_attachment":"","ocean_post_title_bg_image_repeat":"","ocean_post_title_bg_image_size":"","ocean_post_title_height":0,"ocean_post_title_bg_overlay":0.5,"ocean_post_title_bg_overlay_color":"","ocean_disable_breadcrumbs":"default","ocean_breadcrumbs_color":"","ocean_breadcrumbs_separator_color":"","ocean_breadcrumbs_links_color":"","ocean_breadcrumbs_links_hover_color":"","ocean_display_footer_widgets":"default","ocean_display_footer_bottom":"default","ocean_custom_footer_template":"0"},"product_brand":[],"product_cat":[26,117,39,35,21],"product_tag":[],"class_list":{"0":"post-2316","1":"product","2":"type-product","3":"status-publish","4":"has-post-thumbnail","6":"product_cat-promo","7":"product_cat-eaux-thermales","8":"product_cat-soins-anti-taches-et-depigmentants","9":"product_cat-soins-hydratants-et-nourrissants","10":"product_cat-visage","12":"entry","13":"has-media","15":"first","16":"instock","17":"sale","18":"taxable","19":"shipping-taxable","20":"purchasable","21":"product-type-simple","22":"has-product-nav","23":"col","24":"span_1_of_3","25":"owp-content-center","26":"owp-thumbs-layout-horizontal","27":"owp-btn-normal","28":"owp-tabs-layout-horizontal","29":"has-no-thumbnails"},"_links":{"self":[{"href":"https:\/\/ellypara.com\/index.php\/wp-json\/wp\/v2\/product\/2316","targetHints":{"allow":["GET"]}}],"collection":[{"href":"https:\/\/ellypara.com\/index.php\/wp-json\/wp\/v2\/product"}],"about":[{"href":"https:\/\/ellypara.com\/index.php\/wp-json\/wp\/v2\/types\/product"}],"replies":[{"embeddable":true,"href":"https:\/\/ellypara.com\/index.php\/wp-json\/wp\/v2\/comments?post=2316"}],"wp:featuredmedia":[{"embeddable":true,"href":"https:\/\/ellypara.com\/index.php\/wp-json\/wp\/v2\/media\/2317"}],"wp:attachment":[{"href":"https:\/\/ellypara.com\/index.php\/wp-json\/wp\/v2\/media?parent=2316"}],"wp:term":[{"taxonomy":"product_brand","embeddable":true,"href":"https:\/\/ellypara.com\/index.php\/wp-json\/wp\/v2\/product_brand?post=2316"},{"taxonomy":"product_cat","embeddable":true,"href":"https:\/\/ellypara.com\/index.php\/wp-json\/wp\/v2\/product_cat?post=2316"},{"taxonomy":"product_tag","embeddable":true,"href":"https:\/\/ellypara.com\/index.php\/wp-json\/wp\/v2\/product_tag?post=2316"}],"curies":[{"name":"wp","href":"https:\/\/api.w.org\/{rel}","templated":true}]}}