{"id":2368,"date":"2025-09-09T00:31:27","date_gmt":"2025-09-08T22:31:27","guid":{"rendered":"https:\/\/ellypara.com\/?post_type=product&#038;p=2368"},"modified":"2025-09-09T00:31:27","modified_gmt":"2025-09-08T22:31:27","slug":"ultrasun-face-mineral-ecran-spf50-40ml","status":"publish","type":"product","link":"https:\/\/ellypara.com\/index.php\/produit\/ultrasun-face-mineral-ecran-spf50-40ml\/","title":{"rendered":"Ultrasun Face Mineral Ecran SPF50+ 40ml"},"content":{"rendered":"<p>Le Ultrasun Min\u00e9ral Face SPF50 est une\u00a0cr\u00e8me solaire\u00a0innovante, sp\u00e9cialement con\u00e7ue pour le visage, qui combine performance, l\u00e9g\u00e8ret\u00e9 et efficacit\u00e9. Sa formule offre une protection de haute technologie avec des filtres 100% min\u00e9raux, assurant une barri\u00e8re efficace contre les rayons UVA et UVB. Gr\u00e2ce \u00e0 sa texture ultra-l\u00e9g\u00e8re, cette protection solaire glisse facilement sur la peau et ne laisse pas de traces blanches.<\/p>\n<p><strong>Conseils D\u2019utilisation :<\/strong><\/p>\n<p>Appliquez g\u00e9n\u00e9reusement sur le visage, le cou et le d\u00e9collet\u00e9 15 \u00e0 30 minutes avant l\u2019exposition au soleil. R\u00e9appliquez r\u00e9guli\u00e8rement, notamment apr\u00e8s la baignade ou en cas de transpiration.<\/p>\n<p><strong>Composition :<\/strong><\/p>\n<p>Aqua, Zinc Oxide, Coco-Caprylate\/Caprate, Titanium Dioxide, Cocoglycerides, Coconut Alkanes. Polyglyceryl-4 Olivate\/Polyricinoleate. Carthamus Tinctorius (Safflower) Oleosomes, Pentylene Glycol, Polyglyceryl-3 Polyricinoleate. Tapioca Starch, Caprylic\/Capric\/Myristic\/Stearic Triglyceride, Sorbitan Olivate, Zinc Sulfate, Isostearic Acid, Glycerin, Alumina, Polyhydroxystearic Acid, Stearic Acid, Zinc Stearate, Sodium Levulinate, Sodium Hyaluronate, Gluconolactone, Sodium Anisate, Sodium Citrate, Sodium Benzoate.<\/p>\n","protected":false},"excerpt":{"rendered":"<p>Ultrasun Face Mineral sans parfum, huiles min\u00e9rales, \u00e9mulsifiants PEG \/ PPG, silicones, conservateurs et filtres chimiques. Avec des antioxydants et de l\u2019ectoine pour aider \u00e0 pr\u00e9venir les signes du vieillissement.<\/p>\n","protected":false},"featured_media":2369,"comment_status":"open","ping_status":"closed","template":"","meta":{"ocean_post_layout":"","ocean_both_sidebars_style":"","ocean_both_sidebars_content_width":0,"ocean_both_sidebars_sidebars_width":0,"ocean_sidebar":"0","ocean_second_sidebar":"0","ocean_disable_margins":"enable","ocean_add_body_class":"","ocean_shortcode_before_top_bar":"","ocean_shortcode_after_top_bar":"","ocean_shortcode_before_header":"","ocean_shortcode_after_header":"","ocean_has_shortcode":"","ocean_shortcode_after_title":"","ocean_shortcode_before_footer_widgets":"","ocean_shortcode_after_footer_widgets":"","ocean_shortcode_before_footer_bottom":"","ocean_shortcode_after_footer_bottom":"","ocean_display_top_bar":"default","ocean_display_header":"default","ocean_header_style":"","ocean_center_header_left_menu":"0","ocean_custom_header_template":"0","ocean_custom_logo":0,"ocean_custom_retina_logo":0,"ocean_custom_logo_max_width":0,"ocean_custom_logo_tablet_max_width":0,"ocean_custom_logo_mobile_max_width":0,"ocean_custom_logo_max_height":0,"ocean_custom_logo_tablet_max_height":0,"ocean_custom_logo_mobile_max_height":0,"ocean_header_custom_menu":"0","ocean_menu_typo_font_family":"0","ocean_menu_typo_font_subset":"","ocean_menu_typo_font_size":0,"ocean_menu_typo_font_size_tablet":0,"ocean_menu_typo_font_size_mobile":0,"ocean_menu_typo_font_size_unit":"px","ocean_menu_typo_font_weight":"","ocean_menu_typo_font_weight_tablet":"","ocean_menu_typo_font_weight_mobile":"","ocean_menu_typo_transform":"","ocean_menu_typo_transform_tablet":"","ocean_menu_typo_transform_mobile":"","ocean_menu_typo_line_height":0,"ocean_menu_typo_line_height_tablet":0,"ocean_menu_typo_line_height_mobile":0,"ocean_menu_typo_line_height_unit":"","ocean_menu_typo_spacing":0,"ocean_menu_typo_spacing_tablet":0,"ocean_menu_typo_spacing_mobile":0,"ocean_menu_typo_spacing_unit":"","ocean_menu_link_color":"","ocean_menu_link_color_hover":"","ocean_menu_link_color_active":"","ocean_menu_link_background":"","ocean_menu_link_hover_background":"","ocean_menu_link_active_background":"","ocean_menu_social_links_bg":"","ocean_menu_social_hover_links_bg":"","ocean_menu_social_links_color":"","ocean_menu_social_hover_links_color":"","ocean_disable_title":"default","ocean_disable_heading":"default","ocean_post_title":"","ocean_post_subheading":"","ocean_post_title_style":"","ocean_post_title_background_color":"","ocean_post_title_background":0,"ocean_post_title_bg_image_position":"","ocean_post_title_bg_image_attachment":"","ocean_post_title_bg_image_repeat":"","ocean_post_title_bg_image_size":"","ocean_post_title_height":0,"ocean_post_title_bg_overlay":0.5,"ocean_post_title_bg_overlay_color":"","ocean_disable_breadcrumbs":"default","ocean_breadcrumbs_color":"","ocean_breadcrumbs_separator_color":"","ocean_breadcrumbs_links_color":"","ocean_breadcrumbs_links_hover_color":"","ocean_display_footer_widgets":"default","ocean_display_footer_bottom":"default","ocean_custom_footer_template":"0"},"product_brand":[],"product_cat":[71,20],"product_tag":[],"class_list":{"0":"post-2368","1":"product","2":"type-product","3":"status-publish","4":"has-post-thumbnail","6":"product_cat-cremes-solaires","7":"product_cat-solaire","9":"entry","10":"has-media","12":"first","13":"instock","14":"taxable","15":"shipping-taxable","16":"purchasable","17":"product-type-simple","18":"has-product-nav","19":"col","20":"span_1_of_3","21":"owp-content-center","22":"owp-thumbs-layout-horizontal","23":"owp-btn-normal","24":"owp-tabs-layout-horizontal"},"_links":{"self":[{"href":"https:\/\/ellypara.com\/index.php\/wp-json\/wp\/v2\/product\/2368","targetHints":{"allow":["GET"]}}],"collection":[{"href":"https:\/\/ellypara.com\/index.php\/wp-json\/wp\/v2\/product"}],"about":[{"href":"https:\/\/ellypara.com\/index.php\/wp-json\/wp\/v2\/types\/product"}],"replies":[{"embeddable":true,"href":"https:\/\/ellypara.com\/index.php\/wp-json\/wp\/v2\/comments?post=2368"}],"wp:featuredmedia":[{"embeddable":true,"href":"https:\/\/ellypara.com\/index.php\/wp-json\/wp\/v2\/media\/2369"}],"wp:attachment":[{"href":"https:\/\/ellypara.com\/index.php\/wp-json\/wp\/v2\/media?parent=2368"}],"wp:term":[{"taxonomy":"product_brand","embeddable":true,"href":"https:\/\/ellypara.com\/index.php\/wp-json\/wp\/v2\/product_brand?post=2368"},{"taxonomy":"product_cat","embeddable":true,"href":"https:\/\/ellypara.com\/index.php\/wp-json\/wp\/v2\/product_cat?post=2368"},{"taxonomy":"product_tag","embeddable":true,"href":"https:\/\/ellypara.com\/index.php\/wp-json\/wp\/v2\/product_tag?post=2368"}],"curies":[{"name":"wp","href":"https:\/\/api.w.org\/{rel}","templated":true}]}}