{"id":2450,"date":"2026-01-14T14:09:37","date_gmt":"2026-01-14T13:09:37","guid":{"rendered":"https:\/\/ellypara.com\/?post_type=product&#038;p=2450"},"modified":"2026-01-14T14:09:38","modified_gmt":"2026-01-14T13:09:38","slug":"dermoxen-gel-de-toilette-intime-4-men","status":"publish","type":"product","link":"https:\/\/ellypara.com\/index.php\/produit\/dermoxen-gel-de-toilette-intime-4-men\/","title":{"rendered":"Dermoxen Gel de Toilette Intime 4 MEN"},"content":{"rendered":"<p>Gel de toilette intime 4 MEN<br \/>\n<strong>Protection et fra\u00eecheur quotidienne<\/strong><\/p>\n<p>Gel de\u00a0toilette intime\u00a04 MEN Protection et fra\u00eecheur quotidienne.<\/p>\n<p><strong>DermoXEN 4 MEN<\/strong>\u00a0est le nouveau gel de toilette con\u00e7u pour l\u2019hygi\u00e8ne intime quotidienne de l\u2019homme. Il est sp\u00e9cialement indiqu\u00e9 pour ceux qui fr\u00e9quentent les salles de sports, les piscines et autres lieux \u00e0 risque. Gr\u00e2ce \u00e0 son action nettoyante, il prot\u00e8ge contre les attaques bact\u00e9riennes, aide \u00e0 pr\u00e9venir les mauvaises odeurs intimes et exerce une action rafra\u00eechissante d\u00e9licate et prolong\u00e9e.<\/p>\n<p>Parfum sans allerg\u00e8nes.<\/p>\n<p>EFFICACIT\u00c9 ANTI-ODEUR test\u00e9 in vivo.<\/p>\n<p><strong>INGR\u00c9DIENTS<\/strong><\/p>\n<p>Tribulus terrestris: une plante connue depuis l\u2019antiquit\u00e9 pour ses nombreux effets b\u00e9n\u00e9fiques sur la sant\u00e9 humaine. Il lutte contre la prolif\u00e9ration des bact\u00e9ries de fa\u00e7on naturelle et s\u00fbre.<\/p>\n<p>D\u00e9riv\u00e9 biotechnologique du menthol: donne une action rafra\u00eechissante d\u00e9licate et prolong\u00e9e.<\/p>\n<p>Fibres pr\u00e9biotiques: favorisent l\u2019\u00e9quilibre intime naturel, en luttant contre la formation des mauvaises odeurs<\/p>\n<p><strong>RECOMMAND\u00c9<\/strong><\/p>\n<p>Pour l\u2019hygi\u00e8ne intime quotidienne des hommes.<\/p>\n<p>Id\u00e9al en situations \u00e0 risque, comme l\u2019activit\u00e9 sportive intense et le travail en dehors de la maison.<\/p>\n<p>Il est recommand\u00e9 au cours de th\u00e9rapies pharmacologiques.<\/p>\n<p><strong>MODE D\u2019EMPLOI<\/strong><\/p>\n<p>Appliquer une petite quantit\u00e9 de produit sur la peau mouill\u00e9e (appuyer \u00e0 deux reprises sur le doseur) et masser d\u00e9licatement. Rincer \u00e0 l\u2019eau claire et s\u2019essuyer soigneusement.<\/p>\n<p><strong>USAGE EXTERNE<\/strong><\/p>\n<p>Pr\u00e9cautions : le produit n\u2019est pas indiqu\u00e9 en cas d\u2019intol\u00e9rance \u00e0 l\u2019un des ingr\u00e9dients.<\/p>\n","protected":false},"excerpt":{"rendered":"<p>DermoXEN 4 MEN est le nouveau gel de toilette con\u00e7u pour l\u2019hygi\u00e8ne intime quotidienne de l\u2019homme. Il est sp\u00e9cialement indiqu\u00e9 pour ceux qui fr\u00e9quentent les salles de sports, les piscines et autres lieux \u00e0 risque. Gr\u00e2ce \u00e0 son action nettoyante, il prot\u00e8ge contre les attaques bact\u00e9riennes, aide \u00e0 pr\u00e9venir les mauvaises odeurs intimes et exerce une action rafra\u00eechissante d\u00e9licate et prolong\u00e9e.<\/p>\n","protected":false},"featured_media":2451,"comment_status":"open","ping_status":"closed","template":"","meta":{"ocean_post_layout":"","ocean_both_sidebars_style":"","ocean_both_sidebars_content_width":0,"ocean_both_sidebars_sidebars_width":0,"ocean_sidebar":"0","ocean_second_sidebar":"0","ocean_disable_margins":"enable","ocean_add_body_class":"","ocean_shortcode_before_top_bar":"","ocean_shortcode_after_top_bar":"","ocean_shortcode_before_header":"","ocean_shortcode_after_header":"","ocean_has_shortcode":"","ocean_shortcode_after_title":"","ocean_shortcode_before_footer_widgets":"","ocean_shortcode_after_footer_widgets":"","ocean_shortcode_before_footer_bottom":"","ocean_shortcode_after_footer_bottom":"","ocean_display_top_bar":"default","ocean_display_header":"default","ocean_header_style":"","ocean_center_header_left_menu":"0","ocean_custom_header_template":"0","ocean_custom_logo":0,"ocean_custom_retina_logo":0,"ocean_custom_logo_max_width":0,"ocean_custom_logo_tablet_max_width":0,"ocean_custom_logo_mobile_max_width":0,"ocean_custom_logo_max_height":0,"ocean_custom_logo_tablet_max_height":0,"ocean_custom_logo_mobile_max_height":0,"ocean_header_custom_menu":"0","ocean_menu_typo_font_family":"0","ocean_menu_typo_font_subset":"","ocean_menu_typo_font_size":0,"ocean_menu_typo_font_size_tablet":0,"ocean_menu_typo_font_size_mobile":0,"ocean_menu_typo_font_size_unit":"px","ocean_menu_typo_font_weight":"","ocean_menu_typo_font_weight_tablet":"","ocean_menu_typo_font_weight_mobile":"","ocean_menu_typo_transform":"","ocean_menu_typo_transform_tablet":"","ocean_menu_typo_transform_mobile":"","ocean_menu_typo_line_height":0,"ocean_menu_typo_line_height_tablet":0,"ocean_menu_typo_line_height_mobile":0,"ocean_menu_typo_line_height_unit":"","ocean_menu_typo_spacing":0,"ocean_menu_typo_spacing_tablet":0,"ocean_menu_typo_spacing_mobile":0,"ocean_menu_typo_spacing_unit":"","ocean_menu_link_color":"","ocean_menu_link_color_hover":"","ocean_menu_link_color_active":"","ocean_menu_link_background":"","ocean_menu_link_hover_background":"","ocean_menu_link_active_background":"","ocean_menu_social_links_bg":"","ocean_menu_social_hover_links_bg":"","ocean_menu_social_links_color":"","ocean_menu_social_hover_links_color":"","ocean_disable_title":"default","ocean_disable_heading":"default","ocean_post_title":"","ocean_post_subheading":"","ocean_post_title_style":"","ocean_post_title_background_color":"","ocean_post_title_background":0,"ocean_post_title_bg_image_position":"","ocean_post_title_bg_image_attachment":"","ocean_post_title_bg_image_repeat":"","ocean_post_title_bg_image_size":"","ocean_post_title_height":0,"ocean_post_title_bg_overlay":0.5,"ocean_post_title_bg_overlay_color":"","ocean_disable_breadcrumbs":"default","ocean_breadcrumbs_color":"","ocean_breadcrumbs_separator_color":"","ocean_breadcrumbs_links_color":"","ocean_breadcrumbs_links_hover_color":"","ocean_display_footer_widgets":"default","ocean_display_footer_bottom":"default","ocean_custom_footer_template":"0"},"product_brand":[],"product_cat":[44,96],"product_tag":[],"class_list":{"0":"post-2450","1":"product","2":"type-product","3":"status-publish","4":"has-post-thumbnail","6":"product_cat-hygiene","7":"product_cat-toilette-intime","9":"entry","10":"has-media","12":"first","13":"outofstock","14":"taxable","15":"shipping-taxable","16":"purchasable","17":"product-type-simple","18":"has-product-nav","19":"col","20":"span_1_of_3","21":"owp-content-center","22":"owp-thumbs-layout-horizontal","23":"owp-btn-normal","24":"owp-tabs-layout-horizontal","25":"has-no-thumbnails"},"_links":{"self":[{"href":"https:\/\/ellypara.com\/index.php\/wp-json\/wp\/v2\/product\/2450","targetHints":{"allow":["GET"]}}],"collection":[{"href":"https:\/\/ellypara.com\/index.php\/wp-json\/wp\/v2\/product"}],"about":[{"href":"https:\/\/ellypara.com\/index.php\/wp-json\/wp\/v2\/types\/product"}],"replies":[{"embeddable":true,"href":"https:\/\/ellypara.com\/index.php\/wp-json\/wp\/v2\/comments?post=2450"}],"wp:featuredmedia":[{"embeddable":true,"href":"https:\/\/ellypara.com\/index.php\/wp-json\/wp\/v2\/media\/2451"}],"wp:attachment":[{"href":"https:\/\/ellypara.com\/index.php\/wp-json\/wp\/v2\/media?parent=2450"}],"wp:term":[{"taxonomy":"product_brand","embeddable":true,"href":"https:\/\/ellypara.com\/index.php\/wp-json\/wp\/v2\/product_brand?post=2450"},{"taxonomy":"product_cat","embeddable":true,"href":"https:\/\/ellypara.com\/index.php\/wp-json\/wp\/v2\/product_cat?post=2450"},{"taxonomy":"product_tag","embeddable":true,"href":"https:\/\/ellypara.com\/index.php\/wp-json\/wp\/v2\/product_tag?post=2450"}],"curies":[{"name":"wp","href":"https:\/\/api.w.org\/{rel}","templated":true}]}}