{"id":307,"date":"2025-01-14T13:06:31","date_gmt":"2025-01-14T12:06:31","guid":{"rendered":"https:\/\/ellypara.com\/?post_type=product&#038;p=307"},"modified":"2025-01-14T13:22:49","modified_gmt":"2025-01-14T12:22:49","slug":"uriage-hyseac-gel-nettoyant-doux-150ml","status":"publish","type":"product","link":"https:\/\/ellypara.com\/index.php\/produit\/uriage-hyseac-gel-nettoyant-doux-150ml\/","title":{"rendered":"URIAGE Hyseac Gel Nettoyant Doux 150ml"},"content":{"rendered":"<p>Le\u00a0<strong>gel nettoyant Uriage Hys\u00e9ac<\/strong>\u00a0est un soin ultra doux\u00a0<strong>sans savon<\/strong>\u00a0qui\u00a0<strong>nettoie et purifie<\/strong>\u00a0les\u00a0<strong>peaux mixtes \u00e0 grasses<\/strong>.<\/p>\n<p>Il permet d\u2019<strong>\u00e9liminer l\u2019exc\u00e8s de s\u00e9bum et les impuret\u00e9s<\/strong>\u00a0pour une peau plus saine et plus nette.<\/p>\n<p>De plus, gr\u00e2ce \u00e0 sa\u00a0<strong>formule douce<\/strong>, il respecte parfaitement l\u2019\u00e9quilibre de la peau.<\/p>\n<p>HYS\u00c9AC Gel Nettoyant \u00e9limine impuret\u00e9s et exc\u00e8s de s\u00e9bum, tout en respectant parfaitement l\u2019\u00e9piderme. Sa haute rin\u00e7abilit\u00e9, son aspect moussant au contact de l\u2019eau et son l\u00e9ger parfum caract\u00e9ristique de la gamme Hys\u00e9ac en font un produit tr\u00e8s agr\u00e9able \u00e0 utiliser au quotidien. La peau est plus nette, plus saine, plus fra\u00eeche.<\/p>\n<p><strong>Mode d\u2019emploi<\/strong><\/p>\n<p>Comment appliquer Uriage Hys\u00e9ac Gel Nettoyant ?<\/p>\n<p>Utiliser matin et soir. Faire mousser une noisette de gel dans les mains et appliquer sur le visage et le corps humidifi\u00e9. Rincer abondamment.<\/p>\n<p><strong>Composition<\/strong><\/p>\n<p>EAU THERMALE D\u2019URIAGE, BASE LAVANTE SANS SAVON, PIROCTONE OLAMINE, EXTRAIT D\u2019EPILOBE, GLYCOCOLLE, TEST\u00c9 SOUS CONTR\u00d4LE DERMATOLOGIQUE, NON COM\u00c9DOG\u00c8NE, PH PHYSIOLOGIQUE, SANS SAVON.<\/p>\n","protected":false},"excerpt":{"rendered":"<p>Hys\u00e9ac Gel Nettoyant Doux \u00e9limine impuret\u00e9s et exc\u00e8s de s\u00e9bum, tout en respectant parfaitement l&#8217;\u00e9piderme.<\/p>\n","protected":false},"featured_media":313,"comment_status":"open","ping_status":"closed","template":"","meta":{"ocean_post_layout":"","ocean_both_sidebars_style":"","ocean_both_sidebars_content_width":0,"ocean_both_sidebars_sidebars_width":0,"ocean_sidebar":"0","ocean_second_sidebar":"0","ocean_disable_margins":"enable","ocean_add_body_class":"","ocean_shortcode_before_top_bar":"","ocean_shortcode_after_top_bar":"","ocean_shortcode_before_header":"","ocean_shortcode_after_header":"","ocean_has_shortcode":"","ocean_shortcode_after_title":"","ocean_shortcode_before_footer_widgets":"","ocean_shortcode_after_footer_widgets":"","ocean_shortcode_before_footer_bottom":"","ocean_shortcode_after_footer_bottom":"","ocean_display_top_bar":"default","ocean_display_header":"default","ocean_header_style":"","ocean_center_header_left_menu":"0","ocean_custom_header_template":"0","ocean_custom_logo":0,"ocean_custom_retina_logo":0,"ocean_custom_logo_max_width":0,"ocean_custom_logo_tablet_max_width":0,"ocean_custom_logo_mobile_max_width":0,"ocean_custom_logo_max_height":0,"ocean_custom_logo_tablet_max_height":0,"ocean_custom_logo_mobile_max_height":0,"ocean_header_custom_menu":"0","ocean_menu_typo_font_family":"0","ocean_menu_typo_font_subset":"","ocean_menu_typo_font_size":0,"ocean_menu_typo_font_size_tablet":0,"ocean_menu_typo_font_size_mobile":0,"ocean_menu_typo_font_size_unit":"px","ocean_menu_typo_font_weight":"","ocean_menu_typo_font_weight_tablet":"","ocean_menu_typo_font_weight_mobile":"","ocean_menu_typo_transform":"","ocean_menu_typo_transform_tablet":"","ocean_menu_typo_transform_mobile":"","ocean_menu_typo_line_height":0,"ocean_menu_typo_line_height_tablet":0,"ocean_menu_typo_line_height_mobile":0,"ocean_menu_typo_line_height_unit":"","ocean_menu_typo_spacing":0,"ocean_menu_typo_spacing_tablet":0,"ocean_menu_typo_spacing_mobile":0,"ocean_menu_typo_spacing_unit":"","ocean_menu_link_color":"","ocean_menu_link_color_hover":"","ocean_menu_link_color_active":"","ocean_menu_link_background":"","ocean_menu_link_hover_background":"","ocean_menu_link_active_background":"","ocean_menu_social_links_bg":"","ocean_menu_social_hover_links_bg":"","ocean_menu_social_links_color":"","ocean_menu_social_hover_links_color":"","ocean_disable_title":"default","ocean_disable_heading":"default","ocean_post_title":"","ocean_post_subheading":"","ocean_post_title_style":"","ocean_post_title_background_color":"","ocean_post_title_background":0,"ocean_post_title_bg_image_position":"","ocean_post_title_bg_image_attachment":"","ocean_post_title_bg_image_repeat":"","ocean_post_title_bg_image_size":"","ocean_post_title_height":0,"ocean_post_title_bg_overlay":0.5,"ocean_post_title_bg_overlay_color":"","ocean_disable_breadcrumbs":"default","ocean_breadcrumbs_color":"","ocean_breadcrumbs_separator_color":"","ocean_breadcrumbs_links_color":"","ocean_breadcrumbs_links_hover_color":"","ocean_display_footer_widgets":"default","ocean_display_footer_bottom":"default","ocean_custom_footer_template":"0"},"product_brand":[],"product_cat":[37,21],"product_tag":[],"class_list":{"0":"post-307","1":"product","2":"type-product","3":"status-publish","4":"has-post-thumbnail","6":"product_cat-soins-peau-grasse","7":"product_cat-visage","9":"entry","10":"has-media","12":"first","13":"instock","14":"taxable","15":"shipping-taxable","16":"purchasable","17":"product-type-simple","18":"has-product-nav","19":"col","20":"span_1_of_3","21":"owp-content-center","22":"owp-thumbs-layout-horizontal","23":"owp-btn-normal","24":"owp-tabs-layout-horizontal","25":"has-no-thumbnails"},"_links":{"self":[{"href":"https:\/\/ellypara.com\/index.php\/wp-json\/wp\/v2\/product\/307","targetHints":{"allow":["GET"]}}],"collection":[{"href":"https:\/\/ellypara.com\/index.php\/wp-json\/wp\/v2\/product"}],"about":[{"href":"https:\/\/ellypara.com\/index.php\/wp-json\/wp\/v2\/types\/product"}],"replies":[{"embeddable":true,"href":"https:\/\/ellypara.com\/index.php\/wp-json\/wp\/v2\/comments?post=307"}],"wp:featuredmedia":[{"embeddable":true,"href":"https:\/\/ellypara.com\/index.php\/wp-json\/wp\/v2\/media\/313"}],"wp:attachment":[{"href":"https:\/\/ellypara.com\/index.php\/wp-json\/wp\/v2\/media?parent=307"}],"wp:term":[{"taxonomy":"product_brand","embeddable":true,"href":"https:\/\/ellypara.com\/index.php\/wp-json\/wp\/v2\/product_brand?post=307"},{"taxonomy":"product_cat","embeddable":true,"href":"https:\/\/ellypara.com\/index.php\/wp-json\/wp\/v2\/product_cat?post=307"},{"taxonomy":"product_tag","embeddable":true,"href":"https:\/\/ellypara.com\/index.php\/wp-json\/wp\/v2\/product_tag?post=307"}],"curies":[{"name":"wp","href":"https:\/\/api.w.org\/{rel}","templated":true}]}}