{"id":326,"date":"2025-01-15T11:29:49","date_gmt":"2025-01-15T10:29:49","guid":{"rendered":"https:\/\/ellypara.com\/?post_type=product&#038;p=326"},"modified":"2025-02-01T17:12:27","modified_gmt":"2025-02-01T16:12:27","slug":"uriage-eau-thermale-stick-levres-hydratant-4g","status":"publish","type":"product","link":"https:\/\/ellypara.com\/index.php\/produit\/uriage-eau-thermale-stick-levres-hydratant-4g\/","title":{"rendered":"Uriage Eau Thermale Stick L\u00e8vres Hydratant 4g"},"content":{"rendered":"<p><strong>Uriage Eau Thermale Stick L\u00e8vres Hydratant 4g\u00a0<\/strong>est un\u00a0stick r\u00e9parateur\u00a0et restructurant, il nourrit les l\u00e8vres, les prot\u00e8ge des agressions quotidiennes (radicaux libres\u2026) et les apaise.<\/p>\n<p><strong>Nourrit et prot\u00e8ge\u00a0:<\/strong>\u00a0Le beurre de Karit\u00e9 nourrit intens\u00e9ment les l\u00e8vres dess\u00e9ch\u00e9es et les prot\u00e8ges des agressions ext\u00e9rieures.<\/p>\n<p>R\u00e9pare : L\u2019Huile de Bourrache permet de restaurer les l\u00e8vres ab\u00eem\u00e9es et fragilis\u00e9es.<\/p>\n<p><strong>Atouts:<\/strong><\/p>\n<ul>\n<li>Stick longue dur\u00e9e.<\/li>\n<li>Ne casse pas.<\/li>\n<li>Ne fond pas.<\/li>\n<\/ul>\n<p>A noter : ce produit est Hypoallerg\u00e9nique. Sans eau.<\/p>\n<p>Le\u00a0<strong>stick l\u00e8vres hydratant Uriage Eau thermale<\/strong>\u00a0permet de nourrir, de restaurer et de prot\u00e9ger vos l\u00e8vres lorsqu\u2019elles sont\u00a0<strong>dess\u00e9ch\u00e9es<\/strong>. En effet, celles-ci peuvent souffrir des agressions des \u00e9l\u00e9ments ext\u00e9rieurs, et notamment du froid. Elles sont expos\u00e9es presque en permanence, et elles ne disposent pas des m\u00eames protections que la peau. Elles sont notamment d\u00e9pourvues de film hydro-lipidique. A cela s\u2019ajoute le fait qu\u2019elles sont d\u2019une tr\u00e8s grande finesse.<\/p>\n<p>Lorsqu\u2019elles perdent leur hydratation, les l\u00e8vres craqu\u00e8lent et se fendillent, processus pouvant conduire \u00e0 des douleurs. Pour l\u2019\u00e9viter, Uriage a formul\u00e9 son stick l\u00e8vres avec de l\u2019acide hyaluronique de haut poids mol\u00e9culaire et de la poudre d\u2019Eau thermale. Ainsi, cette association d\u2019actifs va\u00a0<strong>hydrater les l\u00e8vres sur une longue p\u00e9riode et aider \u00e0 les d\u00e9fendre<\/strong>. En effet, l\u2019acide hyaluronique est intens\u00e9ment hydratant.<br \/>\nPar ailleurs, ce\u00a0stick l\u00e8vres hydratant Uriage Eau thermale contient du beurre de karit\u00e9\u00a0<strong>cicatrisant et hydratant<\/strong>. Il int\u00e8gre aussi des d\u00e9riv\u00e9s de vitamines aux propri\u00e9t\u00e9s\u00a0<strong>antioxydantes<\/strong>, qui vont prot\u00e9ger les l\u00e8vres. Enfin, il est formul\u00e9 avec de l\u2019huile de bourrache\u00a0<strong>r\u00e9paratrice et apaisante<\/strong>, et du\u00a0St\u00e9aryl glyccyrh\u00e9tinate, un actif issu de la r\u00e9glisse, qui va soulager les l\u00e8vres.<br \/>\nCelles-ci, en une seule application, b\u00e9n\u00e9ficient d\u2019un\u00a0<strong>effet hydratant pendant 6 heures<\/strong>.<\/p>\n<p><strong>Caract\u00e9ristiques<\/strong><\/p>\n<ul>\n<li>Formul\u00e9 avec 99,6 % d\u2019ingr\u00e9dients d\u2019origine naturelle.<\/li>\n<li>Haute tol\u00e9rance.<\/li>\n<li>Test\u00e9 sous contr\u00f4le dermatologique.<\/li>\n<li>Ne contient pas d\u2019eau : pas de risque de gel aux temp\u00e9ratures extr\u00eames<\/li>\n<\/ul>\n<p><strong>Conditionnement :<\/strong>\u00a0stick de 4 g.<\/p>\n<p><strong>CONSEILS D\u2019UTILISATION<\/strong><\/p>\n<p>Usage externe.<br \/>\nAppliquer sur les l\u00e8vres.<br \/>\nUtiliser aussi souvent que n\u00e9cessaire.<\/p>\n<p><strong>COMPOSITION<\/strong><\/p>\n<p>Caprylic\/capric triglyceride, Ricinus communis (castor) seed oil, oleic\/linoleic\/linolenic polyglycerides, Helianthus annuus seed cera (Helianthus annuus (sunflower) seed wax), hydrogenated castor oil, Butyrospermum parkii (shea) buttter, Copernicia cerifera cera (Copernicia cerifera (carnauba) wax), Borago officinalis seed oil, tocopheryl acetate, mineral salts, stearyl glycyrrhetinate, ascorbyl palmitate, sodium hyaluronate, parfum (fragrance), tocopherol, citric acid.<br \/>\n<strong>Water free<\/strong><\/p>\n","protected":false},"excerpt":{"rendered":"<p>Baume r\u00e9parateur et restructurant, il nourrit les l\u00e8vres, les prot\u00e8ge des agressions quotidiennes (radicaux libres\u2026) et les apaise.<\/p>\n","protected":false},"featured_media":327,"comment_status":"open","ping_status":"closed","template":"","meta":{"ocean_post_layout":"","ocean_both_sidebars_style":"","ocean_both_sidebars_content_width":0,"ocean_both_sidebars_sidebars_width":0,"ocean_sidebar":"0","ocean_second_sidebar":"0","ocean_disable_margins":"enable","ocean_add_body_class":"","ocean_shortcode_before_top_bar":"","ocean_shortcode_after_top_bar":"","ocean_shortcode_before_header":"","ocean_shortcode_after_header":"","ocean_has_shortcode":"","ocean_shortcode_after_title":"","ocean_shortcode_before_footer_widgets":"","ocean_shortcode_after_footer_widgets":"","ocean_shortcode_before_footer_bottom":"","ocean_shortcode_after_footer_bottom":"","ocean_display_top_bar":"default","ocean_display_header":"default","ocean_header_style":"","ocean_center_header_left_menu":"0","ocean_custom_header_template":"0","ocean_custom_logo":0,"ocean_custom_retina_logo":0,"ocean_custom_logo_max_width":0,"ocean_custom_logo_tablet_max_width":0,"ocean_custom_logo_mobile_max_width":0,"ocean_custom_logo_max_height":0,"ocean_custom_logo_tablet_max_height":0,"ocean_custom_logo_mobile_max_height":0,"ocean_header_custom_menu":"0","ocean_menu_typo_font_family":"0","ocean_menu_typo_font_subset":"","ocean_menu_typo_font_size":0,"ocean_menu_typo_font_size_tablet":0,"ocean_menu_typo_font_size_mobile":0,"ocean_menu_typo_font_size_unit":"px","ocean_menu_typo_font_weight":"","ocean_menu_typo_font_weight_tablet":"","ocean_menu_typo_font_weight_mobile":"","ocean_menu_typo_transform":"","ocean_menu_typo_transform_tablet":"","ocean_menu_typo_transform_mobile":"","ocean_menu_typo_line_height":0,"ocean_menu_typo_line_height_tablet":0,"ocean_menu_typo_line_height_mobile":0,"ocean_menu_typo_line_height_unit":"","ocean_menu_typo_spacing":0,"ocean_menu_typo_spacing_tablet":0,"ocean_menu_typo_spacing_mobile":0,"ocean_menu_typo_spacing_unit":"","ocean_menu_link_color":"","ocean_menu_link_color_hover":"","ocean_menu_link_color_active":"","ocean_menu_link_background":"","ocean_menu_link_hover_background":"","ocean_menu_link_active_background":"","ocean_menu_social_links_bg":"","ocean_menu_social_hover_links_bg":"","ocean_menu_social_links_color":"","ocean_menu_social_hover_links_color":"","ocean_disable_title":"default","ocean_disable_heading":"default","ocean_post_title":"","ocean_post_subheading":"","ocean_post_title_style":"","ocean_post_title_background_color":"","ocean_post_title_background":0,"ocean_post_title_bg_image_position":"","ocean_post_title_bg_image_attachment":"","ocean_post_title_bg_image_repeat":"","ocean_post_title_bg_image_size":"","ocean_post_title_height":0,"ocean_post_title_bg_overlay":0.5,"ocean_post_title_bg_overlay_color":"","ocean_disable_breadcrumbs":"default","ocean_breadcrumbs_color":"","ocean_breadcrumbs_separator_color":"","ocean_breadcrumbs_links_color":"","ocean_breadcrumbs_links_hover_color":"","ocean_display_footer_widgets":"default","ocean_display_footer_bottom":"default","ocean_custom_footer_template":"0"},"product_brand":[],"product_cat":[35,111,21],"product_tag":[],"class_list":{"0":"post-326","1":"product","2":"type-product","3":"status-publish","4":"has-post-thumbnail","6":"product_cat-soins-hydratants-et-nourrissants","7":"product_cat-sticks-baumes-levres-et-reparateurs","8":"product_cat-visage","10":"entry","11":"has-media","13":"first","14":"instock","15":"sale","16":"taxable","17":"shipping-taxable","18":"purchasable","19":"product-type-simple","20":"has-product-nav","21":"col","22":"span_1_of_3","23":"owp-content-center","24":"owp-thumbs-layout-horizontal","25":"owp-btn-normal","26":"owp-tabs-layout-horizontal","27":"has-no-thumbnails"},"_links":{"self":[{"href":"https:\/\/ellypara.com\/index.php\/wp-json\/wp\/v2\/product\/326","targetHints":{"allow":["GET"]}}],"collection":[{"href":"https:\/\/ellypara.com\/index.php\/wp-json\/wp\/v2\/product"}],"about":[{"href":"https:\/\/ellypara.com\/index.php\/wp-json\/wp\/v2\/types\/product"}],"replies":[{"embeddable":true,"href":"https:\/\/ellypara.com\/index.php\/wp-json\/wp\/v2\/comments?post=326"}],"wp:featuredmedia":[{"embeddable":true,"href":"https:\/\/ellypara.com\/index.php\/wp-json\/wp\/v2\/media\/327"}],"wp:attachment":[{"href":"https:\/\/ellypara.com\/index.php\/wp-json\/wp\/v2\/media?parent=326"}],"wp:term":[{"taxonomy":"product_brand","embeddable":true,"href":"https:\/\/ellypara.com\/index.php\/wp-json\/wp\/v2\/product_brand?post=326"},{"taxonomy":"product_cat","embeddable":true,"href":"https:\/\/ellypara.com\/index.php\/wp-json\/wp\/v2\/product_cat?post=326"},{"taxonomy":"product_tag","embeddable":true,"href":"https:\/\/ellypara.com\/index.php\/wp-json\/wp\/v2\/product_tag?post=326"}],"curies":[{"name":"wp","href":"https:\/\/api.w.org\/{rel}","templated":true}]}}