{"id":335,"date":"2025-01-18T15:53:18","date_gmt":"2025-01-18T14:53:18","guid":{"rendered":"https:\/\/ellypara.com\/?post_type=product&#038;p=335"},"modified":"2025-02-01T16:10:51","modified_gmt":"2025-02-01T15:10:51","slug":"clarenia-serum-anticernes-eclat-30ml","status":"publish","type":"product","link":"https:\/\/ellypara.com\/index.php\/produit\/clarenia-serum-anticernes-eclat-30ml\/","title":{"rendered":"CLARENIA Serum Anticernes \u00c9clat 30ml"},"content":{"rendered":"<p><strong>CLARENIA SERUM ANTICERNES<\/strong>\u00a0vise \u00e0 r\u00e9duire les cernes en r\u00e9duisant l\u2019accumulation de pigments sanguins sous les yeux.<\/p>\n<p>Gr\u00e2ce \u00e0 ses principes actifs, il r\u00e9duit significativement l\u2019apparence des cernes bleus dus \u00e0 une mauvaise circulation et des cernes bruns li\u00e9s \u00e0 une surproduction de m\u00e9lanine.<\/p>\n<p>Sa formule 100% naturelle, sa texture enrichie en pigments r\u00e9flecteurs de lumi\u00e8re, associ\u00e9e \u00e0 un applicateur m\u00e9tal rafraichissant, permettent \u00e0 CLARENIA\u00a9 SERUM ANTICERNES d\u2019illuminer votre regard et vous permet de retrouver un visage rajeuni et plus d\u00e9tendu.<\/p>\n<p><strong>Bienfaits :<\/strong><\/p>\n<p>\u2022 Les cernes bruns et bleus sont visiblement et significativement r\u00e9duits<\/p>\n<p>\u2022 \u00c9claircissement et uniformisation du teint<\/p>\n<p>\u2022 D\u00e9pigmentant en \u00e9liminant les taches<\/p>\n<p>\u2022 La zone du regard est unifi\u00e9e et lumineuse<\/p>\n<p>\u2022 R\u00e9duire consid\u00e9rablement l\u2019apparence des poches<\/p>\n<p><strong>Utilisation<\/strong><\/p>\n<p>Appliquez une petite quantit\u00e9 CLARENIA SERUM ANTICERNES \u00c9CLAT en soin quotidien le soir. Tapoter l\u00e9g\u00e8rement sur l\u2019ensemble du contour de l\u2019\u0153il sans oublier la paupi\u00e8re sup\u00e9rieure et la base des cils.<\/p>\n<p><strong>R\u00e9sultats<\/strong><\/p>\n<p>Les cernes bruns et bleus sont visiblement et significativement r\u00e9duits.<\/p>\n<p>La zone du regard est unifi\u00e9e et lumineuse.<\/p>\n<p><strong>Composition<\/strong>\u00a0:<\/p>\n<p>Eau purifi\u00e9e, gel d\u2019aloe vera, huile de calophylle inophyle, niacinamide, glyceryl stearate, huile d\u2019avocat, huile de p\u00e9pins de raisin, hyaluronate de sodium, allantoine, beurre de karit\u00e9, huile essentielle d\u2019immortelle, huile essentielle de patchouli, huile essentielle de carotte, vitamin E, alpha-bisabolol, gomme xanthane, fragrance, alcool benzylique, acide dehydroacetique.<\/p>\n","protected":false},"excerpt":{"rendered":"<div class=\"product-short-description\">\n<p>Correcteur anticernes nouvelle g\u00e9n\u00e9ration qui agit en profondeur pour uniformiser les cernes bleus et bruns et comblant de l\u2019int\u00e9rieur les micro-d\u00e9pressions cutan\u00e9es.<\/p>\n<\/div>\n<form class=\"cart\" action=\"https:\/\/www.maparatunisie.tn\/produit\/clarenia-serum-anticernes-eclat-30ml\/\" enctype=\"multipart\/form-data\" method=\"post\">\n<div class=\"ux-quantity quantity buttons_added\"><\/div>\n<\/form>\n","protected":false},"featured_media":336,"comment_status":"open","ping_status":"closed","template":"","meta":{"ocean_post_layout":"","ocean_both_sidebars_style":"","ocean_both_sidebars_content_width":0,"ocean_both_sidebars_sidebars_width":0,"ocean_sidebar":"0","ocean_second_sidebar":"0","ocean_disable_margins":"enable","ocean_add_body_class":"","ocean_shortcode_before_top_bar":"","ocean_shortcode_after_top_bar":"","ocean_shortcode_before_header":"","ocean_shortcode_after_header":"","ocean_has_shortcode":"","ocean_shortcode_after_title":"","ocean_shortcode_before_footer_widgets":"","ocean_shortcode_after_footer_widgets":"","ocean_shortcode_before_footer_bottom":"","ocean_shortcode_after_footer_bottom":"","ocean_display_top_bar":"default","ocean_display_header":"default","ocean_header_style":"","ocean_center_header_left_menu":"0","ocean_custom_header_template":"0","ocean_custom_logo":0,"ocean_custom_retina_logo":0,"ocean_custom_logo_max_width":0,"ocean_custom_logo_tablet_max_width":0,"ocean_custom_logo_mobile_max_width":0,"ocean_custom_logo_max_height":0,"ocean_custom_logo_tablet_max_height":0,"ocean_custom_logo_mobile_max_height":0,"ocean_header_custom_menu":"0","ocean_menu_typo_font_family":"0","ocean_menu_typo_font_subset":"","ocean_menu_typo_font_size":0,"ocean_menu_typo_font_size_tablet":0,"ocean_menu_typo_font_size_mobile":0,"ocean_menu_typo_font_size_unit":"px","ocean_menu_typo_font_weight":"","ocean_menu_typo_font_weight_tablet":"","ocean_menu_typo_font_weight_mobile":"","ocean_menu_typo_transform":"","ocean_menu_typo_transform_tablet":"","ocean_menu_typo_transform_mobile":"","ocean_menu_typo_line_height":0,"ocean_menu_typo_line_height_tablet":0,"ocean_menu_typo_line_height_mobile":0,"ocean_menu_typo_line_height_unit":"","ocean_menu_typo_spacing":0,"ocean_menu_typo_spacing_tablet":0,"ocean_menu_typo_spacing_mobile":0,"ocean_menu_typo_spacing_unit":"","ocean_menu_link_color":"","ocean_menu_link_color_hover":"","ocean_menu_link_color_active":"","ocean_menu_link_background":"","ocean_menu_link_hover_background":"","ocean_menu_link_active_background":"","ocean_menu_social_links_bg":"","ocean_menu_social_hover_links_bg":"","ocean_menu_social_links_color":"","ocean_menu_social_hover_links_color":"","ocean_disable_title":"default","ocean_disable_heading":"default","ocean_post_title":"","ocean_post_subheading":"","ocean_post_title_style":"","ocean_post_title_background_color":"","ocean_post_title_background":0,"ocean_post_title_bg_image_position":"","ocean_post_title_bg_image_attachment":"","ocean_post_title_bg_image_repeat":"","ocean_post_title_bg_image_size":"","ocean_post_title_height":0,"ocean_post_title_bg_overlay":0.5,"ocean_post_title_bg_overlay_color":"","ocean_disable_breadcrumbs":"default","ocean_breadcrumbs_color":"","ocean_breadcrumbs_separator_color":"","ocean_breadcrumbs_links_color":"","ocean_breadcrumbs_links_hover_color":"","ocean_display_footer_widgets":"default","ocean_display_footer_bottom":"default","ocean_custom_footer_template":"0"},"product_brand":[],"product_cat":[26,36,110,43,39,35,21],"product_tag":[],"class_list":{"0":"post-335","1":"product","2":"type-product","3":"status-publish","4":"has-post-thumbnail","6":"product_cat-promo","7":"product_cat-soins-anti-age-et-anti-rides","8":"product_cat-soins-anti-poches-et-cernes","9":"product_cat-soins-anti-rougeurs-et-peau-sensible","10":"product_cat-soins-anti-taches-et-depigmentants","11":"product_cat-soins-hydratants-et-nourrissants","12":"product_cat-visage","14":"entry","15":"has-media","17":"first","18":"instock","19":"sale","20":"taxable","21":"shipping-taxable","22":"purchasable","23":"product-type-simple","24":"has-product-nav","25":"col","26":"span_1_of_3","27":"owp-content-center","28":"owp-thumbs-layout-horizontal","29":"owp-btn-normal","30":"owp-tabs-layout-horizontal","31":"has-no-thumbnails"},"_links":{"self":[{"href":"https:\/\/ellypara.com\/index.php\/wp-json\/wp\/v2\/product\/335","targetHints":{"allow":["GET"]}}],"collection":[{"href":"https:\/\/ellypara.com\/index.php\/wp-json\/wp\/v2\/product"}],"about":[{"href":"https:\/\/ellypara.com\/index.php\/wp-json\/wp\/v2\/types\/product"}],"replies":[{"embeddable":true,"href":"https:\/\/ellypara.com\/index.php\/wp-json\/wp\/v2\/comments?post=335"}],"wp:featuredmedia":[{"embeddable":true,"href":"https:\/\/ellypara.com\/index.php\/wp-json\/wp\/v2\/media\/336"}],"wp:attachment":[{"href":"https:\/\/ellypara.com\/index.php\/wp-json\/wp\/v2\/media?parent=335"}],"wp:term":[{"taxonomy":"product_brand","embeddable":true,"href":"https:\/\/ellypara.com\/index.php\/wp-json\/wp\/v2\/product_brand?post=335"},{"taxonomy":"product_cat","embeddable":true,"href":"https:\/\/ellypara.com\/index.php\/wp-json\/wp\/v2\/product_cat?post=335"},{"taxonomy":"product_tag","embeddable":true,"href":"https:\/\/ellypara.com\/index.php\/wp-json\/wp\/v2\/product_tag?post=335"}],"curies":[{"name":"wp","href":"https:\/\/api.w.org\/{rel}","templated":true}]}}