{"id":371,"date":"2025-01-18T22:40:27","date_gmt":"2025-01-18T21:40:27","guid":{"rendered":"https:\/\/ellypara.com\/?post_type=product&#038;p=371"},"modified":"2025-07-08T14:57:33","modified_gmt":"2025-07-08T12:57:33","slug":"beesline-gel-nettoyant-eclaircissant-visage-4-en1-150ml","status":"publish","type":"product","link":"https:\/\/ellypara.com\/index.php\/produit\/beesline-gel-nettoyant-eclaircissant-visage-4-en1-150ml\/","title":{"rendered":"Beesline Gel Nettoyant \u00c9claircissant Visage 4 en1 150ml"},"content":{"rendered":"<p>D\u00e9couvrez la puissance de notre formule avanc\u00e9e qui offre 4 actions en 1 produit. Ce nettoyant multit\u00e2che est con\u00e7u pour \u00e9claircir, nettoyer et exfolier la peau quotidiennement, tout en agissant \u00e9galement comme un masque de boue hebdomadaire pour le visage. Le r\u00e9sultat est une peau lisse, fra\u00eeche, purifi\u00e9e et \u00e9clatante.<\/p>\n<p><strong>Pourquoi est-ce sp\u00e9cial ?<\/strong><\/p>\n<p>Formule avanc\u00e9e qui offre 4 actions en 1<br \/>\nIllumine, nettoie et exfolie la peau quotidiennement<br \/>\nAgit comme un masque de boue hebdomadaire pour le visage<br \/>\nFormule \u00e0 97 % d\u2019origine naturelle, enrichie de niacinamide, de kaolin, de vitamines C et d\u2019extraits de plantes<\/p>\n<p><strong>Comment utiliser<\/strong><\/p>\n<p>Pour les peaux s\u00e8ches \u00e0 normales , utiliser une fois par jour en lavage et en gommage. Appliquer sur peau humide et masser doucement en mouvements circulaires pour nettoyer et exfolier puis rincer abondamment. \u00c9vitez le contour des yeux.<br \/>\nPour les peaux grasses \u00e0 mixtes , utiliser deux fois par jour en nettoyant et deux fois par semaine en masque, appliquer en couche \u00e9paisse en \u00e9vitant le contour des yeux. 15 minutes plus tard, rincez abondamment en frottant par mouvements circulaires.<\/p>\n<p><strong>Ingr\u00e9dients actifs<\/strong><\/p>\n<p>La niacinamide\ud83e\uddea<br \/>\nest une forme de vitamine B3 qui am\u00e9liore la texture de la peau et r\u00e9duit l\u2019apparence des taches brunes tout en renfor\u00e7ant la fonction barri\u00e8re de la peau.<\/p>\n<p>Lumiskin\ud83e\uddea<br \/>\n(Diacetyl Boldine) ou extrait d\u2019arbre boldo est un puissant booster d\u2019\u00e9clat qui estompe les taches brunes et unifie le teint.<\/p>\n<p>L\u2019extrait de citron \ud83c\udf31<br \/>\n(extrait de jus de fruit Citrus Medica) contient des antioxydants naturels et des propri\u00e9t\u00e9s \u00e9claircissantes qui att\u00e9nuent les taches brunes.<\/p>\n<p>La vitamine C\ud83e\uddea<br \/>\n(phosphate d\u2019ascorbyle de magn\u00e9sium) est un puissant antioxydant qui \u00e9claircit la peau, unifie le teint et r\u00e9duit l\u2019apparence des taches brunes et de l\u2019hyperpigmentation. Il stimule \u00e9galement la production de collag\u00e8ne pour une peau plus ferme et plus jeune.<\/p>\n<p>Le miel\ud83d\udc1d<br \/>\n(Mel) est un humectant naturel qui attire et retient l\u2019humidit\u00e9 de la peau. Il nourrit et hydrate, laissant la peau douce et souple.<\/p>\n<p>Le Lactate de Sodium\ud83c\udf31<br \/>\nest un agent hydratant naturel qui aide \u00e0 hydrater la peau et \u00e0 am\u00e9liorer sa texture et son \u00e9lasticit\u00e9.<\/p>\n<p>L\u2019extrait de feuille d\u2019olivier \ud83c\udf31<br \/>\n(Olea Europaea Leaf Extract) contient des antioxydants qui aident \u00e0 lutter contre les radicaux libres et \u00e0 prot\u00e9ger la peau des dommages environnementaux.<\/p>\n<p>L\u2019acide lactique\ud83c\udf31<br \/>\nest un AHA (acide alpha-hydroxy) exfoliant doux qui am\u00e9liore le teint et la texture de la peau. Il favorise le renouvellement cellulaire, r\u00e9v\u00e9lant un teint plus lumineux et plus \u00e9clatant.<\/p>\n<p>La racine de r\u00e9glisse\ud83c\udf31<br \/>\n(extrait de racine de Glycyrrhiza Glabra) est un ingr\u00e9dient naturel qui \u00e9claircit la peau et r\u00e9duit l\u2019apparence des taches brunes et de l\u2019hyperpigmentation. Il poss\u00e8de \u00e9galement des propri\u00e9t\u00e9s apaisantes et antioxydantes qui favorisent un teint d\u2019apparence saine.<\/p>\n<p>La Poudre de Coquille de Noix \ud83c\udf31<br \/>\n(Poudre de Coquille de Juglans Regia) est un exfoliant naturel qui aide \u00e0 \u00e9liminer les cellules mortes et les impuret\u00e9s de la peau, laissant la peau lisse et renouvel\u00e9e.<\/p>\n<p>L\u2019extrait de romarin \ud83c\udf31<br \/>\n(extrait de feuille de Rosmarinus Officinalis) contient des antioxydants qui aident \u00e0 prot\u00e9ger la peau des radicaux libres et des dommages environnementaux, favorisant ainsi un teint plus sain.<\/p>\n<p>L\u2019acide salicylique \ud83c\udf31<br \/>\n(extrait d\u2019\u00e9corce de Salix Alba) est un acide b\u00eata-hydroxy (BHA) qui exfolie la peau, d\u00e9bouche les pores et pr\u00e9vient les pouss\u00e9es d\u2019acn\u00e9. Il poss\u00e8de \u00e9galement des propri\u00e9t\u00e9s anti-inflammatoires qui apaisent et calment la peau.<\/p>\n<p><strong>Ingr\u00e9dients complets<\/strong><\/p>\n<p>Aqua (Eau). Kaolin. D\u00e9cyl Glucoside. Farine de graines de Zea Mays (ma\u00efs). Ch\u00e9ri. Acide lactique. Glyc\u00e9rine. Le dioxyde de titane. Lactate de sodium. Poudre de coquille de Juglans Regia (noyer). Extrait de jus de fruit Citrus Medica (citron). Gomme Xanthane. Extrait de feuille d\u2019Olea Europaea (Olive). Triglyc\u00e9ride caprylique\/caprique. Niacine (Vitamine B3). Extrait de racine de Glycyrrhiza Glabra (r\u00e9glisse). Extrait de fruit de Cucumis Sativus (concombre). Extrait de feuille d\u2019Eucalyptus Globulus (Eucalyptus). Extrait de feuille de Rosmarinus Officinalis (romarin). Extrait de feuille de Mentha Piperita (menthe poivr\u00e9e). Extrait d\u2019\u00e9corce de Salix Alba (saule). Phosphate d\u2019ascorbyle de magn\u00e9sium (vitamine C). Sorbate de potassium. Benzoate de sodium. Diac\u00e9tyle Boldine. EDTA.<\/p>\n<p><strong>S\u00e9curit\u00e9 des formulations<\/strong><\/p>\n<p>Sans : alcool, parab\u00e8nes, sulfates, phtalates, acide kojique, hydroquinone, silicones, produits p\u00e9trochimiques<br \/>\n1,2 % de mati\u00e8res synth\u00e9tiques s\u00fbres<br \/>\nSans cruaut\u00e9<\/p>\n","protected":false},"excerpt":{"rendered":"<p>Une formule avanc\u00e9e qui d\u00e9livre 4 actions en 1 produit ; blanchit, nettoie et exfolie la peau quotidiennement tout en agissant comme un masque de boue facial hebdomadaire. Pour une peau lisse, fra\u00eeche, purifi\u00e9e et \u00e9clatante. Pour tous les types de peau.<\/p>\n","protected":false},"featured_media":372,"comment_status":"open","ping_status":"closed","template":"","meta":{"ocean_post_layout":"","ocean_both_sidebars_style":"","ocean_both_sidebars_content_width":0,"ocean_both_sidebars_sidebars_width":0,"ocean_sidebar":"0","ocean_second_sidebar":"0","ocean_disable_margins":"enable","ocean_add_body_class":"","ocean_shortcode_before_top_bar":"","ocean_shortcode_after_top_bar":"","ocean_shortcode_before_header":"","ocean_shortcode_after_header":"","ocean_has_shortcode":"","ocean_shortcode_after_title":"","ocean_shortcode_before_footer_widgets":"","ocean_shortcode_after_footer_widgets":"","ocean_shortcode_before_footer_bottom":"","ocean_shortcode_after_footer_bottom":"","ocean_display_top_bar":"default","ocean_display_header":"default","ocean_header_style":"","ocean_center_header_left_menu":"0","ocean_custom_header_template":"0","ocean_custom_logo":0,"ocean_custom_retina_logo":0,"ocean_custom_logo_max_width":0,"ocean_custom_logo_tablet_max_width":0,"ocean_custom_logo_mobile_max_width":0,"ocean_custom_logo_max_height":0,"ocean_custom_logo_tablet_max_height":0,"ocean_custom_logo_mobile_max_height":0,"ocean_header_custom_menu":"0","ocean_menu_typo_font_family":"0","ocean_menu_typo_font_subset":"","ocean_menu_typo_font_size":0,"ocean_menu_typo_font_size_tablet":0,"ocean_menu_typo_font_size_mobile":0,"ocean_menu_typo_font_size_unit":"px","ocean_menu_typo_font_weight":"","ocean_menu_typo_font_weight_tablet":"","ocean_menu_typo_font_weight_mobile":"","ocean_menu_typo_transform":"","ocean_menu_typo_transform_tablet":"","ocean_menu_typo_transform_mobile":"","ocean_menu_typo_line_height":0,"ocean_menu_typo_line_height_tablet":0,"ocean_menu_typo_line_height_mobile":0,"ocean_menu_typo_line_height_unit":"","ocean_menu_typo_spacing":0,"ocean_menu_typo_spacing_tablet":0,"ocean_menu_typo_spacing_mobile":0,"ocean_menu_typo_spacing_unit":"","ocean_menu_link_color":"","ocean_menu_link_color_hover":"","ocean_menu_link_color_active":"","ocean_menu_link_background":"","ocean_menu_link_hover_background":"","ocean_menu_link_active_background":"","ocean_menu_social_links_bg":"","ocean_menu_social_hover_links_bg":"","ocean_menu_social_links_color":"","ocean_menu_social_hover_links_color":"","ocean_disable_title":"default","ocean_disable_heading":"default","ocean_post_title":"","ocean_post_subheading":"","ocean_post_title_style":"","ocean_post_title_background_color":"","ocean_post_title_background":0,"ocean_post_title_bg_image_position":"","ocean_post_title_bg_image_attachment":"","ocean_post_title_bg_image_repeat":"","ocean_post_title_bg_image_size":"","ocean_post_title_height":0,"ocean_post_title_bg_overlay":0.5,"ocean_post_title_bg_overlay_color":"","ocean_disable_breadcrumbs":"default","ocean_breadcrumbs_color":"","ocean_breadcrumbs_separator_color":"","ocean_breadcrumbs_links_color":"","ocean_breadcrumbs_links_hover_color":"","ocean_display_footer_widgets":"default","ocean_display_footer_bottom":"default","ocean_custom_footer_template":"0"},"product_brand":[],"product_cat":[26,41,37,42,110,39,21],"product_tag":[],"class_list":{"0":"post-371","1":"product","2":"type-product","3":"status-publish","4":"has-post-thumbnail","6":"product_cat-promo","7":"product_cat-nettoyants-visage","8":"product_cat-soins-peau-grasse","9":"product_cat-peaux-seches","10":"product_cat-soins-anti-poches-et-cernes","11":"product_cat-soins-anti-taches-et-depigmentants","12":"product_cat-visage","14":"entry","15":"has-media","17":"first","18":"instock","19":"sale","20":"taxable","21":"shipping-taxable","22":"purchasable","23":"product-type-simple","24":"has-product-nav","25":"col","26":"span_1_of_3","27":"owp-content-center","28":"owp-thumbs-layout-horizontal","29":"owp-btn-normal","30":"owp-tabs-layout-horizontal","31":"has-no-thumbnails"},"_links":{"self":[{"href":"https:\/\/ellypara.com\/index.php\/wp-json\/wp\/v2\/product\/371","targetHints":{"allow":["GET"]}}],"collection":[{"href":"https:\/\/ellypara.com\/index.php\/wp-json\/wp\/v2\/product"}],"about":[{"href":"https:\/\/ellypara.com\/index.php\/wp-json\/wp\/v2\/types\/product"}],"replies":[{"embeddable":true,"href":"https:\/\/ellypara.com\/index.php\/wp-json\/wp\/v2\/comments?post=371"}],"wp:featuredmedia":[{"embeddable":true,"href":"https:\/\/ellypara.com\/index.php\/wp-json\/wp\/v2\/media\/372"}],"wp:attachment":[{"href":"https:\/\/ellypara.com\/index.php\/wp-json\/wp\/v2\/media?parent=371"}],"wp:term":[{"taxonomy":"product_brand","embeddable":true,"href":"https:\/\/ellypara.com\/index.php\/wp-json\/wp\/v2\/product_brand?post=371"},{"taxonomy":"product_cat","embeddable":true,"href":"https:\/\/ellypara.com\/index.php\/wp-json\/wp\/v2\/product_cat?post=371"},{"taxonomy":"product_tag","embeddable":true,"href":"https:\/\/ellypara.com\/index.php\/wp-json\/wp\/v2\/product_tag?post=371"}],"curies":[{"name":"wp","href":"https:\/\/api.w.org\/{rel}","templated":true}]}}