{"id":418,"date":"2025-01-20T11:06:47","date_gmt":"2025-01-20T10:06:47","guid":{"rendered":"https:\/\/ellypara.com\/?post_type=product&#038;p=418"},"modified":"2025-02-01T17:52:49","modified_gmt":"2025-02-01T16:52:49","slug":"mustela-lingettes-nettoyantes-a-lavocat-bio-60-pieces","status":"publish","type":"product","link":"https:\/\/ellypara.com\/index.php\/produit\/mustela-lingettes-nettoyantes-a-lavocat-bio-60-pieces\/","title":{"rendered":"Mustela lingettes nettoyantes \u00e0 l\u2019avocat BIO 60 pi\u00e8ces"},"content":{"rendered":"<p>Les\u00a0<strong>lingettes nettoyantes Mustela\u00a0<\/strong>ont \u00e9t\u00e9 sp\u00e9cialement con\u00e7ues pour nettoyer avec une grande douceur \u00e0 la fois le visage, les mains et le si\u00e8ge de b\u00e9b\u00e9, et ce d\u00e8s la naissance. Elles sont adapt\u00e9es aux nourrissons ayant la peau normale et garantissent une\u00a0<strong>haute tol\u00e9rance cutan\u00e9e<\/strong>\u00a0et oculaire. Ces lingettes sont conditionn\u00e9es dans un petit paquet qui se glissera tr\u00e8s facilement dans le sac \u00e0 langer pour vos sorties et voyages avec b\u00e9b\u00e9.<\/p>\n<p>Les\u00a0<strong>lingettes nettoyantes<\/strong>\u00a0<strong>b\u00e9b\u00e9<\/strong>\u00a0sont formul\u00e9es avec 97 % d\u2019ingr\u00e9dients d\u2019origine naturelle. On y trouve notamment de la glyc\u00e9rine, qui pr\u00e9serve l\u2019hydratation de la peau et renforce la barri\u00e8re cutan\u00e9e contre les agressions. L\u2019allanto\u00efne apporte ses propri\u00e9t\u00e9s apaisantes en cas de l\u00e9g\u00e8res irritations. L\u2019<strong>extrait d\u2019aloe vera<\/strong>\u00a0est ajout\u00e9 pour ses vertus hydratantes, apaisantes, et cicatrisantes. Il procure aussi un effet frais sur la peau de b\u00e9b\u00e9. On trouve aussi dans la composition de ces lingettes pour b\u00e9b\u00e9 du\u00a0<strong>pers\u00e9ose d\u2019avocat Bio<\/strong>, un actif d\u2019origine naturelle brevet\u00e9 par Mustela, qui renforce le film hydrolipidique et pr\u00e9vient les sensations d\u2019inconfort (rougeurs, d\u00e9mangeaisons, irritations).<\/p>\n<p>Gr\u00e2ce \u00e0 leur grande douceur, ces lingettes Mustela nettoient et rafra\u00eechissent la peau de b\u00e9b\u00e9. Elles la laissent douce, souple et hydrat\u00e9e et assurent un confort optimal en \u00e9liminant les diverses impuret\u00e9s qui pourraient favoriser les probl\u00e8mes de peau, comme l\u2019\u00e9ryth\u00e8me fessier par exemple. Il existe \u00e9galement\u00a0soin Mustela pour les cro\u00fbtes de lait, qui vous aidera \u00e0 les \u00e9liminer et \u00e0 pr\u00e9venir leur r\u00e9cidive.<\/p>\n<p>Enfin, dans un souci de r\u00e9duction de l\u2019impact environnemental, Mustela a \u00e9labor\u00e9 des lingettes en fibres d\u2019origine v\u00e9g\u00e9tale. Elles ne contiennent pas de plastique.<\/p>\n<p><em>97 % d\u2019ingr\u00e9dients d\u2019origine naturelle \u2013 Test\u00e9 dermatologiquement<\/em><\/p>\n<p>Fabriqu\u00e9 en France.<\/p>\n<p><strong>Contenance :\u00a0<\/strong>60 lingettes<\/p>\n<p><strong>CONSEILS D\u2019UTILISATION<\/strong><\/p>\n<p>Nettoyer d\u00e9licatement le visage, les mains et le si\u00e8ge du b\u00e9b\u00e9.<br \/>\nBien refermer le sachet apr\u00e8s chaque utilisation.<br \/>\nJeter les lingettes dans les poubelles m\u00e9nag\u00e8res. Ne pas les jeter dans les WC.<\/p>\n<p>&nbsp;<\/p>\n<p><strong>COMPOSITION<\/strong><\/p>\n<p>Aqua\/Water\/Eau, Glycerin, PEG-40 Hydrogenated Castor Oil, Sodium Benzoate, Potassium Sorbate, Allantoin, 1,2-Hexanediol, Caprylyl Glycol, Tartaric Acid, Propylene Glycol, Aloe Barbadensis Leaf Juice Powder, Saponaria Officinalis Leaf\/Root Extract, Tropolone, Persea Gratissima (Avocado) Fruit Extract, Sodium Hydroxide, Parfum (Fragrance).<\/p>\n","protected":false},"excerpt":{"rendered":"<div class=\"product-short-description\">\n<p>Mustela Lingettes Nettoyantes \u00e0 l\u2019Avocat 60 Lingettes sont des lingettes d\u00e9licatement parfum\u00e9es indiqu\u00e9es pour nettoyer efficacement et en douceur visage, mains et si\u00e8ge et le corps de b\u00e9b\u00e9 d\u00e8s la naissance.<\/p>\n<\/div>\n<form class=\"cart\" action=\"https:\/\/www.maparatunisie.tn\/produit\/mustela-lingettes-nettoyantes-a-lavocat-bio\/\" enctype=\"multipart\/form-data\" method=\"post\">\n<div class=\"ux-quantity quantity buttons_added\"><\/div>\n<\/form>\n","protected":false},"featured_media":419,"comment_status":"open","ping_status":"closed","template":"","meta":{"ocean_post_layout":"","ocean_both_sidebars_style":"","ocean_both_sidebars_content_width":0,"ocean_both_sidebars_sidebars_width":0,"ocean_sidebar":"0","ocean_second_sidebar":"0","ocean_disable_margins":"enable","ocean_add_body_class":"","ocean_shortcode_before_top_bar":"","ocean_shortcode_after_top_bar":"","ocean_shortcode_before_header":"","ocean_shortcode_after_header":"","ocean_has_shortcode":"","ocean_shortcode_after_title":"","ocean_shortcode_before_footer_widgets":"","ocean_shortcode_after_footer_widgets":"","ocean_shortcode_before_footer_bottom":"","ocean_shortcode_after_footer_bottom":"","ocean_display_top_bar":"default","ocean_display_header":"default","ocean_header_style":"","ocean_center_header_left_menu":"0","ocean_custom_header_template":"0","ocean_custom_logo":0,"ocean_custom_retina_logo":0,"ocean_custom_logo_max_width":0,"ocean_custom_logo_tablet_max_width":0,"ocean_custom_logo_mobile_max_width":0,"ocean_custom_logo_max_height":0,"ocean_custom_logo_tablet_max_height":0,"ocean_custom_logo_mobile_max_height":0,"ocean_header_custom_menu":"0","ocean_menu_typo_font_family":"0","ocean_menu_typo_font_subset":"","ocean_menu_typo_font_size":0,"ocean_menu_typo_font_size_tablet":0,"ocean_menu_typo_font_size_mobile":0,"ocean_menu_typo_font_size_unit":"px","ocean_menu_typo_font_weight":"","ocean_menu_typo_font_weight_tablet":"","ocean_menu_typo_font_weight_mobile":"","ocean_menu_typo_transform":"","ocean_menu_typo_transform_tablet":"","ocean_menu_typo_transform_mobile":"","ocean_menu_typo_line_height":0,"ocean_menu_typo_line_height_tablet":0,"ocean_menu_typo_line_height_mobile":0,"ocean_menu_typo_line_height_unit":"","ocean_menu_typo_spacing":0,"ocean_menu_typo_spacing_tablet":0,"ocean_menu_typo_spacing_mobile":0,"ocean_menu_typo_spacing_unit":"","ocean_menu_link_color":"","ocean_menu_link_color_hover":"","ocean_menu_link_color_active":"","ocean_menu_link_background":"","ocean_menu_link_hover_background":"","ocean_menu_link_active_background":"","ocean_menu_social_links_bg":"","ocean_menu_social_hover_links_bg":"","ocean_menu_social_links_color":"","ocean_menu_social_hover_links_color":"","ocean_disable_title":"default","ocean_disable_heading":"default","ocean_post_title":"","ocean_post_subheading":"","ocean_post_title_style":"","ocean_post_title_background_color":"","ocean_post_title_background":0,"ocean_post_title_bg_image_position":"","ocean_post_title_bg_image_attachment":"","ocean_post_title_bg_image_repeat":"","ocean_post_title_bg_image_size":"","ocean_post_title_height":0,"ocean_post_title_bg_overlay":0.5,"ocean_post_title_bg_overlay_color":"","ocean_disable_breadcrumbs":"default","ocean_breadcrumbs_color":"","ocean_breadcrumbs_separator_color":"","ocean_breadcrumbs_links_color":"","ocean_breadcrumbs_links_hover_color":"","ocean_display_footer_widgets":"default","ocean_display_footer_bottom":"default","ocean_custom_footer_template":"0"},"product_brand":[],"product_cat":[24,58,57],"product_tag":[],"class_list":{"0":"post-418","1":"product","2":"type-product","3":"status-publish","4":"has-post-thumbnail","6":"product_cat-bebe-et-maman","7":"product_cat-change-de-bebe","8":"product_cat-toilette-et-soin-bebe","10":"entry","11":"has-media","13":"first","14":"outofstock","15":"taxable","16":"shipping-taxable","17":"purchasable","18":"product-type-simple","19":"has-product-nav","20":"col","21":"span_1_of_3","22":"owp-content-center","23":"owp-thumbs-layout-horizontal","24":"owp-btn-normal","25":"owp-tabs-layout-horizontal","26":"has-no-thumbnails"},"_links":{"self":[{"href":"https:\/\/ellypara.com\/index.php\/wp-json\/wp\/v2\/product\/418","targetHints":{"allow":["GET"]}}],"collection":[{"href":"https:\/\/ellypara.com\/index.php\/wp-json\/wp\/v2\/product"}],"about":[{"href":"https:\/\/ellypara.com\/index.php\/wp-json\/wp\/v2\/types\/product"}],"replies":[{"embeddable":true,"href":"https:\/\/ellypara.com\/index.php\/wp-json\/wp\/v2\/comments?post=418"}],"wp:featuredmedia":[{"embeddable":true,"href":"https:\/\/ellypara.com\/index.php\/wp-json\/wp\/v2\/media\/419"}],"wp:attachment":[{"href":"https:\/\/ellypara.com\/index.php\/wp-json\/wp\/v2\/media?parent=418"}],"wp:term":[{"taxonomy":"product_brand","embeddable":true,"href":"https:\/\/ellypara.com\/index.php\/wp-json\/wp\/v2\/product_brand?post=418"},{"taxonomy":"product_cat","embeddable":true,"href":"https:\/\/ellypara.com\/index.php\/wp-json\/wp\/v2\/product_cat?post=418"},{"taxonomy":"product_tag","embeddable":true,"href":"https:\/\/ellypara.com\/index.php\/wp-json\/wp\/v2\/product_tag?post=418"}],"curies":[{"name":"wp","href":"https:\/\/api.w.org\/{rel}","templated":true}]}}