{"id":420,"date":"2025-01-20T11:09:34","date_gmt":"2025-01-20T10:09:34","guid":{"rendered":"https:\/\/ellypara.com\/?post_type=product&#038;p=420"},"modified":"2025-02-01T17:51:43","modified_gmt":"2025-02-01T16:51:43","slug":"mustela-gel-hygiene-intime-bebe-et-enfant-200ml","status":"publish","type":"product","link":"https:\/\/ellypara.com\/index.php\/produit\/mustela-gel-hygiene-intime-bebe-et-enfant-200ml\/","title":{"rendered":"MUSTELA Gel Hygi\u00e8ne Intime Bebe et Enfant 200ml"},"content":{"rendered":"<p>Mustela Gel Hygi\u00e8ne Intime 200ml est un gel est sp\u00e9cialement con\u00e7u pour la toilette intime quotidienne du b\u00e9b\u00e9 et de l\u2019enfant, en cas d\u2019inconfort. Nettoyant en douceur, il apaise les sensations d\u2019irritations tout en apportant un confort imm\u00e9diat et durable.<br \/>\nFormul\u00e9 \u00e0 l\u2019aloe vera avec un pH physiologique, il respecte l\u2019\u00e9quilibre intime et se rince facilement.<\/p>\n<p>Hypoallerg\u00e9nique. Test\u00e9 cliniquement.<br \/>\n97% d\u2019ingr\u00e9dients d\u2019origine naturelle.<br \/>\nSans parfum. Sans parab\u00e8ne. Sans parfum. Sans ph\u00e9noxy\u00e9thanol.<\/p>\n<p><strong>Mode d\u2019emploi<\/strong><\/p>\n<p>Appliquer 1 \u00e0 2 fois par jour sur peau mouil\u00e9e et nettoyer d\u00e9licatement.<br \/>\nRincer puis s\u00e9cher avec pr\u00e9caution.<br \/>\nUsage externe.<\/p>\n<p><strong>Composition<\/strong><\/p>\n<p>AQUA\/WATER\/EAU, GLYCERIN, COCO-GLUCOSIDE, DISODIUM COCOYL GLUTAMATE, 1,2-HEXANEDIOL, TRISODIUM ETHYLENEDIAMINE DISUCCINATE, ALPHA-GLUCAN OLIGOSACCHARIDE, GLYCERYL CAPRYLATE, XANTHAN GUM, GLYCERYL OLEATE, LACTIC ACID, SODIUM COCOYL GLUTAMATE, ALOE BARBADENSIS LEAF JUICE POWDER, CITRIC ACID, GLYCINE, MANGANESE GLUCONATE, ZINC PCA, COPPER PCA, PERSEA GRATISSIMA (AVOCADO) FRUIT EXTRACT, SODIUM HYDROXIDE, HYDROGENATED PALM GLYCERIDES CITRATE, TOCOPHEROL.<\/p>\n<p><strong>Conseil Pharmaceutique<\/strong><\/p>\n<p>Le zinc a de grands bienfaits sur le syst\u00e8me immunitaire, les cheveux et la peau. C\u2019est un oligo-\u00e9l\u00e9ment, c\u2019est-\u00e0-dire que l\u2019organisme en a besoin mais en petite quantit\u00e9.<\/p>\n<p>Important dans la cr\u00e9ation d\u2019ADN, la croissance cellulaire, la construction de prot\u00e9ines et la gu\u00e9rison des tissus endommag\u00e9s, ce compl\u00e9ment aide \u00e9galement \u00e0 maintenir un syst\u00e8me immunitaire sain.<\/p>\n<p>De plus, il favorise la synth\u00e8se de k\u00e9ratine et de collag\u00e8ne, aidant ainsi \u00e0 pr\u00e9venir le vieillissement pr\u00e9matur\u00e9 du cheveu et m\u00eame \u00e0 prot\u00e9ger sa pigmentation. Enfin, participant \u00e0 la constitution de la k\u00e9ratine, il favorise le renforcement des cheveux et des ongles.<\/p>\n<p>Vous pouvez l\u2019int\u00e9grer dans votre alimentation en mangeant de la viande, du poisson, des fruits de mer (en particulier des hu\u00eetres), des fruits secs, des c\u00e9r\u00e9ales int\u00e9grales, des l\u00e9gumineuses et\/ou du lait.<\/p>\n<p>Une alimentation vari\u00e9e et \u00e9quilibr\u00e9e suffit g\u00e9n\u00e9ralement \u00e0 maintenir un bon niveau de zinc dans l\u2019organisme. En cas de carence, une suppl\u00e9mentation est recommand\u00e9e.<\/p>\n","protected":false},"excerpt":{"rendered":"<div class=\"product-short-description\">\n<p><strong>Le Gel d\u2019hygi\u00e8ne intime Mustela<\/strong>\u00a0a sp\u00e9cifiquement \u00e9t\u00e9 con\u00e7u pour la<strong>\u00a0toilette intime quotidienne de b\u00e9b\u00e9 et de l\u2019enfant<\/strong>\u00a0en cas d\u2019inconfort.<\/p>\n<\/div>\n<form class=\"cart\" action=\"https:\/\/www.maparatunisie.tn\/produit\/mustela-gel-hygiene-intime-bebe-et-enfant-200-ml\/\" enctype=\"multipart\/form-data\" method=\"post\">\n<div class=\"ux-quantity quantity buttons_added\"><\/div>\n<\/form>\n","protected":false},"featured_media":421,"comment_status":"open","ping_status":"closed","template":"","meta":{"ocean_post_layout":"","ocean_both_sidebars_style":"","ocean_both_sidebars_content_width":0,"ocean_both_sidebars_sidebars_width":0,"ocean_sidebar":"0","ocean_second_sidebar":"0","ocean_disable_margins":"enable","ocean_add_body_class":"","ocean_shortcode_before_top_bar":"","ocean_shortcode_after_top_bar":"","ocean_shortcode_before_header":"","ocean_shortcode_after_header":"","ocean_has_shortcode":"","ocean_shortcode_after_title":"","ocean_shortcode_before_footer_widgets":"","ocean_shortcode_after_footer_widgets":"","ocean_shortcode_before_footer_bottom":"","ocean_shortcode_after_footer_bottom":"","ocean_display_top_bar":"default","ocean_display_header":"default","ocean_header_style":"","ocean_center_header_left_menu":"0","ocean_custom_header_template":"0","ocean_custom_logo":0,"ocean_custom_retina_logo":0,"ocean_custom_logo_max_width":0,"ocean_custom_logo_tablet_max_width":0,"ocean_custom_logo_mobile_max_width":0,"ocean_custom_logo_max_height":0,"ocean_custom_logo_tablet_max_height":0,"ocean_custom_logo_mobile_max_height":0,"ocean_header_custom_menu":"0","ocean_menu_typo_font_family":"0","ocean_menu_typo_font_subset":"","ocean_menu_typo_font_size":0,"ocean_menu_typo_font_size_tablet":0,"ocean_menu_typo_font_size_mobile":0,"ocean_menu_typo_font_size_unit":"px","ocean_menu_typo_font_weight":"","ocean_menu_typo_font_weight_tablet":"","ocean_menu_typo_font_weight_mobile":"","ocean_menu_typo_transform":"","ocean_menu_typo_transform_tablet":"","ocean_menu_typo_transform_mobile":"","ocean_menu_typo_line_height":0,"ocean_menu_typo_line_height_tablet":0,"ocean_menu_typo_line_height_mobile":0,"ocean_menu_typo_line_height_unit":"","ocean_menu_typo_spacing":0,"ocean_menu_typo_spacing_tablet":0,"ocean_menu_typo_spacing_mobile":0,"ocean_menu_typo_spacing_unit":"","ocean_menu_link_color":"","ocean_menu_link_color_hover":"","ocean_menu_link_color_active":"","ocean_menu_link_background":"","ocean_menu_link_hover_background":"","ocean_menu_link_active_background":"","ocean_menu_social_links_bg":"","ocean_menu_social_hover_links_bg":"","ocean_menu_social_links_color":"","ocean_menu_social_hover_links_color":"","ocean_disable_title":"default","ocean_disable_heading":"default","ocean_post_title":"","ocean_post_subheading":"","ocean_post_title_style":"","ocean_post_title_background_color":"","ocean_post_title_background":0,"ocean_post_title_bg_image_position":"","ocean_post_title_bg_image_attachment":"","ocean_post_title_bg_image_repeat":"","ocean_post_title_bg_image_size":"","ocean_post_title_height":0,"ocean_post_title_bg_overlay":0.5,"ocean_post_title_bg_overlay_color":"","ocean_disable_breadcrumbs":"default","ocean_breadcrumbs_color":"","ocean_breadcrumbs_separator_color":"","ocean_breadcrumbs_links_color":"","ocean_breadcrumbs_links_hover_color":"","ocean_display_footer_widgets":"default","ocean_display_footer_bottom":"default","ocean_custom_footer_template":"0"},"product_brand":[],"product_cat":[24,58,57],"product_tag":[],"class_list":{"0":"post-420","1":"product","2":"type-product","3":"status-publish","4":"has-post-thumbnail","6":"product_cat-bebe-et-maman","7":"product_cat-change-de-bebe","8":"product_cat-toilette-et-soin-bebe","10":"entry","11":"has-media","13":"first","14":"instock","15":"sale","16":"taxable","17":"shipping-taxable","18":"purchasable","19":"product-type-simple","20":"has-product-nav","21":"col","22":"span_1_of_3","23":"owp-content-center","24":"owp-thumbs-layout-horizontal","25":"owp-btn-normal","26":"owp-tabs-layout-horizontal","27":"has-no-thumbnails"},"_links":{"self":[{"href":"https:\/\/ellypara.com\/index.php\/wp-json\/wp\/v2\/product\/420","targetHints":{"allow":["GET"]}}],"collection":[{"href":"https:\/\/ellypara.com\/index.php\/wp-json\/wp\/v2\/product"}],"about":[{"href":"https:\/\/ellypara.com\/index.php\/wp-json\/wp\/v2\/types\/product"}],"replies":[{"embeddable":true,"href":"https:\/\/ellypara.com\/index.php\/wp-json\/wp\/v2\/comments?post=420"}],"wp:featuredmedia":[{"embeddable":true,"href":"https:\/\/ellypara.com\/index.php\/wp-json\/wp\/v2\/media\/421"}],"wp:attachment":[{"href":"https:\/\/ellypara.com\/index.php\/wp-json\/wp\/v2\/media?parent=420"}],"wp:term":[{"taxonomy":"product_brand","embeddable":true,"href":"https:\/\/ellypara.com\/index.php\/wp-json\/wp\/v2\/product_brand?post=420"},{"taxonomy":"product_cat","embeddable":true,"href":"https:\/\/ellypara.com\/index.php\/wp-json\/wp\/v2\/product_cat?post=420"},{"taxonomy":"product_tag","embeddable":true,"href":"https:\/\/ellypara.com\/index.php\/wp-json\/wp\/v2\/product_tag?post=420"}],"curies":[{"name":"wp","href":"https:\/\/api.w.org\/{rel}","templated":true}]}}