{"id":442,"date":"2025-01-20T12:09:58","date_gmt":"2025-01-20T11:09:58","guid":{"rendered":"https:\/\/ellypara.com\/?post_type=product&#038;p=442"},"modified":"2025-01-20T12:09:58","modified_gmt":"2025-01-20T11:09:58","slug":"nuk-proteges-mamelons-2-pieces-taille-m","status":"publish","type":"product","link":"https:\/\/ellypara.com\/index.php\/produit\/nuk-proteges-mamelons-2-pieces-taille-m\/","title":{"rendered":"NUK Proteges Mamelons 2 Pieces Taille M"},"content":{"rendered":"<p><strong>Bouts de sein NUK pour prot\u00e9ger les mamelons sensibles, 2 pi\u00e8ces, y compris bo\u00eete de protection<\/strong><\/p>\n<p>Bouts de sein\u00a0<strong>NUK<\/strong>\u00a0: une sensation d\u2019allaitement agr\u00e9able pour la m\u00e8re et l\u2019enfant<\/p>\n<p>L\u2019allaitement vous permet, \u00e0 vous et \u00e0 votre b\u00e9b\u00e9, d\u2019apprendre \u00e0 mieux vous conna\u00eetre de mani\u00e8re intense, et de ressentir un sentiment de s\u00e9curit\u00e9 et de proximit\u00e9. Mais parfois l\u2019allaitement est difficile en raison d\u2019une irritation ou d\u2019une inflammation des mamelons, par exemple. Le bout de sein NUK peut vous aider dans de telles situations car il soulage les mamelons sensibles pendant l\u2019allaitement et permet en m\u00eame temps une t\u00e9t\u00e9e r\u00e9guli\u00e8re et naturelle. De cette fa\u00e7on, vous pouvez continuer \u00e0 donner \u00e0 votre petit tr\u00e9sor le pr\u00e9cieux lait maternel et maintenir le lien intense qui vous unit \u00e0 lui.<\/p>\n<p>Les bouts de sein\u00a0<strong>NUK<\/strong>\u00a0\u2013 la petite aide \u00e0 l\u2019allaitement en silicone ultra-mince<\/p>\n<p>La particularit\u00e9 des bouts de sein\u00a0<strong>NUK<\/strong>\u00a0est leur forme optimis\u00e9e, ce qui permet un meilleur contact avec la peau entre vous et votre b\u00e9b\u00e9. 92 % des m\u00e8res confirment que le nez du b\u00e9b\u00e9 a suffisamment d\u2019espace avec les bouts de sein NUK*. Le b\u00e9b\u00e9 peut toucher et sentir sa m\u00e8re, et le lien intense cr\u00e9\u00e9 pendant l\u2019allaitement n\u2019est pas perturb\u00e9. Les diff\u00e9rentes structures ainsi que les quatre ouvertures des bouts de sein NUK sont model\u00e9es sur le mamelon de la m\u00e8re et permettent ainsi une sensation de t\u00e9t\u00e9e naturelle et r\u00e9guli\u00e8re. Les bouts de sein NUK en silicone ultra fin soulagent la pression sur les mamelons sensibles pendant l\u2019allaitement et aident \u00e9galement les b\u00e9b\u00e9s \u00e0 la succion faible \u00e0 mieux saisir le sein maternel.<\/p>\n<p>Dans le cas de mamelons plats ou creux, le bout de sein NUK peut contribuer \u00e0 un allaitement agr\u00e9able et \u00e0 un d\u00e9bit naturel de t\u00e9t\u00e9e. Veuillez \u00e9galement consulter votre sage-femme ou votre conseill\u00e8re en allaitement pour obtenir de bons conseils.<\/p>\n<p>Gr\u00e2ce \u00e0 sa forme arrondie, le bout de sein NUK s\u2019utilise dans n\u2019importe quelle position lors de l\u2019allaitement et assure un maintien s\u00fbr. La bo\u00eete de protection pratique vous permet \u00e9galement de ranger le bout de sein NUK de mani\u00e8re hygi\u00e9nique.<\/p>\n<p>*Test\u00e9 en 2017 par 95 m\u00e8res et 33 infirmi\u00e8res dans le cadre d\u2019une \u00e9tude clinique ind\u00e9pendante en Allemagne<\/p>\n<p><strong>Comment utiliser correctement le bout de sein NUK :<\/strong><\/p>\n<p>Afin de trouver la taille qui vous convient, vous devez vous poser certaines questions au pr\u00e9alable : est-ce que le bout de sein est confortable \u00e0 porter ? Le mamelon remplit-il l\u2019espace au niveau du t\u00e9ton ? Les l\u00e8vres du b\u00e9b\u00e9 entourent-elles compl\u00e8tement le bout de sein ? Si vous pouvez r\u00e9pondre \u00e0 ces questions par \u00ab\u00a0Oui\u00a0\u00bb, vous avez trouv\u00e9 la bonne taille pour votre bout de sein et pouvez commencer \u00e0 l\u2019utiliser. Afin que votre petit tr\u00e9sor puisse t\u00e9ter tranquillement, il suffit de suivre ces \u00e9tapes :<\/p>\n<p>Avant d\u2019utiliser le bout de sein, lavez-vous soigneusement les mains et nettoyez votre sein avec un chiffon humide.<br \/>\nUne meilleure adh\u00e9rence du bout de sein NUK est obtenue en l\u2019humidifiant l\u00e9g\u00e8rement avec de l\u2019eau ou du lait maternel.<br \/>\nPour une position optimale sur le mamelon, tirez les surfaces de contact du bout de sein vers l\u2019ext\u00e9rieur pour le centrer facilement ; vous pouvez ensuite rabattre les surfaces de contact en les ajustant \u00e0 la position d\u2019allaitement souhait\u00e9e.<br \/>\nApr\u00e8s chaque utilisation, vous devez nettoyer le sein avec de l\u2019eau pour enlever les r\u00e9sidus de lait et pr\u00e9venir la formation de germes.<br \/>\nComment nettoyer et stocker le bout de sein<\/p>\n<p>Pour s\u2019occuper de votre b\u00e9b\u00e9, vous avez besoin d\u2019une tr\u00e8s bonne hygi\u00e8ne en tout temps. Apr\u00e8s utilisation du bout de sein, il est pr\u00e9f\u00e9rable de le nettoyer imm\u00e9diatement avec de l\u2019eau ti\u00e8de et un d\u00e9tergent doux. Il peut ensuite \u00eatre s\u00e9ch\u00e9 dans un environnement hygi\u00e9nique. En principe, vous devez d\u00e9sinfecter ou faire bouillir le bout de sein tous les jours. Dans le st\u00e9rilisateur vapeur NUK, cela se fait de mani\u00e8re pratique et facile en quelques minutes. Couvrez compl\u00e8tement le bout de sein avec de l\u2019eau pour \u00e9viter de l\u2019ab\u00eemer et faites-le bouillir rapidement et en toute s\u00e9curit\u00e9. Gr\u00e2ce \u00e0 cette utilisation hygi\u00e9nique, le bout de sein peut \u00eatre utilis\u00e9 plusieurs fois.<\/p>\n<p>La bo\u00eete de protection fournie convient pour un stockage ult\u00e9rieur. Il est recommand\u00e9 de placer le bout de sein dans le couvercle de la bo\u00eete et de fermer ensuite celle-ci. Cela permet d\u2019\u00e9viter de coincer le bout de sein.<\/p>\n","protected":false},"excerpt":{"rendered":"<p>2 prot\u00e8ges mamelons taille M<\/p>\n<p>Taille M ( 20 mm diam\u00e8tre du mamelon )<\/p>\n","protected":false},"featured_media":443,"comment_status":"open","ping_status":"closed","template":"","meta":{"ocean_post_layout":"","ocean_both_sidebars_style":"","ocean_both_sidebars_content_width":0,"ocean_both_sidebars_sidebars_width":0,"ocean_sidebar":"0","ocean_second_sidebar":"0","ocean_disable_margins":"enable","ocean_add_body_class":"","ocean_shortcode_before_top_bar":"","ocean_shortcode_after_top_bar":"","ocean_shortcode_before_header":"","ocean_shortcode_after_header":"","ocean_has_shortcode":"","ocean_shortcode_after_title":"","ocean_shortcode_before_footer_widgets":"","ocean_shortcode_after_footer_widgets":"","ocean_shortcode_before_footer_bottom":"","ocean_shortcode_after_footer_bottom":"","ocean_display_top_bar":"default","ocean_display_header":"default","ocean_header_style":"","ocean_center_header_left_menu":"0","ocean_custom_header_template":"0","ocean_custom_logo":0,"ocean_custom_retina_logo":0,"ocean_custom_logo_max_width":0,"ocean_custom_logo_tablet_max_width":0,"ocean_custom_logo_mobile_max_width":0,"ocean_custom_logo_max_height":0,"ocean_custom_logo_tablet_max_height":0,"ocean_custom_logo_mobile_max_height":0,"ocean_header_custom_menu":"0","ocean_menu_typo_font_family":"0","ocean_menu_typo_font_subset":"","ocean_menu_typo_font_size":0,"ocean_menu_typo_font_size_tablet":0,"ocean_menu_typo_font_size_mobile":0,"ocean_menu_typo_font_size_unit":"px","ocean_menu_typo_font_weight":"","ocean_menu_typo_font_weight_tablet":"","ocean_menu_typo_font_weight_mobile":"","ocean_menu_typo_transform":"","ocean_menu_typo_transform_tablet":"","ocean_menu_typo_transform_mobile":"","ocean_menu_typo_line_height":0,"ocean_menu_typo_line_height_tablet":0,"ocean_menu_typo_line_height_mobile":0,"ocean_menu_typo_line_height_unit":"","ocean_menu_typo_spacing":0,"ocean_menu_typo_spacing_tablet":0,"ocean_menu_typo_spacing_mobile":0,"ocean_menu_typo_spacing_unit":"","ocean_menu_link_color":"","ocean_menu_link_color_hover":"","ocean_menu_link_color_active":"","ocean_menu_link_background":"","ocean_menu_link_hover_background":"","ocean_menu_link_active_background":"","ocean_menu_social_links_bg":"","ocean_menu_social_hover_links_bg":"","ocean_menu_social_links_color":"","ocean_menu_social_hover_links_color":"","ocean_disable_title":"default","ocean_disable_heading":"default","ocean_post_title":"","ocean_post_subheading":"","ocean_post_title_style":"","ocean_post_title_background_color":"","ocean_post_title_background":0,"ocean_post_title_bg_image_position":"","ocean_post_title_bg_image_attachment":"","ocean_post_title_bg_image_repeat":"","ocean_post_title_bg_image_size":"","ocean_post_title_height":0,"ocean_post_title_bg_overlay":0.5,"ocean_post_title_bg_overlay_color":"","ocean_disable_breadcrumbs":"default","ocean_breadcrumbs_color":"","ocean_breadcrumbs_separator_color":"","ocean_breadcrumbs_links_color":"","ocean_breadcrumbs_links_hover_color":"","ocean_display_footer_widgets":"default","ocean_display_footer_bottom":"default","ocean_custom_footer_template":"0"},"product_brand":[],"product_cat":[24,60],"product_tag":[],"class_list":{"0":"post-442","1":"product","2":"type-product","3":"status-publish","4":"has-post-thumbnail","6":"product_cat-bebe-et-maman","7":"product_cat-maman-grossesse-et-allaitement","9":"entry","10":"has-media","12":"first","13":"instock","14":"taxable","15":"shipping-taxable","16":"purchasable","17":"product-type-simple","18":"has-product-nav","19":"col","20":"span_1_of_3","21":"owp-content-center","22":"owp-thumbs-layout-horizontal","23":"owp-btn-normal","24":"owp-tabs-layout-horizontal"},"_links":{"self":[{"href":"https:\/\/ellypara.com\/index.php\/wp-json\/wp\/v2\/product\/442","targetHints":{"allow":["GET"]}}],"collection":[{"href":"https:\/\/ellypara.com\/index.php\/wp-json\/wp\/v2\/product"}],"about":[{"href":"https:\/\/ellypara.com\/index.php\/wp-json\/wp\/v2\/types\/product"}],"replies":[{"embeddable":true,"href":"https:\/\/ellypara.com\/index.php\/wp-json\/wp\/v2\/comments?post=442"}],"wp:featuredmedia":[{"embeddable":true,"href":"https:\/\/ellypara.com\/index.php\/wp-json\/wp\/v2\/media\/443"}],"wp:attachment":[{"href":"https:\/\/ellypara.com\/index.php\/wp-json\/wp\/v2\/media?parent=442"}],"wp:term":[{"taxonomy":"product_brand","embeddable":true,"href":"https:\/\/ellypara.com\/index.php\/wp-json\/wp\/v2\/product_brand?post=442"},{"taxonomy":"product_cat","embeddable":true,"href":"https:\/\/ellypara.com\/index.php\/wp-json\/wp\/v2\/product_cat?post=442"},{"taxonomy":"product_tag","embeddable":true,"href":"https:\/\/ellypara.com\/index.php\/wp-json\/wp\/v2\/product_tag?post=442"}],"curies":[{"name":"wp","href":"https:\/\/api.w.org\/{rel}","templated":true}]}}