{"id":447,"date":"2025-01-20T12:24:29","date_gmt":"2025-01-20T11:24:29","guid":{"rendered":"https:\/\/ellypara.com\/?post_type=product&#038;p=447"},"modified":"2025-01-20T12:29:27","modified_gmt":"2025-01-20T11:29:27","slug":"aktiv-omega-3-junior-150ml","status":"publish","type":"product","link":"https:\/\/ellypara.com\/index.php\/produit\/aktiv-omega-3-junior-150ml\/","title":{"rendered":"AKTIV Omega 3 Junior 150ml"},"content":{"rendered":"<p><strong>Du DHA<\/strong>\u00a0et des vitamines pur soutenir le d\u00e9veloppement c\u00e9r\u00e9bral et cognitif<\/p>\n<p>Chez l\u2019enfant, l\u2019\u00e9ducation nutritionnelle est tr\u00e8s importante. Elle permet d\u2019\u00e9viter l\u2019instauration de mauvaises habitudes alimentaires, qui peuvent \u00eatre \u00e0 long terme \u00e0 l\u2019origine de d\u00e9ficits nutritionnels. Parmi les nutriments requis pour un d\u00e9veloppement correct du cerveau et des capacit\u00e9s cognitives,\u00a0 les acides gras om\u00e9ga-3 jouent un r\u00f4le d\u00e9terminant.<\/p>\n<p>Le DHA (acide docosahexa\u00e9noique) en particulier s\u2019accumule dans les membranes des neurones, qu\u2019il rend plus aptes \u00e0 transmettre les influx nerveux. De plus le r\u00f4le du DHA dans le d\u00e9veloppement de la r\u00e9tine et la maintenance de la vision chez l\u2019enfant a \u00e9t\u00e9 bien \u00e9tabli.<\/p>\n<p><strong>Conseil d\u2019utilisation :<\/strong><\/p>\n<p>Enfants de 3 \u00e0 7 ans : 15 ml (1\/2 dosette) par jour<br \/>\nEnfants de 8 \u00e0 12 ans : 30 ml (1 dosette) par jour<\/p>\n<p>Ne pas d\u00e9passer la posologie recommand\u00e9e.<\/p>\n<p><strong>Composition :<\/strong><\/p>\n<p>Huile de poisson microencapsul\u00e9e, L-ascorbate de sodium, cyanocobalamine, ac\u00e9tate de DL-alpha-tocoph\u00e9rol, nicotinamide, palmitate de r\u00e9tinol,<br \/>\npantoth\u00e9nate de D-calcium, chol\u00e9calcif\u00e9rol, hydrochlorure de thiamine, riboflavine, hydrochlorure de pyridoxine, D-biotine, saccharose,<br \/>\neau (solvant, 56.34 %) , poudre d\u2019orange (ar\u00f4me, 1.18 %), acide lactique (r\u00e9gulateur de l\u2019acidit\u00e9, 0.60 %), ar\u00f4mes (0.38 %),<br \/>\ngomme xanthane (\u00e9paississant, 0.29 %), lactate de calcium (r\u00e9gulateur de l\u2019acidit\u00e9, 0.29 %), sorbate de potassium (agent de conservation, 0.11 %),<br \/>\nbenzoate de sodium (agent de conservation, 0.02 %), b\u00eata-carot\u00e8ne (colorant, 0.01)<\/p>\n","protected":false},"excerpt":{"rendered":"<div class=\"product-short-description\">\n<p>L\u2019acide gras om\u00e9ga-3 DHA soutient le d\u00e9veloppement c\u00e9r\u00e9bral et cognitif. AKTIV Omega 3 Junior contient en plus du DHA 11 vitamines.<\/p>\n<\/div>\n","protected":false},"featured_media":448,"comment_status":"open","ping_status":"closed","template":"","meta":{"ocean_post_layout":"","ocean_both_sidebars_style":"","ocean_both_sidebars_content_width":0,"ocean_both_sidebars_sidebars_width":0,"ocean_sidebar":"0","ocean_second_sidebar":"0","ocean_disable_margins":"enable","ocean_add_body_class":"","ocean_shortcode_before_top_bar":"","ocean_shortcode_after_top_bar":"","ocean_shortcode_before_header":"","ocean_shortcode_after_header":"","ocean_has_shortcode":"","ocean_shortcode_after_title":"","ocean_shortcode_before_footer_widgets":"","ocean_shortcode_after_footer_widgets":"","ocean_shortcode_before_footer_bottom":"","ocean_shortcode_after_footer_bottom":"","ocean_display_top_bar":"default","ocean_display_header":"default","ocean_header_style":"","ocean_center_header_left_menu":"0","ocean_custom_header_template":"0","ocean_custom_logo":0,"ocean_custom_retina_logo":0,"ocean_custom_logo_max_width":0,"ocean_custom_logo_tablet_max_width":0,"ocean_custom_logo_mobile_max_width":0,"ocean_custom_logo_max_height":0,"ocean_custom_logo_tablet_max_height":0,"ocean_custom_logo_mobile_max_height":0,"ocean_header_custom_menu":"0","ocean_menu_typo_font_family":"0","ocean_menu_typo_font_subset":"","ocean_menu_typo_font_size":0,"ocean_menu_typo_font_size_tablet":0,"ocean_menu_typo_font_size_mobile":0,"ocean_menu_typo_font_size_unit":"px","ocean_menu_typo_font_weight":"","ocean_menu_typo_font_weight_tablet":"","ocean_menu_typo_font_weight_mobile":"","ocean_menu_typo_transform":"","ocean_menu_typo_transform_tablet":"","ocean_menu_typo_transform_mobile":"","ocean_menu_typo_line_height":0,"ocean_menu_typo_line_height_tablet":0,"ocean_menu_typo_line_height_mobile":0,"ocean_menu_typo_line_height_unit":"","ocean_menu_typo_spacing":0,"ocean_menu_typo_spacing_tablet":0,"ocean_menu_typo_spacing_mobile":0,"ocean_menu_typo_spacing_unit":"","ocean_menu_link_color":"","ocean_menu_link_color_hover":"","ocean_menu_link_color_active":"","ocean_menu_link_background":"","ocean_menu_link_hover_background":"","ocean_menu_link_active_background":"","ocean_menu_social_links_bg":"","ocean_menu_social_hover_links_bg":"","ocean_menu_social_links_color":"","ocean_menu_social_hover_links_color":"","ocean_disable_title":"default","ocean_disable_heading":"default","ocean_post_title":"","ocean_post_subheading":"","ocean_post_title_style":"","ocean_post_title_background_color":"","ocean_post_title_background":0,"ocean_post_title_bg_image_position":"","ocean_post_title_bg_image_attachment":"","ocean_post_title_bg_image_repeat":"","ocean_post_title_bg_image_size":"","ocean_post_title_height":0,"ocean_post_title_bg_overlay":0.5,"ocean_post_title_bg_overlay_color":"","ocean_disable_breadcrumbs":"default","ocean_breadcrumbs_color":"","ocean_breadcrumbs_separator_color":"","ocean_breadcrumbs_links_color":"","ocean_breadcrumbs_links_hover_color":"","ocean_display_footer_widgets":"default","ocean_display_footer_bottom":"default","ocean_custom_footer_template":"0"},"product_brand":[],"product_cat":[70,24,25,62],"product_tag":[],"class_list":{"0":"post-447","1":"product","2":"type-product","3":"status-publish","4":"has-post-thumbnail","6":"product_cat-bebe-enfant","7":"product_cat-bebe-et-maman","8":"product_cat-complements-alimentaires","9":"product_cat-complements-alimentaires-bebes-et-enfants","11":"entry","12":"has-media","14":"first","15":"outofstock","16":"taxable","17":"shipping-taxable","18":"purchasable","19":"product-type-simple","20":"has-product-nav","21":"col","22":"span_1_of_3","23":"owp-content-center","24":"owp-thumbs-layout-horizontal","25":"owp-btn-normal","26":"owp-tabs-layout-horizontal","27":"has-no-thumbnails"},"_links":{"self":[{"href":"https:\/\/ellypara.com\/index.php\/wp-json\/wp\/v2\/product\/447","targetHints":{"allow":["GET"]}}],"collection":[{"href":"https:\/\/ellypara.com\/index.php\/wp-json\/wp\/v2\/product"}],"about":[{"href":"https:\/\/ellypara.com\/index.php\/wp-json\/wp\/v2\/types\/product"}],"replies":[{"embeddable":true,"href":"https:\/\/ellypara.com\/index.php\/wp-json\/wp\/v2\/comments?post=447"}],"wp:featuredmedia":[{"embeddable":true,"href":"https:\/\/ellypara.com\/index.php\/wp-json\/wp\/v2\/media\/448"}],"wp:attachment":[{"href":"https:\/\/ellypara.com\/index.php\/wp-json\/wp\/v2\/media?parent=447"}],"wp:term":[{"taxonomy":"product_brand","embeddable":true,"href":"https:\/\/ellypara.com\/index.php\/wp-json\/wp\/v2\/product_brand?post=447"},{"taxonomy":"product_cat","embeddable":true,"href":"https:\/\/ellypara.com\/index.php\/wp-json\/wp\/v2\/product_cat?post=447"},{"taxonomy":"product_tag","embeddable":true,"href":"https:\/\/ellypara.com\/index.php\/wp-json\/wp\/v2\/product_tag?post=447"}],"curies":[{"name":"wp","href":"https:\/\/api.w.org\/{rel}","templated":true}]}}