{"id":474,"date":"2025-01-20T15:56:35","date_gmt":"2025-01-20T14:56:35","guid":{"rendered":"https:\/\/ellypara.com\/?post_type=product&#038;p=474"},"modified":"2025-02-01T17:17:48","modified_gmt":"2025-02-01T16:17:48","slug":"aktiv-osseovit-30-comprimes","status":"publish","type":"product","link":"https:\/\/ellypara.com\/index.php\/produit\/aktiv-osseovit-30-comprimes\/","title":{"rendered":"AKTIV Osseovit 30 Comprimes"},"content":{"rendered":"<p><strong>Complexe min\u00e9ral + Vitamine D3 Pour le maintien de la sant\u00e9 osseuse<\/strong><\/p>\n<p>La combinaison unique de min\u00e9raux, d\u2019oligo\u00e9l\u00e9ments et de vitamine D3 pr\u00e9sente dans les comprim\u00e9s\u00a0<strong>Doppelherz<\/strong><strong>\u00a0aktiv Osseovit\u00a0<\/strong>est id\u00e9ale pour supporter la constitution et le maintien d\u2019une ossature et d\u2019une dentition solides. De plus la prise r\u00e9guli\u00e8re\u00a0<strong>d\u2019Osseovit\u00a0<\/strong>permet le bon fonc-tionnement du c\u0153ur, des muscles et des nerfs.<\/p>\n<ul>\n<li><strong>Le calcium\u00a0<\/strong>est le mieux connu pour son r\u00f4le essentiel dans la min\u00e9ralisation des os et des dents. Son implication dans la coagulation sanguine et la fonction musculaire est moins connue mais est tout autant importante.<\/li>\n<li><strong>Le magn\u00e9sium\u00a0<\/strong>est non seulement requis pour renforcer la structure des os et des dents, mais aussi, il permet le bon fonctionnement du m\u00e9tabolisme \u00e9nerg\u00e9tique, du syst\u00e8me nerveux et des muscles.<\/li>\n<li><strong>Le zinc\u00a0<\/strong>est un cofacteur impliqu\u00e9 dans une multitude de processus cellulaires.<\/li>\n<li><strong>La vitamine D3\u00a0<\/strong>est importante pour les os puisqu\u2019elle stimule l\u2019absorption du calcium au niveau de l\u2019intestin et facilite son incorporation dans les os.<\/li>\n<li><strong>Le cuivre\u00a0<\/strong>est requis pour la synth\u00e8se du collag\u00e8ne, un des composants majeurs des tissus conjonc-tifs (derme, cartilages) et de la matrice organique sur laquelle l\u2019os min\u00e9ral est d\u00e9pos\u00e9.<\/li>\n<li><strong>Le mangan\u00e8se\u00a0<\/strong>et le s\u00e9l\u00e9nium soutiennent la sant\u00e9 osseuse, en prot\u00e9geant les cellules qui synth\u00e9-tisent le tissu osseux contre le stress oxydatif.<\/li>\n<\/ul>\n<p><strong>Conseil d\u2019utilisation:<\/strong><\/p>\n<p>Une fois par jour, apr\u00e8s le repas, prendre 1 \u00e0 2 comprim\u00e9s avec un grand verre d\u2018eau. Ne pas croquer les comprim\u00e9s.<\/p>\n<p><strong><span class=\"title\">Composition:<\/span><\/strong><\/p>\n<p>carbonate de calcium, cellulose (antiagglom\u00e9rant), oxyde de magn\u00e9sium, polyvinyl-pyrrolidone (stabilisant), acides gras (antiagglom\u00e9rant), carboxym\u00e9thylcellulose sodique r\u00e9ticul\u00e9e (\u00e9mulsifiant), hydroxypropylm\u00e9thylcellulose (\u00e9paississant), sulfate de zinc, talc (antiagglom\u00e9rant), st\u00e9arate de magn\u00e9sium (\u00e9mulsifiant), chol\u00e9calcif\u00e9rol, dioxyde de titane (colorant), hydroxypropyl-cellulose (stabilisant), sulfate cuprique, acides gras (agent d\u2019enrobage), huile de coco (\u00e9mulsifiant), sulfate de mangan\u00e8se, s\u00e9l\u00e9nite de sodium.<\/p>\n","protected":false},"excerpt":{"rendered":"<p>Le suppl\u00e9ment de calcium dos\u00e9 de mani\u00e8re \u00e9quilibr\u00e9e pour un usage quotidien.<\/p>\n<p>Association du calcium \u00e0 des nutriments ost\u00e9og\u00e9niques tels le magn\u00e9sium, le zinc, le cuivre, le mangan\u00e8se et bien-entendu la vitamine D.<\/p>\n","protected":false},"featured_media":475,"comment_status":"open","ping_status":"closed","template":"","meta":{"ocean_post_layout":"","ocean_both_sidebars_style":"","ocean_both_sidebars_content_width":0,"ocean_both_sidebars_sidebars_width":0,"ocean_sidebar":"0","ocean_second_sidebar":"0","ocean_disable_margins":"enable","ocean_add_body_class":"","ocean_shortcode_before_top_bar":"","ocean_shortcode_after_top_bar":"","ocean_shortcode_before_header":"","ocean_shortcode_after_header":"","ocean_has_shortcode":"","ocean_shortcode_after_title":"","ocean_shortcode_before_footer_widgets":"","ocean_shortcode_after_footer_widgets":"","ocean_shortcode_before_footer_bottom":"","ocean_shortcode_after_footer_bottom":"","ocean_display_top_bar":"default","ocean_display_header":"default","ocean_header_style":"","ocean_center_header_left_menu":"0","ocean_custom_header_template":"0","ocean_custom_logo":0,"ocean_custom_retina_logo":0,"ocean_custom_logo_max_width":0,"ocean_custom_logo_tablet_max_width":0,"ocean_custom_logo_mobile_max_width":0,"ocean_custom_logo_max_height":0,"ocean_custom_logo_tablet_max_height":0,"ocean_custom_logo_mobile_max_height":0,"ocean_header_custom_menu":"0","ocean_menu_typo_font_family":"0","ocean_menu_typo_font_subset":"","ocean_menu_typo_font_size":0,"ocean_menu_typo_font_size_tablet":0,"ocean_menu_typo_font_size_mobile":0,"ocean_menu_typo_font_size_unit":"px","ocean_menu_typo_font_weight":"","ocean_menu_typo_font_weight_tablet":"","ocean_menu_typo_font_weight_mobile":"","ocean_menu_typo_transform":"","ocean_menu_typo_transform_tablet":"","ocean_menu_typo_transform_mobile":"","ocean_menu_typo_line_height":0,"ocean_menu_typo_line_height_tablet":0,"ocean_menu_typo_line_height_mobile":0,"ocean_menu_typo_line_height_unit":"","ocean_menu_typo_spacing":0,"ocean_menu_typo_spacing_tablet":0,"ocean_menu_typo_spacing_mobile":0,"ocean_menu_typo_spacing_unit":"","ocean_menu_link_color":"","ocean_menu_link_color_hover":"","ocean_menu_link_color_active":"","ocean_menu_link_background":"","ocean_menu_link_hover_background":"","ocean_menu_link_active_background":"","ocean_menu_social_links_bg":"","ocean_menu_social_hover_links_bg":"","ocean_menu_social_links_color":"","ocean_menu_social_hover_links_color":"","ocean_disable_title":"default","ocean_disable_heading":"default","ocean_post_title":"","ocean_post_subheading":"","ocean_post_title_style":"","ocean_post_title_background_color":"","ocean_post_title_background":0,"ocean_post_title_bg_image_position":"","ocean_post_title_bg_image_attachment":"","ocean_post_title_bg_image_repeat":"","ocean_post_title_bg_image_size":"","ocean_post_title_height":0,"ocean_post_title_bg_overlay":0.5,"ocean_post_title_bg_overlay_color":"","ocean_disable_breadcrumbs":"default","ocean_breadcrumbs_color":"","ocean_breadcrumbs_separator_color":"","ocean_breadcrumbs_links_color":"","ocean_breadcrumbs_links_hover_color":"","ocean_display_footer_widgets":"default","ocean_display_footer_bottom":"default","ocean_custom_footer_template":"0"},"product_brand":[],"product_cat":[25,68,22,65,66],"product_tag":[],"class_list":{"0":"post-474","1":"product","2":"type-product","3":"status-publish","4":"has-post-thumbnail","6":"product_cat-complements-alimentaires","7":"product_cat-confort","8":"product_cat-corps","9":"product_cat-forme-et-vitalite","10":"product_cat-sante","12":"entry","13":"has-media","15":"first","16":"instock","17":"taxable","18":"shipping-taxable","19":"purchasable","20":"product-type-simple","21":"has-product-nav","22":"col","23":"span_1_of_3","24":"owp-content-center","25":"owp-thumbs-layout-horizontal","26":"owp-btn-normal","27":"owp-tabs-layout-horizontal","28":"has-no-thumbnails"},"_links":{"self":[{"href":"https:\/\/ellypara.com\/index.php\/wp-json\/wp\/v2\/product\/474","targetHints":{"allow":["GET"]}}],"collection":[{"href":"https:\/\/ellypara.com\/index.php\/wp-json\/wp\/v2\/product"}],"about":[{"href":"https:\/\/ellypara.com\/index.php\/wp-json\/wp\/v2\/types\/product"}],"replies":[{"embeddable":true,"href":"https:\/\/ellypara.com\/index.php\/wp-json\/wp\/v2\/comments?post=474"}],"wp:featuredmedia":[{"embeddable":true,"href":"https:\/\/ellypara.com\/index.php\/wp-json\/wp\/v2\/media\/475"}],"wp:attachment":[{"href":"https:\/\/ellypara.com\/index.php\/wp-json\/wp\/v2\/media?parent=474"}],"wp:term":[{"taxonomy":"product_brand","embeddable":true,"href":"https:\/\/ellypara.com\/index.php\/wp-json\/wp\/v2\/product_brand?post=474"},{"taxonomy":"product_cat","embeddable":true,"href":"https:\/\/ellypara.com\/index.php\/wp-json\/wp\/v2\/product_cat?post=474"},{"taxonomy":"product_tag","embeddable":true,"href":"https:\/\/ellypara.com\/index.php\/wp-json\/wp\/v2\/product_tag?post=474"}],"curies":[{"name":"wp","href":"https:\/\/api.w.org\/{rel}","templated":true}]}}