{"id":478,"date":"2025-01-20T16:04:13","date_gmt":"2025-01-20T15:04:13","guid":{"rendered":"https:\/\/ellypara.com\/?post_type=product&#038;p=478"},"modified":"2025-01-20T16:04:13","modified_gmt":"2025-01-20T15:04:13","slug":"aktiv-magnesium-vitamines-30-comprimes","status":"publish","type":"product","link":"https:\/\/ellypara.com\/index.php\/produit\/aktiv-magnesium-vitamines-30-comprimes\/","title":{"rendered":"AKTIV Magn\u00e9sium Vitamines 30 Comprimes"},"content":{"rendered":"<p><strong>AKTIV Magn\u00e9sium <\/strong>est un compl\u00e9ment contre les crampes, les courbatures et les douleurs musculaires.<\/p>\n<p>Le magn\u00e9sium est un min\u00e9ral vital. Il participe \u00e0 la constitution des os et il est utilis\u00e9 comme cofacteur dans plus de 300 r\u00e9actions enzymatiques, dont certaines sont cruciales pour le m\u00e9tabolisme des glucides et des prot\u00e9ines. Le magn\u00e9sium joue aussi in r\u00f4le important dans la transmission des influx nerveux aux muscles ainsi que dans le rel\u00e2chement musculaire,<\/p>\n<p>Un seul comprim\u00e9 suffit \u00e0 couvrir vos besoins quotidiens en magn\u00e9sium et en vitamines C et Cette association vous permet de profiter pleinement d\u2019une vie sans douleurs musculaires et vous aide \u00e0 vous d\u00e9tendre, m\u00eame en situation de stress.<\/p>\n<p>&nbsp;<\/p>\n<p><b>Composition :<\/b><\/p>\n<p>Oxyde de magn\u00e9sium, cellulose microcristalline (agent de charge), vitamine C, vitamine E, carboxym\u00e9thylcellulose de sodium r\u00e9ticul\u00e9e (\u00e9paississant), acides gras (antiagglom\u00e9rant), hydroxypropylm\u00e9thylcellulose (\u00e9mulsifiant), talc (antiagglom\u00e9rant), st\u00e9arate de magn\u00e9sium (antiagglom\u00e9rant), vitamine B12, dioxyde de titane (colorant), hydroxypropylcellulose (\u00e9paississant), acides gras (agent d\u2019enrobage), huile de coco (g\u00e9lifiant).<\/p>\n<p>&nbsp;<\/p>\n<p><strong>Mode d\u2019utilisation:\u00a0<\/strong><\/p>\n<ul>\n<li>Une fois par jour, apr\u00e8s le repas, avaler un comprim\u00e9 de AKTIV MAGNESIUM ET VITAMINES avec un grand verre d\u2019eau.<\/li>\n<li>Ne pas croquer le comprim\u00e9.<\/li>\n<li>NB: Ne pas d\u00e9passer la posologie quotidienne recommand\u00e9e.<\/li>\n<li>Les compl\u00e9ments alimentaires ne peuvent pas se substituer \u00e0 une alimentation \u00e9quilibr\u00e9e et vari\u00e9e.<\/li>\n<\/ul>\n","protected":false},"excerpt":{"rendered":"<div class=\"product-short-description\">\n<p>M\u00eame la prise d\u2019un demi-comprim\u00e9 de Doppelherz aktiv Magn\u00e9sium et Vitamines B12+C+E par jour peut aider \u00e0 couvrir les besoins quotidiens en magn\u00e9sium.<\/p>\n<\/div>\n<form class=\"cart\" action=\"https:\/\/www.maparatunisie.tn\/produit\/aktiv-magnesium-vitamines-30-comprimes\/\" enctype=\"multipart\/form-data\" method=\"post\">\n<div class=\"ux-quantity quantity buttons_added\"><\/div>\n<\/form>\n","protected":false},"featured_media":479,"comment_status":"open","ping_status":"closed","template":"","meta":{"ocean_post_layout":"","ocean_both_sidebars_style":"","ocean_both_sidebars_content_width":0,"ocean_both_sidebars_sidebars_width":0,"ocean_sidebar":"0","ocean_second_sidebar":"0","ocean_disable_margins":"enable","ocean_add_body_class":"","ocean_shortcode_before_top_bar":"","ocean_shortcode_after_top_bar":"","ocean_shortcode_before_header":"","ocean_shortcode_after_header":"","ocean_has_shortcode":"","ocean_shortcode_after_title":"","ocean_shortcode_before_footer_widgets":"","ocean_shortcode_after_footer_widgets":"","ocean_shortcode_before_footer_bottom":"","ocean_shortcode_after_footer_bottom":"","ocean_display_top_bar":"default","ocean_display_header":"default","ocean_header_style":"","ocean_center_header_left_menu":"0","ocean_custom_header_template":"0","ocean_custom_logo":0,"ocean_custom_retina_logo":0,"ocean_custom_logo_max_width":0,"ocean_custom_logo_tablet_max_width":0,"ocean_custom_logo_mobile_max_width":0,"ocean_custom_logo_max_height":0,"ocean_custom_logo_tablet_max_height":0,"ocean_custom_logo_mobile_max_height":0,"ocean_header_custom_menu":"0","ocean_menu_typo_font_family":"0","ocean_menu_typo_font_subset":"","ocean_menu_typo_font_size":0,"ocean_menu_typo_font_size_tablet":0,"ocean_menu_typo_font_size_mobile":0,"ocean_menu_typo_font_size_unit":"px","ocean_menu_typo_font_weight":"","ocean_menu_typo_font_weight_tablet":"","ocean_menu_typo_font_weight_mobile":"","ocean_menu_typo_transform":"","ocean_menu_typo_transform_tablet":"","ocean_menu_typo_transform_mobile":"","ocean_menu_typo_line_height":0,"ocean_menu_typo_line_height_tablet":0,"ocean_menu_typo_line_height_mobile":0,"ocean_menu_typo_line_height_unit":"","ocean_menu_typo_spacing":0,"ocean_menu_typo_spacing_tablet":0,"ocean_menu_typo_spacing_mobile":0,"ocean_menu_typo_spacing_unit":"","ocean_menu_link_color":"","ocean_menu_link_color_hover":"","ocean_menu_link_color_active":"","ocean_menu_link_background":"","ocean_menu_link_hover_background":"","ocean_menu_link_active_background":"","ocean_menu_social_links_bg":"","ocean_menu_social_hover_links_bg":"","ocean_menu_social_links_color":"","ocean_menu_social_hover_links_color":"","ocean_disable_title":"default","ocean_disable_heading":"default","ocean_post_title":"","ocean_post_subheading":"","ocean_post_title_style":"","ocean_post_title_background_color":"","ocean_post_title_background":0,"ocean_post_title_bg_image_position":"","ocean_post_title_bg_image_attachment":"","ocean_post_title_bg_image_repeat":"","ocean_post_title_bg_image_size":"","ocean_post_title_height":0,"ocean_post_title_bg_overlay":0.5,"ocean_post_title_bg_overlay_color":"","ocean_disable_breadcrumbs":"default","ocean_breadcrumbs_color":"","ocean_breadcrumbs_separator_color":"","ocean_breadcrumbs_links_color":"","ocean_breadcrumbs_links_hover_color":"","ocean_display_footer_widgets":"default","ocean_display_footer_bottom":"default","ocean_custom_footer_template":"0"},"product_brand":[],"product_cat":[25,65,66],"product_tag":[],"class_list":{"0":"post-478","1":"product","2":"type-product","3":"status-publish","4":"has-post-thumbnail","6":"product_cat-complements-alimentaires","7":"product_cat-forme-et-vitalite","8":"product_cat-sante","10":"entry","11":"has-media","13":"first","14":"instock","15":"taxable","16":"shipping-taxable","17":"purchasable","18":"product-type-simple","19":"has-product-nav","20":"col","21":"span_1_of_3","22":"owp-content-center","23":"owp-thumbs-layout-horizontal","24":"owp-btn-normal","25":"owp-tabs-layout-horizontal","26":"has-no-thumbnails"},"_links":{"self":[{"href":"https:\/\/ellypara.com\/index.php\/wp-json\/wp\/v2\/product\/478","targetHints":{"allow":["GET"]}}],"collection":[{"href":"https:\/\/ellypara.com\/index.php\/wp-json\/wp\/v2\/product"}],"about":[{"href":"https:\/\/ellypara.com\/index.php\/wp-json\/wp\/v2\/types\/product"}],"replies":[{"embeddable":true,"href":"https:\/\/ellypara.com\/index.php\/wp-json\/wp\/v2\/comments?post=478"}],"wp:featuredmedia":[{"embeddable":true,"href":"https:\/\/ellypara.com\/index.php\/wp-json\/wp\/v2\/media\/479"}],"wp:attachment":[{"href":"https:\/\/ellypara.com\/index.php\/wp-json\/wp\/v2\/media?parent=478"}],"wp:term":[{"taxonomy":"product_brand","embeddable":true,"href":"https:\/\/ellypara.com\/index.php\/wp-json\/wp\/v2\/product_brand?post=478"},{"taxonomy":"product_cat","embeddable":true,"href":"https:\/\/ellypara.com\/index.php\/wp-json\/wp\/v2\/product_cat?post=478"},{"taxonomy":"product_tag","embeddable":true,"href":"https:\/\/ellypara.com\/index.php\/wp-json\/wp\/v2\/product_tag?post=478"}],"curies":[{"name":"wp","href":"https:\/\/api.w.org\/{rel}","templated":true}]}}