{"id":556,"date":"2025-01-21T13:53:02","date_gmt":"2025-01-21T12:53:02","guid":{"rendered":"https:\/\/ellypara.com\/?post_type=product&#038;p=556"},"modified":"2025-01-21T13:53:03","modified_gmt":"2025-01-21T12:53:03","slug":"eye-care-top-coat-silicium-5-ml-teinte-naturel-1211","status":"publish","type":"product","link":"https:\/\/ellypara.com\/index.php\/produit\/eye-care-top-coat-silicium-5-ml-teinte-naturel-1211\/","title":{"rendered":"Eye Care Top Coat Silicium 5 ml \u2013 Teinte : Naturel 1211"},"content":{"rendered":"<p>Le\u00a0<strong>Top Coat Silicium des laboratoires Eye Care<\/strong>\u00a0est un soin pour les ongles utilis\u00e9 pour apporter une\u00a0<strong>couche r\u00e9g\u00e9n\u00e9rante et protectrice<\/strong>\u00a0\u00e0 la fois, sur l\u2019ongle, mais \u00e9galement pour\u00a0<strong>prolonger la tenue du vernis<\/strong>. Comme tous les top coat, ce soin peut s\u2019appliquer\u00a0<strong>directement sur le vernis, ou sur l\u2019ongle<\/strong>\u00a0pour un rendu plus naturel.<\/p>\n<p>La formulation du Top Coat silicium Eye Care est compos\u00e9e, comme son nom l\u2019indique, de\u00a0<strong>silicium<\/strong>. Cet actif est un oligo-\u00e9l\u00e9ment essentiel \u00e0 notre organisme et il est utilis\u00e9 dans ce soin, pour\u00a0<strong>stimuler la production de k\u00e9ratine<\/strong>, \u00e9l\u00e9ment constituant de nos ongles et de nos cheveux. En effet, en stimulant cette production de k\u00e9ratine, il va permettre aux ongles de devenir\u00a0<strong>moins cassants<\/strong>.<br \/>\nIl est particuli\u00e8rement int\u00e9ressant en cas de chimioth\u00e9rapie. En effet, certains m\u00e9dicaments anticanc\u00e9reux fragilisent les ongles. Ceux-ci peuvent \u00eatre d\u00e9color\u00e9s, ou au contraire tach\u00e9s, ou encore marqu\u00e9s par des stries. Le Top Coat d\u2019EyeCare apporte du silicium, un \u00e9l\u00e9ment utilis\u00e9 pour pr\u00e9venir ces effets. Ainsi, il permet de fortifier les ongles pour les pr\u00e9server pendant une chimioth\u00e9rapie.<br \/>\nDe la\u00a0<strong>vitamine E<\/strong>\u00a0est \u00e9galement pr\u00e9sente afin d\u2019apporter ses\u00a0<strong>propri\u00e9t\u00e9s anti-oxydantes<\/strong>\u00a0\u00e0 m\u00eame de pr\u00e9server les ongles du vieillissement pr\u00e9matur\u00e9, ce qui se traduit par une\u00a0<strong>plus grande r\u00e9sistance<\/strong>\u00a0de l\u2019ongle face aux agressions ext\u00e9rieures, comme le soleil, la pollution ou encore le tabac.<br \/>\nDe plus, des\u00a0<strong>oligo-\u00e9l\u00e9ments comme le fer, le zinc, le calcium et le soufre<\/strong>\u00a0viennent compl\u00e9ter cette formulation dans le but, l\u00e0 aussi, de\u00a0<strong>rendre les ongles plus forts et en bonne sant\u00e9<\/strong>. Avec eux, vous pourrez dire adieu aux ongles cassants, stri\u00e9s ou m\u00eame tach\u00e9s.<br \/>\nCe vernis Top Coat silicium est disponible en<strong>\u00a03 effets diff\u00e9rents<\/strong>\u00a0aux propri\u00e9t\u00e9s distinctes :<\/p>\n<ul>\n<li>L\u2019<strong>effet naturel<\/strong>, pour obtenir un maquillage naturel et brillants des ongles.<\/li>\n<li>L\u2019<strong>effet givr\u00e9<\/strong>, qui apporte un effet iris\u00e9 \u00e0 l\u2019ongle ou au vernis.<\/li>\n<li>L\u2019<strong>effet mat<\/strong>, qui matifie n\u2019importe quel vernis, en appliquant une seule couche de ce Top Coat silicium, pour un effet sophistiqu\u00e9.<\/li>\n<\/ul>\n<p>Eye care propose une autre alternative au Top Coat pour sublimer la couleur de votre vernis er surtout gagner du temps, il s\u2019agit du\u00a0vernis s\u00e9chage rapide Eye Care.<\/p>\n<p>Les laboratoires Eye Care Cosmetics, \u00e0 l\u2019origine de ce Top Coat Silicium, ont \u00e9t\u00e9 cr\u00e9\u00e9s il y a 30 ans, en proposant des soins et des maquillages pour les femmes porteuses de lentilles. Avec ces ann\u00e9es d\u2019exp\u00e9rience, ils ont su se diversifier petit \u00e0 petit pour proposer aujourd\u2019hui une gamme compl\u00e8te de maquillages et de soins d\u00e9di\u00e9e \u00e0 toutes les formes de sensibilit\u00e9.<\/p>\n<p><strong>Caract\u00e9ristiques :<\/strong><br \/>\nSans parfum, Sans tolu\u00e8ne, Sans formol, Sans colophane, Sans conservateur, Sans paraben, Sans r\u00e9sine formald\u00e9hyde, Sans nickel<\/p>\n<p><strong>CONSEILS D\u2019UTILISATION<\/strong><\/p>\n<p>Apr\u00e8s avoir agit\u00e9 le flacon, appliquez le soin sur les ongles, du bord de la cuticule vers l\u2019extr\u00e9mit\u00e9, en d\u00e9marrant par le milieu.<\/p>\n<p><strong>COMPOSITION<\/strong><\/p>\n<p>Top coat effet naturel : Ethyl Acetate, Butyl Acetate, Nitrocellulose, Phtalic Anhydride\/Trimellitic Anhydride\/Glycols Copolymer, Acetyl Tributyl Citrate, Isopropyl Alcohol, acrylates Copolymer, Dipropylene Glycol Dibenzoate, Etocrylene, Dimethyl Oxobenzo Dioxasilane, Aqua (Water), tocopheryl Acetate, CI 17200 (Red 33), Cysteine, Zinc Lactate, Calcium Pantothenate, Ferrous Gluconate (TCN02).<br \/>\nTop coat effet givr\u00e9 : Ethyl Acetate, Butyl Acetate, Nitrocellulose, Phtalic Anhydride\/Trimellitic Anhydride\/Glycols Copolymer, Acetyl Tributyl Citrate, Isopropyl Alcohol, Stearalkonium Hectorite, Adipic Acid\/Neopentyl Glycol\/Trimellitic Anhydride Copolymer, CI 77891 (Titanium Dioxide), Mica, Dimethyl Oxobenzo Dioxasilane, Aqua (Water), Tin Oxide, Tocopheryl Acetate, pentaerythrityl Tetraisostearate, Cysteine, Zinc Lactate, Ferrous Gluconate, Calcium Pantoth\u00e9nate (TCG02).<br \/>\nTop coat effet mat : Ethyl Acetate, Butyl Acetate, Nitrocellulose, Hydrated Silica, Isopropyl Alcohol, Adipic Acid\/Neopentyl Glycol\/Trimellitic Anhydride Copolymer, Adcetate Tributyl Citrate, Methyl Methacrylate Crosspolymer, Polyethylene, Aqua (Water), Tocopheryl Acetate, Dimethyl Oxobenzo Dioxasilane, Cysteine, Calcium Pantothenate, Zinc Lactate, Ferrous Gluconate (TCM01).<\/p>\n","protected":false},"excerpt":{"rendered":"<p>Ce Top Coat permet de finaliser une manucure et se d\u00e9cline en trois finitions<\/p>\n<p><strong>Naturel<\/strong>\u00a0: pour un maquillage tr\u00e8s naturel et tr\u00e8s brillant\u00a0des ongles<\/p>\n","protected":false},"featured_media":557,"comment_status":"open","ping_status":"closed","template":"","meta":{"ocean_post_layout":"","ocean_both_sidebars_style":"","ocean_both_sidebars_content_width":0,"ocean_both_sidebars_sidebars_width":0,"ocean_sidebar":"0","ocean_second_sidebar":"0","ocean_disable_margins":"enable","ocean_add_body_class":"","ocean_shortcode_before_top_bar":"","ocean_shortcode_after_top_bar":"","ocean_shortcode_before_header":"","ocean_shortcode_after_header":"","ocean_has_shortcode":"","ocean_shortcode_after_title":"","ocean_shortcode_before_footer_widgets":"","ocean_shortcode_after_footer_widgets":"","ocean_shortcode_before_footer_bottom":"","ocean_shortcode_after_footer_bottom":"","ocean_display_top_bar":"default","ocean_display_header":"default","ocean_header_style":"","ocean_center_header_left_menu":"0","ocean_custom_header_template":"0","ocean_custom_logo":0,"ocean_custom_retina_logo":0,"ocean_custom_logo_max_width":0,"ocean_custom_logo_tablet_max_width":0,"ocean_custom_logo_mobile_max_width":0,"ocean_custom_logo_max_height":0,"ocean_custom_logo_tablet_max_height":0,"ocean_custom_logo_mobile_max_height":0,"ocean_header_custom_menu":"0","ocean_menu_typo_font_family":"0","ocean_menu_typo_font_subset":"","ocean_menu_typo_font_size":0,"ocean_menu_typo_font_size_tablet":0,"ocean_menu_typo_font_size_mobile":0,"ocean_menu_typo_font_size_unit":"px","ocean_menu_typo_font_weight":"","ocean_menu_typo_font_weight_tablet":"","ocean_menu_typo_font_weight_mobile":"","ocean_menu_typo_transform":"","ocean_menu_typo_transform_tablet":"","ocean_menu_typo_transform_mobile":"","ocean_menu_typo_line_height":0,"ocean_menu_typo_line_height_tablet":0,"ocean_menu_typo_line_height_mobile":0,"ocean_menu_typo_line_height_unit":"","ocean_menu_typo_spacing":0,"ocean_menu_typo_spacing_tablet":0,"ocean_menu_typo_spacing_mobile":0,"ocean_menu_typo_spacing_unit":"","ocean_menu_link_color":"","ocean_menu_link_color_hover":"","ocean_menu_link_color_active":"","ocean_menu_link_background":"","ocean_menu_link_hover_background":"","ocean_menu_link_active_background":"","ocean_menu_social_links_bg":"","ocean_menu_social_hover_links_bg":"","ocean_menu_social_links_color":"","ocean_menu_social_hover_links_color":"","ocean_disable_title":"default","ocean_disable_heading":"default","ocean_post_title":"","ocean_post_subheading":"","ocean_post_title_style":"","ocean_post_title_background_color":"","ocean_post_title_background":0,"ocean_post_title_bg_image_position":"","ocean_post_title_bg_image_attachment":"","ocean_post_title_bg_image_repeat":"","ocean_post_title_bg_image_size":"","ocean_post_title_height":0,"ocean_post_title_bg_overlay":0.5,"ocean_post_title_bg_overlay_color":"","ocean_disable_breadcrumbs":"default","ocean_breadcrumbs_color":"","ocean_breadcrumbs_separator_color":"","ocean_breadcrumbs_links_color":"","ocean_breadcrumbs_links_hover_color":"","ocean_display_footer_widgets":"default","ocean_display_footer_bottom":"default","ocean_custom_footer_template":"0"},"product_brand":[],"product_cat":[15,109],"product_tag":[],"class_list":{"0":"post-556","1":"product","2":"type-product","3":"status-publish","4":"has-post-thumbnail","6":"product_cat-maquillage","7":"product_cat-vernis-a-ongles","9":"entry","10":"has-media","12":"first","13":"outofstock","14":"taxable","15":"shipping-taxable","16":"purchasable","17":"product-type-simple","18":"has-product-nav","19":"col","20":"span_1_of_3","21":"owp-content-center","22":"owp-thumbs-layout-horizontal","23":"owp-btn-normal","24":"owp-tabs-layout-horizontal","25":"has-no-thumbnails"},"_links":{"self":[{"href":"https:\/\/ellypara.com\/index.php\/wp-json\/wp\/v2\/product\/556","targetHints":{"allow":["GET"]}}],"collection":[{"href":"https:\/\/ellypara.com\/index.php\/wp-json\/wp\/v2\/product"}],"about":[{"href":"https:\/\/ellypara.com\/index.php\/wp-json\/wp\/v2\/types\/product"}],"replies":[{"embeddable":true,"href":"https:\/\/ellypara.com\/index.php\/wp-json\/wp\/v2\/comments?post=556"}],"wp:featuredmedia":[{"embeddable":true,"href":"https:\/\/ellypara.com\/index.php\/wp-json\/wp\/v2\/media\/557"}],"wp:attachment":[{"href":"https:\/\/ellypara.com\/index.php\/wp-json\/wp\/v2\/media?parent=556"}],"wp:term":[{"taxonomy":"product_brand","embeddable":true,"href":"https:\/\/ellypara.com\/index.php\/wp-json\/wp\/v2\/product_brand?post=556"},{"taxonomy":"product_cat","embeddable":true,"href":"https:\/\/ellypara.com\/index.php\/wp-json\/wp\/v2\/product_cat?post=556"},{"taxonomy":"product_tag","embeddable":true,"href":"https:\/\/ellypara.com\/index.php\/wp-json\/wp\/v2\/product_tag?post=556"}],"curies":[{"name":"wp","href":"https:\/\/api.w.org\/{rel}","templated":true}]}}