{"id":611,"date":"2025-01-27T12:51:42","date_gmt":"2025-01-27T11:51:42","guid":{"rendered":"https:\/\/ellypara.com\/?post_type=product&#038;p=611"},"modified":"2025-01-27T12:52:13","modified_gmt":"2025-01-27T11:52:13","slug":"dermedic-capilarte-shampooing-sebu-balance-pour-cheveux-gras-300ml","status":"publish","type":"product","link":"https:\/\/ellypara.com\/index.php\/produit\/dermedic-capilarte-shampooing-sebu-balance-pour-cheveux-gras-300ml\/","title":{"rendered":"Dermedic Capilarte Shampooing Sebu-Balance Pour Cheveux Gras 300ml"},"content":{"rendered":"<p><strong>Le shampooing SEBU-BALANCE, pour r\u00e9tablir l\u2019\u00e9quilibre du microbiome de la peau sur les cheveux excessivement gras<\/strong><\/p>\n<p>Substances actives: Niacinamide, Zinc PCA, Acide salicylique, Procapil, Complexe PilotantumTM (demande de brevet), S\u00e8ve de bouleau<\/p>\n<p>\u2013 pH du produit (5,5) neuter pour la peau de t\u00eate<br \/>\n\u2013 favorise le maintien d\u2019un microbiome normal du cuir chevelu et r\u00e9duit la multiplication des micro-organismes pathog\u00e8nes<br \/>\n\u2013 normalise la production de s\u00e9bum et r\u00e9tablisse bio-\u00e9quilibre du cuir chevelu<br \/>\n\u2013 a un effet normalisant sur le cuir chevelu s\u00e9borrh\u00e9ique, \u00e9galement pour la dermatite s\u00e9borrh\u00e9ique<br \/>\n\u2013 intensifie la croissance des cheveux et r\u00e9duit la chute excessive des cheveux<br \/>\n\u2013 r\u00e9duit visiblement le taux de graissage des cheveux<br \/>\n\u2013 a un effet apaisant sur les irritations et les d\u00e9mangeaisons du cuir chevelu<\/p>\n<p><strong>Emballage :<\/strong>\u00a0de flacon 300 ml<\/p>\n<p><strong>comment utiliser?<\/strong><\/p>\n<p>Appliquez une petite quantit\u00e9 de shampooing sur les mains, puis sur les cheveux humides. Massez doucement le cuir chevelu et les cheveux pendant environ 2 minutes. Rincez abondamment. R\u00e9p\u00e9tez l\u2019op\u00e9ration*. Si le shampooing entre en contact avec les yeux, rincez-les \u00e0 l\u2019eau. *Selon les recommandations des trichologues, vous devriez vous laver la t\u00eate deux fois.<\/p>\n","protected":false},"excerpt":{"rendered":"<div class=\"product-short-description\">\n<p>Pour femmes et hommes. Produit neutre pH de 5,5. Normalise la production de s\u00e9bum et restaure le bio-\u00e9quilibre du cuir chevelu. R\u00e9duit le taux de cheveux gras.<\/p>\n<\/div>\n<form class=\"cart\" action=\"https:\/\/www.maparatunisie.tn\/produit\/dermedic-capilarte-shampooing-sebu-balance-pour-cheveux-gras-300ml\/\" enctype=\"multipart\/form-data\" method=\"post\">\n<div class=\"ux-quantity quantity buttons_added\"><\/div>\n<\/form>\n","protected":false},"featured_media":612,"comment_status":"open","ping_status":"closed","template":"","meta":{"ocean_post_layout":"","ocean_both_sidebars_style":"","ocean_both_sidebars_content_width":0,"ocean_both_sidebars_sidebars_width":0,"ocean_sidebar":"0","ocean_second_sidebar":"0","ocean_disable_margins":"enable","ocean_add_body_class":"","ocean_shortcode_before_top_bar":"","ocean_shortcode_after_top_bar":"","ocean_shortcode_before_header":"","ocean_shortcode_after_header":"","ocean_has_shortcode":"","ocean_shortcode_after_title":"","ocean_shortcode_before_footer_widgets":"","ocean_shortcode_after_footer_widgets":"","ocean_shortcode_before_footer_bottom":"","ocean_shortcode_after_footer_bottom":"","ocean_display_top_bar":"default","ocean_display_header":"default","ocean_header_style":"","ocean_center_header_left_menu":"0","ocean_custom_header_template":"0","ocean_custom_logo":0,"ocean_custom_retina_logo":0,"ocean_custom_logo_max_width":0,"ocean_custom_logo_tablet_max_width":0,"ocean_custom_logo_mobile_max_width":0,"ocean_custom_logo_max_height":0,"ocean_custom_logo_tablet_max_height":0,"ocean_custom_logo_mobile_max_height":0,"ocean_header_custom_menu":"0","ocean_menu_typo_font_family":"0","ocean_menu_typo_font_subset":"","ocean_menu_typo_font_size":0,"ocean_menu_typo_font_size_tablet":0,"ocean_menu_typo_font_size_mobile":0,"ocean_menu_typo_font_size_unit":"px","ocean_menu_typo_font_weight":"","ocean_menu_typo_font_weight_tablet":"","ocean_menu_typo_font_weight_mobile":"","ocean_menu_typo_transform":"","ocean_menu_typo_transform_tablet":"","ocean_menu_typo_transform_mobile":"","ocean_menu_typo_line_height":0,"ocean_menu_typo_line_height_tablet":0,"ocean_menu_typo_line_height_mobile":0,"ocean_menu_typo_line_height_unit":"","ocean_menu_typo_spacing":0,"ocean_menu_typo_spacing_tablet":0,"ocean_menu_typo_spacing_mobile":0,"ocean_menu_typo_spacing_unit":"","ocean_menu_link_color":"","ocean_menu_link_color_hover":"","ocean_menu_link_color_active":"","ocean_menu_link_background":"","ocean_menu_link_hover_background":"","ocean_menu_link_active_background":"","ocean_menu_social_links_bg":"","ocean_menu_social_hover_links_bg":"","ocean_menu_social_links_color":"","ocean_menu_social_hover_links_color":"","ocean_disable_title":"default","ocean_disable_heading":"default","ocean_post_title":"","ocean_post_subheading":"","ocean_post_title_style":"","ocean_post_title_background_color":"","ocean_post_title_background":0,"ocean_post_title_bg_image_position":"","ocean_post_title_bg_image_attachment":"","ocean_post_title_bg_image_repeat":"","ocean_post_title_bg_image_size":"","ocean_post_title_height":0,"ocean_post_title_bg_overlay":0.5,"ocean_post_title_bg_overlay_color":"","ocean_disable_breadcrumbs":"default","ocean_breadcrumbs_color":"","ocean_breadcrumbs_separator_color":"","ocean_breadcrumbs_links_color":"","ocean_breadcrumbs_links_hover_color":"","ocean_display_footer_widgets":"default","ocean_display_footer_bottom":"default","ocean_custom_footer_template":"0"},"product_brand":[],"product_cat":[23,53],"product_tag":[],"class_list":{"0":"post-611","1":"product","2":"type-product","3":"status-publish","4":"has-post-thumbnail","6":"product_cat-cheuveux","7":"product_cat-shampoing","9":"entry","10":"has-media","12":"first","13":"instock","14":"taxable","15":"shipping-taxable","16":"purchasable","17":"product-type-simple","18":"has-product-nav","19":"col","20":"span_1_of_3","21":"owp-content-center","22":"owp-thumbs-layout-horizontal","23":"owp-btn-normal","24":"owp-tabs-layout-horizontal","25":"has-no-thumbnails"},"_links":{"self":[{"href":"https:\/\/ellypara.com\/index.php\/wp-json\/wp\/v2\/product\/611","targetHints":{"allow":["GET"]}}],"collection":[{"href":"https:\/\/ellypara.com\/index.php\/wp-json\/wp\/v2\/product"}],"about":[{"href":"https:\/\/ellypara.com\/index.php\/wp-json\/wp\/v2\/types\/product"}],"replies":[{"embeddable":true,"href":"https:\/\/ellypara.com\/index.php\/wp-json\/wp\/v2\/comments?post=611"}],"wp:featuredmedia":[{"embeddable":true,"href":"https:\/\/ellypara.com\/index.php\/wp-json\/wp\/v2\/media\/612"}],"wp:attachment":[{"href":"https:\/\/ellypara.com\/index.php\/wp-json\/wp\/v2\/media?parent=611"}],"wp:term":[{"taxonomy":"product_brand","embeddable":true,"href":"https:\/\/ellypara.com\/index.php\/wp-json\/wp\/v2\/product_brand?post=611"},{"taxonomy":"product_cat","embeddable":true,"href":"https:\/\/ellypara.com\/index.php\/wp-json\/wp\/v2\/product_cat?post=611"},{"taxonomy":"product_tag","embeddable":true,"href":"https:\/\/ellypara.com\/index.php\/wp-json\/wp\/v2\/product_tag?post=611"}],"curies":[{"name":"wp","href":"https:\/\/api.w.org\/{rel}","templated":true}]}}