{"id":613,"date":"2025-01-27T12:58:15","date_gmt":"2025-01-27T11:58:15","guid":{"rendered":"https:\/\/ellypara.com\/?post_type=product&#038;p=613"},"modified":"2025-01-27T12:58:15","modified_gmt":"2025-01-27T11:58:15","slug":"isdin-nutradeica-shampooing-anti-pelliculaire-pellicules-grasses-200ml","status":"publish","type":"product","link":"https:\/\/ellypara.com\/index.php\/produit\/isdin-nutradeica-shampooing-anti-pelliculaire-pellicules-grasses-200ml\/","title":{"rendered":"ISDIN Nutradeica Shampooing Anti-pelliculaire Pellicules Grasses 200ml"},"content":{"rendered":"<p>Le\u00a0<strong>shampooing antipelliculaire Nutradeica<\/strong>\u00a0est sp\u00e9cialement con\u00e7u pour \u00e9liminer les pellicules, r\u00e9duire les d\u00e9mangeaisons et r\u00e9guler la production de s\u00e9bum du cuir chevelu.<\/p>\n<p>&nbsp;<\/p>\n<p><strong>Propri\u00e9t\u00e9s :<\/strong><\/p>\n<p>R\u00e9duit l\u2019exc\u00e8s de s\u00e9bum.<br \/>\nCalme les d\u00e9mangeaisons.<br \/>\nR\u00e9duit les pellicules grasses.<br \/>\nApporte brillance et douceur aux cheveux.<br \/>\n*Test\u00e9 dermatologiquement.<\/p>\n<p><strong>Dites adieu aux pellicules !<\/strong><\/p>\n<p>&nbsp;<\/p>\n<p><strong>Mode d\u2019emploi :<\/strong><\/p>\n<p>Comment utiliser\u00a0<strong>Nutradeica Shampooing Pellicules Grasses<\/strong>\u00a0?<\/p>\n<p>Appliquer sur les cheveux mouill\u00e9s, faire mousser en massant l\u00e9g\u00e8rement, laisser agir pendant 3 minutes, puis rincer abondamment. Utiliser 3 fois par semaine.<\/p>\n<p>&nbsp;<\/p>\n<p><strong>Composition :<\/strong><\/p>\n<p>PIROCTONE OLAMINE (0.7%): ANTIFUNGAL AND ANTIBACTERIAL WITH ACTIVITY AGAINST STAPHYLOCOCCUS AUREUS.ICHTHYOL PALE (0.25%): ANTISEBORRHEIC, KERATOLYTIC, ANTIPROLIFERATIVE AND ANTIPRURITIC.LAURETH-9 (1%): ANTIPRURITIC.SPECIFIC SURFACTANTS.<\/p>\n","protected":false},"excerpt":{"rendered":"<div class=\"product-short-description\">\n<p>Shampooing antipelliculaire pour dermatite s\u00e9borrh\u00e9ique. R\u00e9duit la desquamation, les d\u00e9mangeaisons et l\u2019exc\u00e8s de s\u00e9bum du cuir chevelu.<\/p>\n<\/div>\n<form class=\"cart\" action=\"https:\/\/www.maparatunisie.tn\/produit\/isdin-nutradeica-shampooing-anti-pelliculaire-pellicules-grasses-200ml\/\" enctype=\"multipart\/form-data\" method=\"post\">\n<div class=\"ux-quantity quantity buttons_added\"><\/div>\n<\/form>\n","protected":false},"featured_media":614,"comment_status":"open","ping_status":"closed","template":"","meta":{"ocean_post_layout":"","ocean_both_sidebars_style":"","ocean_both_sidebars_content_width":0,"ocean_both_sidebars_sidebars_width":0,"ocean_sidebar":"0","ocean_second_sidebar":"0","ocean_disable_margins":"enable","ocean_add_body_class":"","ocean_shortcode_before_top_bar":"","ocean_shortcode_after_top_bar":"","ocean_shortcode_before_header":"","ocean_shortcode_after_header":"","ocean_has_shortcode":"","ocean_shortcode_after_title":"","ocean_shortcode_before_footer_widgets":"","ocean_shortcode_after_footer_widgets":"","ocean_shortcode_before_footer_bottom":"","ocean_shortcode_after_footer_bottom":"","ocean_display_top_bar":"default","ocean_display_header":"default","ocean_header_style":"","ocean_center_header_left_menu":"0","ocean_custom_header_template":"0","ocean_custom_logo":0,"ocean_custom_retina_logo":0,"ocean_custom_logo_max_width":0,"ocean_custom_logo_tablet_max_width":0,"ocean_custom_logo_mobile_max_width":0,"ocean_custom_logo_max_height":0,"ocean_custom_logo_tablet_max_height":0,"ocean_custom_logo_mobile_max_height":0,"ocean_header_custom_menu":"0","ocean_menu_typo_font_family":"0","ocean_menu_typo_font_subset":"","ocean_menu_typo_font_size":0,"ocean_menu_typo_font_size_tablet":0,"ocean_menu_typo_font_size_mobile":0,"ocean_menu_typo_font_size_unit":"px","ocean_menu_typo_font_weight":"","ocean_menu_typo_font_weight_tablet":"","ocean_menu_typo_font_weight_mobile":"","ocean_menu_typo_transform":"","ocean_menu_typo_transform_tablet":"","ocean_menu_typo_transform_mobile":"","ocean_menu_typo_line_height":0,"ocean_menu_typo_line_height_tablet":0,"ocean_menu_typo_line_height_mobile":0,"ocean_menu_typo_line_height_unit":"","ocean_menu_typo_spacing":0,"ocean_menu_typo_spacing_tablet":0,"ocean_menu_typo_spacing_mobile":0,"ocean_menu_typo_spacing_unit":"","ocean_menu_link_color":"","ocean_menu_link_color_hover":"","ocean_menu_link_color_active":"","ocean_menu_link_background":"","ocean_menu_link_hover_background":"","ocean_menu_link_active_background":"","ocean_menu_social_links_bg":"","ocean_menu_social_hover_links_bg":"","ocean_menu_social_links_color":"","ocean_menu_social_hover_links_color":"","ocean_disable_title":"default","ocean_disable_heading":"default","ocean_post_title":"","ocean_post_subheading":"","ocean_post_title_style":"","ocean_post_title_background_color":"","ocean_post_title_background":0,"ocean_post_title_bg_image_position":"","ocean_post_title_bg_image_attachment":"","ocean_post_title_bg_image_repeat":"","ocean_post_title_bg_image_size":"","ocean_post_title_height":0,"ocean_post_title_bg_overlay":0.5,"ocean_post_title_bg_overlay_color":"","ocean_disable_breadcrumbs":"default","ocean_breadcrumbs_color":"","ocean_breadcrumbs_separator_color":"","ocean_breadcrumbs_links_color":"","ocean_breadcrumbs_links_hover_color":"","ocean_display_footer_widgets":"default","ocean_display_footer_bottom":"default","ocean_custom_footer_template":"0"},"product_brand":[],"product_cat":[26,23,53],"product_tag":[],"class_list":{"0":"post-613","1":"product","2":"type-product","3":"status-publish","4":"has-post-thumbnail","6":"product_cat-promo","7":"product_cat-cheuveux","8":"product_cat-shampoing","10":"entry","11":"has-media","13":"first","14":"instock","15":"sale","16":"taxable","17":"shipping-taxable","18":"purchasable","19":"product-type-simple","20":"has-product-nav","21":"col","22":"span_1_of_3","23":"owp-content-center","24":"owp-thumbs-layout-horizontal","25":"owp-btn-normal","26":"owp-tabs-layout-horizontal"},"_links":{"self":[{"href":"https:\/\/ellypara.com\/index.php\/wp-json\/wp\/v2\/product\/613","targetHints":{"allow":["GET"]}}],"collection":[{"href":"https:\/\/ellypara.com\/index.php\/wp-json\/wp\/v2\/product"}],"about":[{"href":"https:\/\/ellypara.com\/index.php\/wp-json\/wp\/v2\/types\/product"}],"replies":[{"embeddable":true,"href":"https:\/\/ellypara.com\/index.php\/wp-json\/wp\/v2\/comments?post=613"}],"wp:featuredmedia":[{"embeddable":true,"href":"https:\/\/ellypara.com\/index.php\/wp-json\/wp\/v2\/media\/614"}],"wp:attachment":[{"href":"https:\/\/ellypara.com\/index.php\/wp-json\/wp\/v2\/media?parent=613"}],"wp:term":[{"taxonomy":"product_brand","embeddable":true,"href":"https:\/\/ellypara.com\/index.php\/wp-json\/wp\/v2\/product_brand?post=613"},{"taxonomy":"product_cat","embeddable":true,"href":"https:\/\/ellypara.com\/index.php\/wp-json\/wp\/v2\/product_cat?post=613"},{"taxonomy":"product_tag","embeddable":true,"href":"https:\/\/ellypara.com\/index.php\/wp-json\/wp\/v2\/product_tag?post=613"}],"curies":[{"name":"wp","href":"https:\/\/api.w.org\/{rel}","templated":true}]}}